000
CXUS54 KMRX 011826
CLMCHA

CLIMATE REPORT
NATIONAL WEATHER SERVICE MORRISTOWN TN
123 PM EST MON FEB 1 2016

...................................

...THE CHATTANOOGA  ASOS CLIMATE SUMMARY FOR THE MONTH OF JANUARY 2016...

CLIMATE NORMAL PERIOD 1981 TO 2010
CLIMATE RECORD PERIOD 1879 TO 2016

WEATHER         OBSERVED          NORMAL  DEPART
                 VALUE   DATE(S)  VALUE   FROM
                                          NORMAL
................................................
TEMPERATURE (F)
HIGHEST            68   01/31
LOWEST             16   01/19
AVG. MAXIMUM     47.8              50.2    -2.4
AVG. MINIMUM     29.4              30.7    -1.3
MEAN             38.6              40.5    -1.9
DAYS MAX >= 90      0
DAYS MAX <= 32      1
DAYS MIN <= 32     23
DAYS MIN <= 0       0

PRECIPITATION (INCHES)
RECORD
 MAXIMUM        12.67   1882
 MINIMUM         0.90   1986
TOTALS           3.67              4.91   -1.24
DAYS >= .01         8
DAYS >= .10         6
DAYS >= .50         3
DAYS >= 1.00        1
GREATEST
 24 HR. TOTAL    1.79   01/21 TO 01/22

SNOWFALL (INCHES)
TOTALS            0.2               1.7    -1.5
SINCE 7/1         0.2
SNOWDEPTH AVG.      0
DAYS >= TRACE       2
GREATEST
 SNOW DEPTH         0   MM

DEGREE_DAYS
HEATING TOTAL     810               761      49
 SINCE 7/1       1529              2045    -516
COOLING TOTAL       0                 0       0
 SINCE 1/1          0                 0       0
.................................................



-  INDICATES NEGATIVE NUMBERS.
R  INDICATES RECORD WAS SET OR TIED.
MM INDICATES DATA IS MISSING.
T  INDICATES TRACE AMOUNT.

$$
