000
CXUS52 KCHS 011521
CLMCHS

CLIMATE REPORT
NATIONAL WEATHER SERVICE CHARLESTON SC
1052 AM EDT WED JUL 1 2015

...................................

...THE NORTH CHARLESTON SC CLIMATE SUMMARY FOR THE MONTH OF JUNE 2015...

CLIMATE NORMAL PERIOD 1981 TO 2010
CLIMATE RECORD PERIOD 1938 TO 2015

WEATHER         OBSERVED          NORMAL  DEPART  LAST YEAR`S
                 VALUE   DATE(S)  VALUE   FROM    VALUE  DATE(S)
                                          NORMAL
................................................................
TEMPERATURE (F)
RECORD
 HIGH             103   06/24/1944
 LOW               50   06/02/1972
                        06/12/1972
HIGHEST            99   06/17                         98  06/21
                        06/16
LOWEST             65   06/05                         61  06/02
AVG. MAXIMUM     91.6              88.4     3.2     91.6
AVG. MINIMUM     72.9              69.6     3.3     72.4
MEAN             82.3              79.0     3.3     82.0
DAYS MAX >= 90     19              12.0     7.0       23
DAYS MAX <= 32      0               0.0     0.0        0
DAYS MIN <= 32      0               0.0     0.0        0
DAYS MIN <= 0       0               0.0     0.0        0

PRECIPITATION (INCHES)
RECORD
 MAXIMUM        27.24   1973
 MINIMUM         0.96   1970
                        1954
TOTALS           7.69              5.65    2.04     3.59
DAYS >= .01         9              11.9    -2.9        9
DAYS >= .10         7               7.9    -0.9        8
DAYS >= .50         5               3.9     1.1        2
DAYS >= 1.00        3               1.7     1.3        1
GREATEST
 24 HR. TOTAL    3.00   06/02 TO 06/03

SNOWFALL (INCHES)
TOTALS            0.0               0.0     0.0
SINCE 7/1           T               0.5    -0.5

DEGREE_DAYS
HEATING TOTAL       0                 1      -1        0
 SINCE 7/1       1947              1976     -29     1875
COOLING TOTAL     528               421     107      518
 SINCE 1/1        961               783     178     1028
.................................................................

WIND (MPH)
AVERAGE WIND SPEED              7.4
HIGHEST WIND SPEED/DIRECTION    36/360
HIGHEST GUST SPEED/DIRECTION    48/210


WEATHER CONDITIONS. NUMBER OF DAYS WITH
THUNDERSTORM             12     MIXED PRECIP               0
HEAVY RAIN                5     RAIN                       4
LIGHT RAIN               11     FREEZING RAIN              0
LT FREEZING RAIN          0     HAIL                       0
HEAVY SNOW                0     SNOW                       0
LIGHT SNOW                0     SLEET                      0
FOG                      10     FOG W/VIS <= 1/4 MILE      0
HAZE                      1

-  INDICATES NEGATIVE NUMBERS.
R  INDICATES RECORD WAS SET OR TIED.
MM INDICATES DATA IS MISSING.
T  INDICATES TRACE AMOUNT.

&&

RECORDS ESTABLISHED DURING THE MONTH:

*5TH WARMEST JUNE ON RECORD
*JUN 9  - RECORD RAINFALL OF 2.40 INCHES
*JUN 15 - RECORD MAXIMUM TEMPERATURE OF 98 DEGREES
*JUN 17 - RECORD HIGH MINIMUM TEMPERATURE OF 78 DEGREES
*JUN 18 - RECORD HIGH MINIMUM TEMPERATURE OF 78 DEGREES
*JUN 19 - RECORD HIGH MINIMUM TEMPERATURE OF 78 DEGREES
*JUN 21 - RECORD HIGH MINIMUM TEMPERATURE OF 80 DEGREES
*JUN 22 - RECORD MAXIMUM TEMPERATURE OF 98 DEGREES
*JUN 27 - RECORD HIGH MINIMUM TEMPERATURE OF 77 DEGREES

$$
