000
CXUS52 KGSP 010808
CLMCLT

CLIMATE REPORT
NATIONAL WEATHER SERVICE GREENVILLE-SPARTANBURG SC
308 AM EST WED MAR 1 2017

...................................

...THE CHARLOTTE CLIMATE SUMMARY FOR THE MONTH OF FEBRUARY 2017...

CLIMATE NORMAL PERIOD 1981 TO 2010
CLIMATE RECORD PERIOD 1878 TO 2017

WEATHER         OBSERVED          NORMAL  DEPART  LAST YEAR`S
                 VALUE   DATE(S)  VALUE   FROM    VALUE  DATE(S)
                                          NORMAL
................................................................
TEMPERATURE (F)
RECORD
 HIGH              82   02/27/2011
                        02/25/1930
 LOW               -5   02/14/1899
HIGHEST            80   02/12        MM      MM       74  02/29
LOWEST             24   02/04        MM      MM       17  02/11
AVG. MAXIMUM     67.0              55.0    12.0     54.5
AVG. MINIMUM     39.9              32.7     7.2     34.5
MEAN             53.4              43.9     9.5     44.5
DAYS MAX >= 90      0               0.0     0.0        0
DAYS MAX <= 32      0               0.2    -0.2        1
DAYS MIN <= 32      7              13.7    -6.7       16
DAYS MIN <= 0       0               0.0     0.0        0

PRECIPITATION (INCHES)
RECORD
 MAXIMUM         8.38   1929
 MINIMUM         0.66   1938
TOTALS           1.19              3.32   -2.13     4.50
DAILY AVG.       0.04              0.12   -0.08     0.16
DAYS >= .01        10               9.4     0.6        8
DAYS >= .10         3               6.5    -3.5        6
DAYS >= .50         0               2.3    -2.3        4
DAYS >= 1.00        0               0.8    -0.8        1
GREATEST
 24 HR. TOTAL    0.56   02/08 TO 02/09           02/22 TO 02/23
                                                          02/12 TO 02/12
                                                          02/12 TO 02/12
 STORM TOTAL       MM                                 MM
 (MM/DD(HH))            MM                    02/23(00) TO 02/23(00)
                                                 02/12(00) TO 02/12(00)2
                                                 02/12(00) TO 02/12(00)2

SNOWFALL (INCHES)
RECORDS
 TOTAL           17.4   1902
 24 HR TOTAL     16.5   02/14/1902 TO 02/15/1902
 SNOW DEPTH        MM   MM
TOTALS            0.0               1.2    -1.2        T
 LIQUID EQUIV    0.00              0.10   -0.10       MM
SINCE 7/1         1.1               3.7    -2.6      3.3
 LIQUID 7/1      0.11              0.40   -0.29     0.33
SNOWDEPTH AVG.      0                MM      MM        0
DAYS >= TRACE       0               0.5    -0.5        2
DAYS >= 1.0         0               0.3    -0.3        0
GREATEST
 SNOW DEPTH         0   MM                             0  MM
 24 HR TOTAL      0.0   02/28 TO 02/28           02/12 TO 02/12
                                                          02/12 TO 02/12
                                                          02/12 TO 02/12
 STORM TOTAL       MM                                 MM
 (MM/DD(HH))            MM                    02/12(00) TO 02/12(00)
                                                 02/12(00) TO 02/12(00)2
                                                 02/12(00) TO 02/12(00)2

DEGREE_DAYS
HEATING TOTAL     321               592    -271      588
 SINCE 7/1       1898              2699    -801     2142
COOLING TOTAL       5                 0       5        0
 SINCE 1/1          5                 0       5        0

FREEZE DATES
RECORD
 EARLIEST     MM
 LATEST       MM
EARLIEST                        MM
LATEST                          MM
...................................................

WIND (MPH)
AVERAGE WIND SPEED              7.4
HIGHEST WIND SPEED/DIRECTION    35/220    DATE  02/25
HIGHEST GUST SPEED/DIRECTION    45/220    DATE  02/25

SKY COVER
POSSIBLE SUNSHINE (PERCENT)   MM
AVERAGE SKY COVER           0.50
NUMBER OF DAYS FAIR            8
NUMBER OF DAYS PC             16
NUMBER OF DAYS CLOUDY          4

AVERAGE RH (PERCENT)     54

WEATHER CONDITIONS. NUMBER OF DAYS WITH
THUNDERSTORM              3     MIXED PRECIP               0
HEAVY RAIN                1     RAIN                       3
LIGHT RAIN               11     FREEZING RAIN              0
LT FREEZING RAIN          0     HAIL                       0
HEAVY SNOW                0     SNOW                       0
LIGHT SNOW                0     SLEET                      0
FOG                       8     FOG W/VIS <= 1/4 MILE      1
HAZE                      0

-  INDICATES NEGATIVE NUMBERS.
R  INDICATES RECORD WAS SET OR TIED.
MM INDICATES DATA IS MISSING.
T  INDICATES TRACE AMOUNT.

$$

OUTLAW
