000
CXUS52 KGSP 010845
CLMCLT

CLIMATE REPORT
NATIONAL WEATHER SERVICE GREENVILLE-SPARTANBURG SC
345 AM EST SUN JAN 1 2017

...................................

...THE CHARLOTTE CLIMATE SUMMARY FOR THE MONTH OF DECEMBER 2016...

CLIMATE NORMAL PERIOD 1981 TO 2010
CLIMATE RECORD PERIOD 1878 TO 2016

WEATHER         OBSERVED          NORMAL  DEPART  LAST YEAR`S
                 VALUE   DATE(S)  VALUE   FROM    VALUE  DATE(S)
                                          NORMAL
................................................................
TEMPERATURE (F)
RECORD
 HIGH              80   12/10/2007
 LOW               -5   12/30/1880
HIGHEST            72   12/18        MM      MM       76  12/29
                                                          12/15
LOWEST             18   12/10        MM      MM       23  12/20
AVG. MAXIMUM     54.5              52.9     1.6     64.9
AVG. MINIMUM     34.8              31.9     2.9     45.9
MEAN             44.6              42.4     2.2     55.4
DAYS MAX >= 90      0               0.0     0.0        0
DAYS MAX <= 32      1               0.3     0.7        0
DAYS MIN <= 32     12              16.7    -4.7        7
DAYS MIN <= 0       0               0.0     0.0        0

PRECIPITATION (INCHES)
RECORD
 MAXIMUM        11.24   1931
 MINIMUM         0.43   1965
TOTALS           2.91              3.25   -0.34     8.70
DAILY AVG.       0.09              0.10   -0.01     0.28
DAYS >= .01         7               9.6    -2.6       13
DAYS >= .10         5               5.9    -0.9       10
DAYS >= .50         3               2.3     0.7        5
DAYS >= 1.00        1               0.9     0.1        5
GREATEST
 24 HR. TOTAL    1.08   12/29 TO 12/29           12/30 TO 12/30
                        12/29 TO 12/29                    12/31 TO 12/31
                        12/29 TO 12/29                    12/31 TO 12/31
 STORM TOTAL       MM                                 MM
 (MM/DD(HH))            MM                    12/30(00) TO 12/30(00)
                                                 12/31(00) TO 12/31(00)1
                                                 12/31(00) TO 12/31(00)1

SNOWFALL (INCHES)
RECORDS
 TOTAL           15.0   1880
 24 HR TOTAL     11.0   12/29/1880 TO 12/29/1880
 SNOW DEPTH         6   12/03/1971
TOTALS              T               0.3    -0.3      0.0
 LIQUID EQUIV      MM              0.00      MM     0.00
SINCE 7/1           T               0.4    -0.4      0.0
 LIQUID 7/1        MM              0.00      MM     0.00
SNOWDEPTH AVG.      0                MM      MM        0
DAYS >= TRACE       1               0.2     0.8        0
DAYS >= 1.0         0               0.1    -0.1        0
GREATEST
 SNOW DEPTH         0   MM                             0  MM
 24 HR TOTAL        T   12/16 TO 12/16           12/31 TO 12/31
                                                          12/31 TO 12/31
                                                          12/31 TO 12/31
 STORM TOTAL       MM                                 MM
 (MM/DD(HH))            MM                    12/31(00) TO 12/31(00)
                                                 12/31(00) TO 12/31(00)1
                                                 12/31(00) TO 12/31(00)1

DEGREE_DAYS
HEATING TOTAL     625               701     -76      301
 SINCE 7/1       1043              1337    -294      767
COOLING TOTAL       0                 1      -1       12
 SINCE 1/1       2193              1518     675     2028

FREEZE DATES
RECORD
 EARLIEST     MM
 LATEST       MM
EARLIEST                        MM
LATEST                          MM
..................................................

WIND (MPH)
AVERAGE WIND SPEED              5.9
HIGHEST WIND SPEED/DIRECTION    29/300    DATE  12/29
HIGHEST GUST SPEED/DIRECTION    37/310    DATE  12/29

SKY COVER
POSSIBLE SUNSHINE (PERCENT)   MM
AVERAGE SKY COVER           0.60
NUMBER OF DAYS FAIR            7
NUMBER OF DAYS PC              9
NUMBER OF DAYS CLOUDY         15

AVERAGE RH (PERCENT)     63

WEATHER CONDITIONS. NUMBER OF DAYS WITH
THUNDERSTORM              1     MIXED PRECIP               0
HEAVY RAIN                4     RAIN                       5
LIGHT RAIN               14     FREEZING RAIN              0
LT FREEZING RAIN          2     HAIL                       0
HEAVY SNOW                0     SNOW                       0
LIGHT SNOW                1     SLEET                      0
FOG                      16     FOG W/VIS <= 1/4 MILE      2
HAZE                      6

-  INDICATES NEGATIVE NUMBERS.
R  INDICATES RECORD WAS SET OR TIED.
MM INDICATES DATA IS MISSING.
T  INDICATES TRACE AMOUNT.

$$

OUTLAW
