000
CXUS55 KPUB 011818
CLMCOS
CLIMATE REPORT
NATIONAL WEATHER SERVICE
1118 AM MST FRI MAR 01 2024
...................................
...THE COLORADO SPRINGS CO CLIMATE SUMMARY FOR THE MONTH OF FEBRUARY 2024...
CLIMATE NORMAL PERIOD 1991 TO 2020
CLIMATE RECORD PERIOD 1894 TO 2024
WEATHER OBSERVED NORMAL DEPART LAST YEAR`S
VALUE DATE(S) VALUE FROM VALUE DATE(S)
NORMAL
................................................................
TEMPERATURE (F)
RECORD
HIGH 77 02/10/2017
LOW -27 02/01/1951
HIGHEST 67 02/20 48 19 65 02/25
LOWEST 13 02/11 16 -3 -2 02/23
AVG. MAXIMUM 51.1 46.5 4.6 49.0
AVG. MINIMUM 26.3 20.2 6.1 19.9
MEAN 38.7 33.4 5.3 34.4
DAYS MAX >= 90 0 0.0 0.0
DAYS MAX <= 32 2 4.6 -2.6
DAYS MIN <= 32 23 26.5 -3.5
DAYS MIN <= 0 0 1.1 -1.1
PRECIPITATION (INCHES)
RECORD
MAXIMUM 2.45 1987
MINIMUM 0.00 1921
TOTALS 1.37 0.32 1.05 0.48
DAILY AVG. 0.05 NAN NAN
DAYS >= .01 9 4.6 4.4
DAYS >= .10 4 1.0 3.0
DAYS >= .50 1 0.1 0.9
DAYS >= 1.00 0 0.0 0.0
GREATEST
24 HR. TOTAL 0.63 02/02 TO 02/03 0.37
SNOWFALL (INCHES)
RECORDS
TOTAL 28.4 1934
TOTALS 11.8 4.6 7.2 12.4
SINCE 7/1 36.7 20.7 16.0 MM
SNOWDEPTH AVG. 0
DAYS >= 1.0 4 1.5 2.5
GREATEST
SNOW DEPTH 3 02/03 8
02/10
02/11
02/27
02/28
24 HR TOTAL 3.3 02/10 TO 02/10 10.2
DEGREE DAYS
HEATING TOTAL 754 886 -132 849
SINCE 7/1 3791 4366 -575 MM
COOLING TOTAL 0 0 0 0
SINCE 1/1 0 0 0 MM
................................................................
WIND (MPH)
AVERAGE WIND SPEED 8.9
HIGHEST WIND SPEED/DIRECTION 44/250 DATE 02/26
HIGHEST GUST SPEED/DIRECTION 66/260 DATE 02/26
SKY COVER
POSSIBLE SUNSHINE (PERCENT) MM
AVERAGE SKY COVER 0.46
NUMBER OF DAYS FAIR 11
NUMBER OF DAYS PC 13
NUMBER OF DAYS CLOUDY 5
AVERAGE RH (PERCENT) 55
WEATHER CONDITIONS. NUMBER OF DAYS WITH
THUNDERSTORM 1 MIXED PRECIP 4
HEAVY RAIN 0 RAIN 2
LIGHT RAIN 4 FREEZING RAIN 0
LT FREEZING RAIN 1 HAIL 0
HEAVY SNOW 2 SNOW 4
LIGHT SNOW 9 SLEET 1
FOG 8 FOG W/VIS <= 1/4 MILE 4
HAZE 1
- INDICATES NEGATIVE NUMBERS.
R INDICATES RECORD WAS SET OR TIED.
MM INDICATES DATA IS MISSING.
T INDICATES TRACE AMOUNT.
$$