000
CXUS52 KILM 041514 RRA
CLMCRE

CLIMATE REPORT...RETRANSMITTED
NATIONAL WEATHER SERVICE WILMINGTON NC
1114 AM EDT THU AUG 4 2016

...................................

...THE NORTH MYRTLE BEACH SC CLIMATE SUMMARY FOR THE MONTH OF JULY 2016...

CLIMATE NORMAL PERIOD 1981 TO 2010
CLIMATE RECORD PERIOD 1949 TO 2016

WEATHER         OBSERVED          NORMAL  DEPART  LAST YEAR`S
                 VALUE   DATE(S)  VALUE   FROM    VALUE  DATE(S)
                                          NORMAL
................................................................
TEMPERATURE (F)
RECORD
 HIGH             101   07/27/2005
                        07/05/1990
                        07/01/1990
 LOW               54   07/07/1951
HIGHEST            97   07/30                         97  07/11
                        07/28
LOWEST             71   07/19                         69  07/26
                                                          07/25
AVG. MAXIMUM     90.6              87.6     3.0     89.1
AVG. MINIMUM     76.1              73.1     3.0     74.4
MEAN             83.3              80.3     3.0     81.7
DAYS MAX >= 90     15               7.3     7.7       11
DAYS MAX <= 32      0               0.0     0.0        0
DAYS MIN <= 32      0               0.0     0.0        0
DAYS MIN <= 0       0               0.0     0.0        0

PRECIPITATION (INCHES)
TOTALS           2.66              5.90   -3.24     3.75
DAILY AVG.       0.09              0.19   -0.10     0.12
DAYS >= .01        11                                  9
DAYS >= .10         6                                  4
DAYS >= .50         1                                  3
DAYS >= 1.00        1                                  2
GREATEST
 24 HR. TOTAL    1.56   07/10 TO 07/10

DEGREE_DAYS
HEATING TOTAL       0                 0       0        0
COOLING TOTAL     577               476     101      525
.....................................................

WIND (MPH)
AVERAGE WIND SPEED              8.8
RESULTANT WIND SPEED/DIRECTION   7/217
HIGHEST WIND SPEED/DIRECTION    43/070    DATE  07/10
HIGHEST GUST SPEED/DIRECTION    61/070    DATE  07/10

SKY COVER
POSSIBLE SUNSHINE (PERCENT)   MM
AVERAGE SKY COVER           0.10
NUMBER OF DAYS FAIR           30
NUMBER OF DAYS PC              1
NUMBER OF DAYS CLOUDY          0

AVERAGE RH (PERCENT)     76

WEATHER CONDITIONS. NUMBER OF DAYS WITH
THUNDERSTORM             19     MIXED PRECIP              MM
HEAVY RAIN                7     RAIN                       7
LIGHT RAIN               18     FREEZING RAIN              0
LT FREEZING RAIN          0     HAIL                      MM
HEAVY SNOW                0     SNOW                       0
LIGHT SNOW                0     SLEET                     MM
FOG                      10     FOG W/VIS <= 1/4 MILE      0
HAZE                      1

-  INDICATES NEGATIVE NUMBERS.
R  INDICATES RECORD WAS SET OR TIED.
MM INDICATES DATA IS MISSING.
T  INDICATES TRACE AMOUNT.

$$
