000
CXUS42 KFFC 190839
CLMCSG


CLIMATE REPORT
NATIONAL WEATHER SERVICE PEACHTREE CITY GA
439 AM EDT WED APR 19 2017

...................................

...THE COLUMBUS CLIMATE SUMMARY FOR THE MONTH OF MARCH 2017...

CLIMATE NORMAL PERIOD 1981 TO 2010
CLIMATE RECORD PERIOD 1948 TO 2017

WEATHER         OBSERVED          NORMAL  DEPART  LAST YEAR`S
                 VALUE   DATE(S)  VALUE   FROM    VALUE  DATE(S)
                                          NORMAL
................................................................
TEMPERATURE (F)
RECORD
 HIGH              89   03/29/2007
                        03/25/2007
                        03/18/1982
 LOW               16   03/03/1980
HIGHEST            88   03/21        89      -1       87  03/15
LOWEST             25   03/16        16       9       34  03/22
AVG. MAXIMUM     71.8              69.5     2.3     73.4
AVG. MINIMUM     48.7              46.1     2.6     50.4
MEAN             60.3              57.8     2.5     61.9
DAYS MAX >= 90      0               0.0     0.0        0
DAYS MAX <= 32      0               0.0     0.0        0
DAYS MIN <= 32      2               1.7     0.3        0
DAYS MIN <= 0       0               0.0     0.0        0

PRECIPITATION (INCHES)
RECORD
 MAXIMUM        13.30   2001
 MINIMUM         0.56   2004
TOTALS           1.53              5.46   -3.93     2.56
DAILY AVG.       0.05              0.18   -0.13     0.08
DAYS >= .01        12               8.9     3.1       12
DAYS >= .10         6               6.4    -0.4        7
DAYS >= .50         0               3.4    -3.4        2
DAYS >= 1.00        0               1.7    -1.7        0
GREATEST
 24 HR. TOTAL    0.36   03/01 TO 03/01           03/03 TO 03/04
                                                          03/31 TO 03/31
                                                          03/31 TO 03/31

SNOWFALL (INCHES)
RECORDS
 TOTAL              T   2008
 24 HR TOTAL        T   MM
TOTALS            0.0               0.1    -0.1      0.0
SINCE 7/1         0.0               0.4    -0.4      0.0
SNOWDEPTH AVG.      0                MM      MM        0
DAYS >= TRACE       0               0.0     0.0        0
DAYS >= 1.0         0               0.0     0.0        0
GREATEST
 24 HR TOTAL      0.0   03/31 TO 03/31           03/31 TO 03/31
                                                          03/31 TO 03/31
                                                          03/31 TO 03/31

DEGREE_DAYS
HEATING TOTAL     203               246     -43      145
 SINCE 7/1       1333              2023    -690     1535
COOLING TOTAL      70                23      47       57
 SINCE 1/1         87                27      60       59
..................................................

WIND (MPH)
AVERAGE WIND SPEED              6.8
HIGHEST WIND SPEED/DIRECTION    30/240    DATE  03/30
HIGHEST GUST SPEED/DIRECTION    38/240    DATE  03/30

SKY COVER
POSSIBLE SUNSHINE (PERCENT)   MM
AVERAGE SKY COVER           0.40
NUMBER OF DAYS FAIR           16
NUMBER OF DAYS PC             11
NUMBER OF DAYS CLOUDY          4

AVERAGE RH (PERCENT)     58

WEATHER CONDITIONS. NUMBER OF DAYS WITH
THUNDERSTORM              0     MIXED PRECIP               0
HEAVY RAIN                1     RAIN                       5
LIGHT RAIN               15     FREEZING RAIN              0
LT FREEZING RAIN          0     HAIL                       0
HEAVY SNOW                0     SNOW                       0
LIGHT SNOW                0     SLEET                      0
FOG                      13     FOG W/VIS <= 1/4 MILE      0
HAZE                      8

-  INDICATES NEGATIVE NUMBERS.
R  INDICATES RECORD WAS SET OR TIED.
MM INDICATES DATA IS MISSING.
T  INDICATES TRACE AMOUNT.

$$
