000
CXUS53 KUNR 011601
CLMCUT


CLIMATE REPORT
NATIONAL WEATHER SERVICE RAPID CITY SD
1001 AM MDT MON JUN 1 2015

...................................

...THE CUSTER COUNTY AIRPORT SD CLIMATE SUMMARY FOR THE MONTH OF MAY 2015...

CLIMATE NORMAL PERIOD 1981 TO 2010
CLIMATE RECORD PERIOD 9999 TO 9999

WEATHER         OBSERVED          NORMAL  DEPART  LAST YEAR`S
                 VALUE   DATE(S)  VALUE   FROM    VALUE  DATE(S)
                                          NORMAL
................................................................
TEMPERATURE (F)
HIGHEST            72   05/02                         81  05/29
LOWEST             24   05/21                         24  05/13
AVG. MAXIMUM     54.5              60.4    -5.9     59.7
AVG. MINIMUM     36.5              36.2     0.3     39.1
MEAN             45.5              48.3    -2.8     49.4
DAYS MAX >= 90      0                                  0
DAYS MAX <= 32      0                                  0
DAYS MIN <= 32     10                                  8
DAYS MIN <= 0       0                                  0

PRECIPITATION (INCHES)
TOTALS           6.60              3.12    3.48     3.12
DAILY AVG.       0.21              0.10    0.11     0.10
DAYS >= .01        19                                 13
DAYS >= .10        12                                  8
DAYS >= .50         6                                  2
DAYS >= 1.00        1                                  0
GREATEST
 24 HR. TOTAL    1.23   05/23 TO 05/24              1.07

DEGREE_DAYS
HEATING TOTAL     595               519      76      479
 SINCE 7/1       7584              8169    -585     8160
COOLING TOTAL       0                 1      -1        4
 SINCE 1/1          0                 1      -1        4
.................................................................

WIND (MPH)
AVERAGE WIND SPEED              6.8
HIGHEST WIND SPEED/DIRECTION    25/070    DATE  05/15
HIGHEST GUST SPEED/DIRECTION    32/330    DATE  05/17

AVERAGE RH (PERCENT)     72

WEATHER CONDITIONS. NUMBER OF DAYS WITH
THUNDERSTORM              0     MIXED PRECIP               0
HEAVY RAIN                5     RAIN                      11
LIGHT RAIN               16     FREEZING RAIN              0
LT FREEZING RAIN          1     HAIL                       0
HEAVY SNOW                2     SNOW                       3
LIGHT SNOW                4     SLEET                      0
FOG                      24     FOG W/VIS <= 1/4 MILE     14
HAZE                      5

-  INDICATES NEGATIVE NUMBERS.
R  INDICATES RECORD WAS SET OR TIED.
MM INDICATES DATA IS MISSING.
T  INDICATES TRACE AMOUNT.

$$
