000
CXUS51 KILN 010842
CLMCVG


CLIMATE REPORT
NATIONAL WEATHER SERVICE WILMINGTON OH
437 AM EDT TUE AUG 1 2017

...................................

...THE CINCINNATI CLIMATE SUMMARY FOR THE MONTH OF JULY 2017...

CLIMATE NORMAL PERIOD 1981 TO 2010
CLIMATE RECORD PERIOD 1869 TO 2017

WEATHER         OBSERVED          NORMAL  DEPART  LAST YEAR`S
                 VALUE   DATE(S)  VALUE   FROM    VALUE  DATE(S)
                                          NORMAL
................................................................
TEMPERATURE (F)
RECORD
 HIGH             108   07/22/1934
                        07/21/1934
 LOW               47   07/11/1963
HIGHEST            90   07/22        86       4       94  07/24
                        07/21
                        07/20
LOWEST             56   07/09        65      -9       56  07/02
AVG. MAXIMUM     85.5              85.6    -0.1     86.1
AVG. MINIMUM     66.1              66.1     0.0     67.8
MEAN             75.8              75.9    -0.1     77.0
DAYS MAX >= 90      3               6.2    -3.2        7
DAYS MAX <= 32      0               0.0     0.0        0
DAYS MIN <= 32      0               0.0     0.0        0
DAYS MIN <= 0       0               0.0     0.0        0

PRECIPITATION (INCHES)
TOTALS           5.81              3.76    2.05     5.06
DAILY AVG.       0.19              0.12    0.07     0.16
DAYS >= .01        11              10.6     0.4       13
DAYS >= .10         8               6.9     1.1       10
DAYS >= .50         5               2.6     2.4        3
DAYS >= 1.00        1               0.9     0.1        1
GREATEST
 24 HR. TOTAL    1.96   07/28 TO 07/28           07/27 TO 07/28
                                                 07/31 TO 07/31
                                                 07/31 TO 07/31
 STORM TOTAL       MM                                 MM
 (MM/DD(HH))       MM                            07/28(00) TO 07/28(00)
                                                 07/31(00) TO 07/31(00)1
                                                 07/31(00) TO 07/31(00)1

SNOWFALL (INCHES)
TOTALS            0.0               0.0     0.0      0.0
SINCE 7/1         0.0               0.0     0.0      0.0
DAYS >= TRACE       0               0.0     0.0        0
DAYS >= 1.0         0               0.0     0.0        0
GREATEST
 24 HR TOTAL      0.0   07/31 TO 07/31           07/31 TO 07/31
                                                 07/31 TO 07/31
                                                 07/31 TO 07/31
 STORM TOTAL       MM                                 MM
 (MM/DD(HH))       MM                            07/31(00) TO 07/31(00)
                                                 07/31(00) TO 07/31(00)1
                                                 07/31(00) TO 07/31(00)1

DEGREE_DAYS
HEATING TOTAL       0                 0       0        0
 SINCE 7/1          0                 0       0        0
COOLING TOTAL     344               339       5      379
 SINCE 1/1        679               659      20      755
..................................................

WIND (MPH)
AVERAGE WIND SPEED              6.7
RESULTANT WIND SPEED/DIRECTION   2/248
HIGHEST WIND SPEED/DIRECTION    38/350    DATE  07/07
HIGHEST GUST SPEED/DIRECTION    47/350    DATE  07/07

SKY COVER
AVERAGE SKY COVER           0.50

AVERAGE RH (PERCENT)     77

WEATHER CONDITIONS. NUMBER OF DAYS WITH
THUNDERSTORM              0     MIXED PRECIP               0
HEAVY RAIN                6     RAIN                       7
LIGHT RAIN               13     FREEZING RAIN              0
LT FREEZING RAIN          0     HAIL                       0
HEAVY SNOW                0     SNOW                       0
LIGHT SNOW                0     SLEET                      0
FOG                      22     FOG W/VIS <= 1/4 MILE      1
HAZE                      6

-  INDICATES NEGATIVE NUMBERS.
R  INDICATES RECORD WAS SET OR TIED.
MM INDICATES DATA IS MISSING.
T  INDICATES TRACE AMOUNT.

$$
