000
CXUS55 KCYS 131919
CLMCYS


CLIMATE REPORT
NATIONAL WEATHER SERVICE CHEYENNE WY
118 PM MDT WED AUG 13 2014

...................................

...THE CHEYENNE WY CLIMATE SUMMARY FOR THE MONTH OF JULY 2014...

CLIMATE NORMAL PERIOD 1981 TO 2010
CLIMATE RECORD PERIOD 1871 TO 2014

WEATHER         OBSERVED          NORMAL  DEPART  LAST YEAR`S
                 VALUE   DATE(S)  VALUE   FROM    VALUE  DATE(S)
                                          NORMAL
................................................................
TEMPERATURE (F)
RECORD
 HIGH             100   07/11/1939
                        07/15/1881
                        07/14/1881
 LOW               33   07/04/1915
HIGHEST            93   07/05        82      11       94
LOWEST             43   07/02        55     -12       50
AVG. MAXIMUM     82.2              83.4    -1.2     83.3
AVG. MINIMUM     55.8              55.5     0.3     56.1
MEAN             69.0              69.4    -0.4     69.7
DAYS MAX >= 90      7               6.3                3
DAYS MAX <= 32      0               0.0                0
DAYS MIN <= 32      0               0.0                0
DAYS MIN <= 0       0               0.0                0

PRECIPITATION (INCHES)
RECORD
 MAXIMUM         6.35   1896
 MINIMUM         0.43   2008
                        1877
TOTALS           3.24              2.19    1.05     1.60
DAYS >= .01         6              10.7    -4.7       13
DAYS >= .10         6               5.3     0.7        5
DAYS >= .50         2               1.3     0.7        0
DAYS >= 1.00        1               0.4     0.6        0
GREATEST
 24 HR. TOTAL    1.33   07/13 TO 07/13

SNOWFALL (INCHES)
RECORDS
 TOTAL            0.0   MM
TOTALS            0.0               0.0     0.0      0.0
SINCE 7/1         0.0               0.0     0.0      0.0
SNOWDEPTH AVG.      0
DAYS >= TRACE       0               0.0     0.0        0
DAYS >= 1.0         0               0.0     0.0        0
GREATEST
 SNOW DEPTH         0   MM                             0  MM
 24 HR TOTAL      0.0   07/31 TO 07/31           07/31 TO 07/31
                                                          07/31 TO 07/31
                                                          07/31 TO 07/31

DEGREE_DAYS
HEATING TOTAL      29                22       7        7
 SINCE 7/1         29                22       7        7
COOLING TOTAL     158               160      -2      160
 SINCE 1/1        173               210     -37      283
..................................................

WIND (MPH)
AVERAGE WIND SPEED              10.1
HIGHEST WIND SPEED/DIRECTION    36/270    DATE  07/24
HIGHEST GUST SPEED/DIRECTION    58/330    DATE  07/13

SKY COVER
POSSIBLE SUNSHINE (PERCENT)   MM
AVERAGE SKY COVER           0.20
NUMBER OF DAYS FAIR           19
NUMBER OF DAYS PC             12
NUMBER OF DAYS CLOUDY          0

AVERAGE RH (PERCENT)     57

WEATHER CONDITIONS. NUMBER OF DAYS WITH
THUNDERSTORM              0     MIXED PRECIP               0
HEAVY RAIN                3     RAIN                       5
LIGHT RAIN               15     FREEZING RAIN              0
LT FREEZING RAIN          0     HAIL                       1
HEAVY SNOW                0     SNOW                       0
LIGHT SNOW                0     SLEET                      0
FOG                      12     FOG W/VIS <= 1/4 MILE      2
HAZE                      3

-  INDICATES NEGATIVE NUMBERS.
R  INDICATES RECORD WAS SET OR TIED.
MM INDICATES DATA IS MISSING.
T  INDICATES TRACE AMOUNT.

$$
