000
CXUS56 KSGX 011614
CLMCZZ


CLIMATE REPORT
NATIONAL WEATHER SERVICE SAN DIEGO, CA
914 AM PDT TUE AUG 1 2017

...................................

...THE CAMPO ASOS CA CLIMATE SUMMARY FOR THE MONTH OF JULY 2017...

CLIMATE NORMAL PERIOD 1981 TO 2010
CLIMATE RECORD PERIOD 1948 TO 2017

WEATHER         OBSERVED          NORMAL  DEPART  LAST YEAR`S
                 VALUE   DATE(S)  VALUE   FROM    VALUE  DATE(S)
                                          NORMAL
................................................................
TEMPERATURE (F)
RECORD
 HIGH             111   07/27/1995
 LOW               34   07/04/2000
                        07/21/1973
                        07/03/1956
HIGHEST           106   07/08        94      12      105  07/23
                                                          07/22
LOWEST             44   07/02        51      -7       42  07/12
AVG. MAXIMUM     94.5              93.8     0.7     94.6
AVG. MINIMUM     58.5              51.9     6.6     54.4
MEAN             76.5              72.8     3.7     74.5
DAYS MAX >= 90     28              23.5     4.5       26
DAYS MAX <= 32      0               0.0     0.0        0
DAYS MAX >= 100     4                                  6
DAYS MIN <= 32      0               0.0     0.0        0
DAYS MIN <= 0       0               0.0     0.0        0

PRECIPITATION (INCHES)
RECORD
 MAXIMUM         1.88   1968
 MINIMUM         0.00   2016
                        2009
                        2008
TOTALS           0.16              0.32   -0.16     0.00
DAILY AVG.       0.01              0.01    0.00     0.00
DAYS >= .01         1               2.0    -1.0        0
DAYS >= .10         1               0.8     0.2        0
DAYS >= .50         0               0.1    -0.1        0
DAYS >= 1.00        0               0.1    -0.1        0
DAYS >= 1.50        0                                  0
DAYS >= 2.00        0                                  0
GREATEST
 24 HR. TOTAL    0.16   07/24 TO 07/24           07/31 TO 07/31
                                                          07/31 TO 07/31
                                                          07/31 TO 07/31
 STORM TOTAL       MM                                 MM
 (MM/DD(HH))            MM                    07/31(00) TO 07/31(00)
                                                 07/31(00) TO 07/31(00)1
                                                 07/31(00) TO 07/31(00)1

DEGREE_DAYS
HEATING TOTAL       0                 7      -7        0
 SINCE 7/1          0                 7      -7        0
COOLING TOTAL     364               250     114      300
 SINCE 1/1        562               372     190      524

FREEZE DATES
RECORD
 EARLIEST     08/25/1978
 LATEST       06/23/1991
EARLIEST                        10/16
LATEST                          05/19
..................................................

WIND (MPH)
AVERAGE WIND SPEED              7.4
RESULTANT WIND SPEED/DIRECTION   4/222
HIGHEST WIND SPEED/DIRECTION    24/210    DATE  07/20
HIGHEST GUST SPEED/DIRECTION    29/220    DATE  07/17

AVERAGE RH (PERCENT)     52


-  INDICATES NEGATIVE NUMBERS.
R  INDICATES RECORD WAS SET OR TIED.
MM INDICATES DATA IS MISSING.
T  INDICATES TRACE AMOUNT.

$$
