000
CXUS53 KUNR 011604
CLMD07


CLIMATE REPORT
NATIONAL WEATHER SERVICE RAPID CITY SD
903 AM MST FRI DEC 1 2017

...................................

...THE FAITH SD CLIMATE SUMMARY FOR THE MONTH OF NOVEMBER 2017...

CLIMATE NORMAL PERIOD 1981 TO 2010
CLIMATE RECORD PERIOD 9999 TO 9999

WEATHER         OBSERVED          NORMAL  DEPART  LAST YEAR`S
                 VALUE   DATE(S)  VALUE   FROM    VALUE  DATE(S)
                                          NORMAL
................................................................
TEMPERATURE (F)
HIGHEST            76   11/23                         76  11/04
LOWEST              8   11/21                         14  11/20
                        11/07
AVG. MAXIMUM     46.5              42.7     3.8     52.7
AVG. MINIMUM     24.1              21.7     2.4     30.9
MEAN             35.3              32.2     3.1     41.8
DAYS MAX >= 90      0                                  0
DAYS MAX <= 32      4                                  6
DAYS MIN <= 32     24                                 16
DAYS MIN <= 0       0                                  0

PRECIPITATION (INCHES)
TOTALS           0.18              0.53   -0.35     0.44
DAILY AVG.       0.01              0.02   -0.01     0.01
DAYS >= .01         6                                  5
DAYS >= .10         0                                  2
DAYS >= .50         0                                  0
DAYS >= 1.00        0                                  0
GREATEST
 24 HR. TOTAL    0.08   11/17 TO 11/17              0.15

DEGREE_DAYS
HEATING TOTAL     884               984    -100      690
 SINCE 7/1       1623              1783    -160     1251
COOLING TOTAL       0                 0       0        0
 SINCE 1/1        756               635     121      734
.................................................................

WIND (MPH)
AVERAGE WIND SPEED              12.6
HIGHEST WIND SPEED/DIRECTION    45/310    DATE  11/29
HIGHEST GUST SPEED/DIRECTION    57/300    DATE  11/29

AVERAGE RH (PERCENT)     68


-  INDICATES NEGATIVE NUMBERS.
R  INDICATES RECORD WAS SET OR TIED.
MM INDICATES DATA IS MISSING.
T  INDICATES TRACE AMOUNT.

$$
