651
CXUS52 KMLB 011524 AAA
CLMDAB

CLIMATE REPORT...AMENDED TO ADD SEASONAL CLIMATE
NATIONAL WEATHER SERVICE MELBOURNE FL
1125 AM EDT THU SEP 1 2016

...................................

...THE DAYTONA BEACH CLIMATE SUMMARY FOR THE MONTH OF AUGUST 2016...

CLIMATE NORMAL PERIOD 1981 TO 2010
CLIMATE RECORD PERIOD 1923 TO 2016

WEATHER         OBSERVED          NORMAL  DEPART  LAST YEAR`S
                 VALUE   DATE(S)  VALUE   FROM    VALUE
                                          NORMAL
.............................................................
TEMPERATURE (F)
MONTHLY RECORD
 HOTTEST         84.0   2007
 COLDEST         78.7   1967
DAILY RECORD
 HIGH             101   08/27/1938
                        08/18/1938
 LOW               63   08/04/1938
AUGUST 2016
HIGHEST            96   08/22                         95
                        08/21
                        08/20
LOWEST             72   08/10                         72
AVG. MAXIMUM     92.2              89.6     2.6     90.0
AVG. MINIMUM     75.3              73.4     1.9     74.1
MEAN             83.8              81.5     2.3     82.0
DAYS MAX >= 90     29              13.3    15.7       17
DAYS MAX <= 32      0               0.0     0.0        0
DAYS MIN <= 32      0               0.0     0.0        0
DAYS MIN <= 0       0               0.0     0.0        0

PRECIPITATION (INCHES)
MONTHLY RECORD
 MAXIMUM        19.89   1953
 MINIMUM         2.01   1963
DAILY RECORD
 MAXIMUM         7.00   08/07/2004
TOTALS           3.35              6.40   -3.05     7.52
DAYS >= .01        13              14.0    -1.0       17
DAYS >= .10         6               9.6    -3.6       11
DAYS >= .50         2               4.2    -2.2        7
DAYS >= 1.00        1               1.8    -0.8        3
GREATEST
 24 HR. TOTAL    1.88   08/29 TO 08/30

SNOWFALL (INCHES)
TOTALS            0.0               0.0     0.0      0.0
SINCE 7/1         0.0               0.0     0.0      0.0
DAYS >= TRACE       0                                  0

DEGREE_DAYS
HEATING TOTAL       0                 0       0        0
 SINCE 7/1          0                 0       0        0
COOLING TOTAL     589               511      78      536
 SINCE 1/1       2465              2074     391     2494
..............................................................

WIND (MPH)
AVERAGE WIND SPEED              6.8
HIGHEST WIND SPEED/DIRECTION    29/240    DATE  08/05
HIGHEST GUST SPEED/DIRECTION    35/240    DATE  08/05

SKY COVER
POSSIBLE SUNSHINE (PERCENT)   MM
AVERAGE SKY COVER           0.50
NUMBER OF DAYS FAIR            5
NUMBER OF DAYS PC             25
NUMBER OF DAYS CLOUDY          1

AVERAGE RH (PERCENT)     76

WEATHER CONDITIONS. NUMBER OF DAYS WITH
THUNDERSTORM             10     MIXED PRECIP               0
HEAVY RAIN                6     RAIN                       8
LIGHT RAIN               16     LT FREEZING RAIN           0
HAIL                      0     LIGHT SNOW                 0
SLEET                     0     FOG                       11
FOG W/VIS <= 1/4 MILE     0     HAZE                       2

-  INDICATES NEGATIVE NUMBERS.
R  INDICATES RECORD WAS SET OR TIED.
MM INDICATES DATA IS MISSING.
T  INDICATES TRACE AMOUNT.

...................................

...THE DAYTONA BEACH CLIMATE SUMMARY FOR THE SUMMER SEASON, FROM
6/1/2016 TO 8/31/2016...

CLIMATE NORMAL PERIOD 1981 TO 2010
CLIMATE RECORD PERIOD 1923 TO 2016

WEATHER         OBSERVED          NORMAL  DEPART  LAST YEAR`S
                 VALUE   DATE(S)  VALUE   FROM    VALUE  DATE(S)
                                          NORMAL
................................................................
TEMPERATURE (F)
SUMMER RECORDS
 HOTTEST         83.5   1998
 COOLEST         77.5   1926
DAILY RECORD
 HIGH             102   07/15/1981
                        06/24/1944
 LOW               52   06/02/1984
SUMMER 2016
HIGHEST            97   07/29                         96
                        07/28
LOWEST             65   06/21                         68
AVG. MAXIMUM     92.0              89.4     2.6     90.6
AVG. MINIMUM     74.2              72.6     1.6     73.2
MEAN             83.1              81.0     2.1     81.9
DAYS MAX >= 90     77              38.2    38.8       60
DAYS MAX <= 32      0               0.0     0.0        0
DAYS MIN <= 32      0               0.0     0.0        0
DAYS MIN <= 0       0               0.0     0.0        0

PRECIPITATION (INCHES)
SUMMER RECORDS
 MAXIMUM        33.50   2004
 MINIMUM         7.63   2016

SUMMER 2016
TOTALS           7.63R            18.06  -10.43    16.95
DAYS >= .01        27              40.1   -13.1       42
DAYS >= .10        15              27.2   -12.2       27
DAYS >= .50         5              12.4    -7.4       13
DAYS >= 1.00        2               4.8    -2.8        6
GREATEST
 24 HR. TOTAL    1.88   MM

SNOWFALL (INCHES)
TOTALS            0.0               0.0     0.0      0.0
SINCE 7/1         0.0               0.0     0.0      0.0
SNOWDEPTH AVG.      0                                  0
DAYS >= TRACE       0                                  0

DEGREE_DAYS
HEATING TOTAL       0                 0       0        0
COOLING TOTAL    1691              1473     218     1581
.................................................................

WIND (MPH)
AVERAGE WIND SPEED              6.0
HIGHEST WIND SPEED/DIRECTION    29/240    DATE  08/05
HIGHEST GUST SPEED/DIRECTION    42/260    DATE  06/16

SKY COVER
POSSIBLE SUNSHINE (PERCENT)   MM
AVERAGE SKY COVER           0.50
NUMBER OF DAYS FAIR           26
NUMBER OF DAYS PC             64
NUMBER OF DAYS CLOUDY          2

AVERAGE RH (PERCENT)     76

WEATHER CONDITIONS. NUMBER OF DAYS WITH
THUNDERSTORM             39     MIXED PRECIP               0
HEAVY RAIN               15     RAIN                      19
LIGHT RAIN               34     LT FREEZING RAIN           0
HAIL                      0     SLEET                      0
FOG                      36     FOG W/VIS <= 1/4 MILE      0
HAZE                      6

-  INDICATES NEGATIVE NUMBERS.
R  INDICATES RECORD WAS SET OR TIED.
MM INDICATES DATA IS MISSING.
T  INDICATES TRACE AMOUNT.

$$
