000
CXUS51 KILN 011228
CLMDAY


CLIMATE REPORT
NATIONAL WEATHER SERVICE WILMINGTON OH
824 AM EDT SAT AUG 1 2015

...................................

...THE DAYTON CLIMATE SUMMARY FOR THE MONTH OF JULY 2015...

CLIMATE NORMAL PERIOD 1981 TO 2010
CLIMATE RECORD PERIOD 1869 TO 2015

WEATHER         OBSERVED          NORMAL  DEPART  LAST YEAR`S
                 VALUE   DATE(S)  VALUE   FROM    VALUE  DATE(S)
                                          NORMAL
................................................................
TEMPERATURE (F)
RECORD
 HIGH             108   07/22/1901
 LOW               44   07/06/1972
HIGHEST            91   07/18        85       6       89  07/22
LOWEST             55   07/16        65     -10       51  07/17
AVG. MAXIMUM     82.7              83.8    -1.1     80.3
AVG. MINIMUM     64.8              64.5     0.3     61.2
MEAN             73.8              74.1    -0.3     70.7
DAYS MAX >= 90      3               4.1    -1.1        0
DAYS MAX <= 32      0               0.0     0.0        0
DAYS MIN <= 32      0               0.0     0.0        0
DAYS MIN <= 0       0               0.0     0.0        0

PRECIPITATION (INCHES)
TOTALS           4.60              4.11    0.49     3.23
DAILY AVG.       0.15              0.13    0.02     0.10
DAYS >= .01        12              10.8     1.2       11
DAYS >= .10        10               7.1     2.9        6
DAYS >= .50         3               2.8     0.2        2
DAYS >= 1.00        1               1.3    -0.3        1
GREATEST
 24 HR. TOTAL    1.50   07/13 TO 07/14
SNOWFALL (INCHES)
TOTALS            0.0               0.0     0.0      0.0
SINCE 7/1         0.0               0.0     0.0      0.0
DAYS >= TRACE       0               0.0     0.0        0
DAYS >= 1.0         0               0.0     0.0        0
GREATEST
 24 HR TOTAL      0.0   07/31 TO 07/31

DEGREE_DAYS
HEATING TOTAL       0                 0       0        4
 SINCE 7/1          0                 0       0        4
COOLING TOTAL     279               279       0      192
 SINCE 1/1        708               539     169      584
..................................................

WIND (MPH)
AVERAGE WIND SPEED              6.8
RESULTANT WIND SPEED/DIRECTION   1/272
HIGHEST WIND SPEED/DIRECTION    38/330    DATE  07/14
HIGHEST GUST SPEED/DIRECTION    46/330    DATE  07/14

SKY COVER
AVERAGE SKY COVER           0.60

AVERAGE RH (PERCENT)     76

WEATHER CONDITIONS. NUMBER OF DAYS WITH
THUNDERSTORM              7     MIXED PRECIP               0
HEAVY RAIN                6     RAIN                       7
LIGHT RAIN               16     FREEZING RAIN              0
LT FREEZING RAIN          0     HAIL                       0
HEAVY SNOW                0     SNOW                       0
LIGHT SNOW                0     SLEET                      0
FOG                      17     FOG W/VIS <= 1/4 MILE      3
HAZE                     13

-  INDICATES NEGATIVE NUMBERS.
R  INDICATES RECORD WAS SET OR TIED.
MM INDICATES DATA IS MISSING.
T  INDICATES TRACE AMOUNT.

$$
