000
CXUS53 KDVN 011210
CLMDBQ


CLIMATE REPORT
NATIONAL WEATHER SERVICE QUAD CITIES IA IL
710 AM CDT TUE APR 1 2014

...................................

...THE DUBUQUE CLIMATE SUMMARY FOR THE MONTH OF MARCH 2014...

CLIMATE NORMAL PERIOD 1981 TO 2010
CLIMATE RECORD PERIOD 1873 TO 2014

WEATHER         OBSERVED          NORMAL  DEPART
                 VALUE   DATE(S)  VALUE   FROM
                                          NORMAL
................................................
TEMPERATURE (F)
RECORD
 HIGH              86   03/29/1895
 LOW              -20   03/01/1962
HIGHEST            66   03/31        50      16
LOWEST            -11   03/03        21     -32
AVG. MAXIMUM     36.6              44.2    -7.6
AVG. MINIMUM     18.1              26.6    -8.5
MEAN             27.4              35.4    -8.0
DAYS MAX >= 90      0               0.0     0.0
DAYS MAX <= 32      9               4.6     4.4
DAYS MIN <= 32     28              22.3     5.7
DAYS MIN <= 0       2               0.2     1.8

PRECIPITATION (INCHES)
RECORD
 MAXIMUM         6.50   1959
 MINIMUM         0.14   1910
TOTALS           1.14              2.41   -1.27
DAILY AVG.       0.04              0.08   -0.04
DAYS >= .01        11              10.4     0.6
DAYS >= .10         4
DAYS >= .50         0
DAYS >= 1.00        0               0.3    -0.3
GREATEST
 24 HR. TOTAL    0.31   03/27 TO 03/27

SNOWFALL (INCHES)
RECORDS
 TOTAL           30.2   1959
TOTALS           10.9               6.3     4.6
SINCE 7/1        62.6              39.9    22.7
SNOWDEPTH AVG.      3
DAYS >= TRACE      13               4.6     8.4
DAYS >= 1.0         4               2.0     2.0
GREATEST
 SNOW DEPTH        11   03/05
 24 HR TOTAL      3.5   03/01 TO 03/01

DEGREE_DAYS
HEATING TOTAL    1159               918     241
 SINCE 7/1       7535              6311    1224
COOLING TOTAL       0                 0       0
 SINCE 1/1          0                 0       0
.................................................

WIND (MPH)
AVERAGE WIND SPEED              12.0
HIGHEST WIND SPEED/DIRECTION    39/180    DATE  03/31
HIGHEST GUST SPEED/DIRECTION    48/190    DATE  03/31

SKY COVER
POSSIBLE SUNSHINE (PERCENT)   MM
AVERAGE SKY COVER           0.40
NUMBER OF DAYS FAIR           14
NUMBER OF DAYS PC             12
NUMBER OF DAYS CLOUDY          5

AVERAGE RH (PERCENT)     72

WEATHER CONDITIONS. NUMBER OF DAYS WITH
THUNDERSTORM              1     HAIL                       0
SLEET                     0     FOG                       18
FOG W/VIS <= 1/4 MILE     1     HAZE                      12

-  INDICATES NEGATIVE NUMBERS.
R  INDICATES RECORD WAS SET OR TIED.
MM INDICATES DATA IS MISSING.
T  INDICATES TRACE AMOUNT.

$$
