000
CXUS51 KLWX 011659
CLMDCA

CLIMATE REPORT
NATIONAL WEATHER SERVICE BALTIMORE MD/WASHINGTON DC
1259 PM EDT TUE NOV 1 2016

...................................

...THE WASHINGTON NATIONAL DC CLIMATE SUMMARY FOR THE MONTH OF OCTOBER 2016...

CLIMATE NORMAL PERIOD 1981 TO 2010
CLIMATE RECORD PERIOD 1871 TO 2016

WEATHER         OBSERVED          NORMAL  DEPART  LAST YEAR`S
                 VALUE   DATE(S)  VALUE   FROM    VALUE
                                          NORMAL
.............................................................
TEMPERATURE (F)
RECORD
 HIGH              96   10/05/1941
 LOW               26   10/31/1917
                        10/31/1893
                        10/30/1873
HIGHEST            87   10/19        84       3
LOWEST             41   10/26        37       4
AVG. MAXIMUM     71.5              68.4     3.1       MM
AVG. MINIMUM     54.7              50.6     4.1       MM
MEAN             63.1              59.5     3.6
DAYS MAX >= 90      0               0.1    -0.1
DAYS MAX <= 32      0               0.0     0.0
DAYS MIN <= 32      0               0.0     0.0
DAYS MIN <= 0       0               0.0     0.0

PRECIPITATION (INCHES)
RECORD
 MAXIMUM         9.41   2005
 MINIMUM            T   1963
TOTALS           0.90              3.40   -2.50       MM
DAILY AVG.       0.03              0.11   -0.08
DAYS >= .01         7               7.7    -0.7
DAYS >= .10         3               4.8    -1.8
DAYS >= .50         0               2.5    -2.5
DAYS >= 1.00        0               1.0    -1.0
GREATEST
 24 HR. TOTAL    0.34   10/08 TO 10/09

SNOWFALL (INCHES)
RECORDS
 TOTAL            2.2   1925
TOTALS            0.0               0.0     0.0
SINCE 7/1         0.0               0.0     0.0
SNOWDEPTH AVG.      0
DAYS >= TRACE       0               0.0     0.0
DAYS >= 1.0         0               0.0     0.0
GREATEST
 SNOW DEPTH         0   MM
 24 HR TOTAL      0.0

DEGREE_DAYS
HEATING TOTAL     116               205     -89       MM
 SINCE 7/1        117               229    -112       MM
COOLING TOTAL      64                34      30       MM
 SINCE 1/1       1988              1547     441       MM
..............................................................

WIND (MPH)
AVERAGE WIND SPEED              8.6
HIGHEST WIND SPEED/DIRECTION    35/330    DATE  10/09
HIGHEST GUST SPEED/DIRECTION    43/330    DATE  10/28

SKY COVER
POSSIBLE SUNSHINE (PERCENT)   MM
AVERAGE SKY COVER           0.50
NUMBER OF DAYS FAIR            9
NUMBER OF DAYS PC             16
NUMBER OF DAYS CLOUDY          6

AVERAGE RH (PERCENT)     70

WEATHER CONDITIONS. NUMBER OF DAYS WITH
THUNDERSTORM              2     MIXED PRECIP               0
HEAVY RAIN                2     RAIN                       3
LIGHT RAIN               10     FREEZING RAIN              0
LT FREEZING RAIN          0     HAIL                       0
HEAVY SNOW                0     SNOW                       0
LIGHT SNOW                0     SLEET                      0
FOG                       7     FOG W/VIS <= 1/4 MILE      1
HAZE                      3

-  INDICATES NEGATIVE NUMBERS.
R  INDICATES RECORD WAS SET OR TIED.
MM INDICATES DATA IS MISSING.
T  INDICATES TRACE AMOUNT.

&&

WASHINGTON DC...RONALD REAGAN NATIONAL AIRPORT...

THE MONTHLY AVERAGE TEMPERATURE WAS WELL ABOVE NORMAL...AND RANKED
AS THE 11TH WARMEST OCTOBER ON RECORD. MONTHLY PRECIPITATION WAS
WELL BELOW NORMAL...AND RANKED AS THE 19TH DRIEST OCTOBER ON RECORD.

THE STRETCH OF ABNORMAL WARMTH FROM THE 17TH THROUGH THE 21ST RANKED
AS THE WARMEST 5 DAY PERIOD DURING THE SECOND HALF OF OCTOBER ON
RECORD.

TWO DAILY WARM LOW TEMPERATURE RECORDS WERE SET LAST MONTH. THE LOW
OF 65 DEGREES ON THE 19TH TIED THE RECORD PREVIOUSLY SET IN 1905.
THE LOW OF 68 DEGREES ON THE 20TH BROKE THE OLD RECORD OF 64 SET IN
1885 AND 1877.

CLIMATE RECORDS HAVE BEEN KEPT AT RONALD REAGAN NATIONAL AIRPORT
SINCE AUGUST OF 1941. ADDITIONAL TEMPERATURE RECORDS FOR THE
WASHINGTON DC AREA EXTEND BACK TO JANUARY OF 1872. PRECIPITATION
RECORDS EXTEND BACK TO JANUARY OF 1871. SNOWFALL RECORDS BEGAN IN
JULY OF 1884.

ALL CLIMATE DATA ARE CONSIDERED PRELIMINARY UNTIL REVIEWED BY THE
NATIONAL CENTERS FOR ENVIRONMENTAL INFORMATION (NCEI).

$$

DH/SMZ
