000
CXUS54 KFWD 012315 CCA
CLMDFW

CLIMATE REPORT...CORRECTED
NATIONAL WEATHER SERVICE FORT WORTH TX
515 PM CST MON DEC 1 2014

CORRECTED THUNDERSTORM DAYS

...THE DALLAS FORT WORTH CLIMATE SUMMARY FOR THE MONTH OF NOVEMBER
2014...

CLIMATE NORMAL PERIOD 1981 TO 2010
CLIMATE RECORD PERIOD 1898 TO 2014

WEATHER         OBSERVED          NORMAL  DEPART  LAST YEAR`S
                 VALUE   DATE(S)  VALUE   FROM    VALUE  DATE(S)
                                          NORMAL
................................................................
TEMPERATURE (F)
RECORD
 HIGH              89   11/05/2005
                        11/14/1989
                        11/06/1989
 LOW               19   11/11/1950
HIGHEST            79   11/30        83      -4       87  11/17
                        11/10
LOWEST             22   11/18        29      -7       29  11/28
                                                          11/27
                                                          11/13
AVG. MAXIMUM     62.2              66.9    -4.7     63.2
AVG. MINIMUM     40.7              46.2    -5.5     43.8
MEAN             51.5              56.6    -5.1     53.5
DAYS MAX >= 90      0               0.1    -0.1        0
DAYS MAX <= 32      0               0.0     0.0        0
DAYS MAX >= 100     0                                  0
DAYS MIN <= 32      6               1.8     4.2        5
DAYS MIN <= 0       0               0.0     0.0        0
DAYS MIN >= 80      0                                  0

PRECIPITATION (INCHES)
RECORD
 MAXIMUM         7.94   1918
 MINIMUM         0.00   1903
TOTALS           2.13              2.71   -0.58     2.12
DAILY AVG.       0.07              0.09   -0.02     0.07
DAYS >= .01         5               6.4    -1.4        7
DAYS >= .10         3               4.4    -1.4        6
DAYS >= .50         2               1.8     0.2        2
DAYS >= 1.00        1               0.8     0.2        0
GREATEST
 24 HR. TOTAL    1.32   11/04 TO 11/05              0.78

SNOWFALL (INCHES)
RECORDS
 TOTAL            5.0   1976
                        1937
 24 HR TOTAL      5.0   11/13/1976 TO 11/14/1976
                        11/22/1937 TO 11/22/1937
TOTALS              T                 T     0.0        T
SINCE 7/1           T                 T     0.0        T
SNOWDEPTH AVG.      0                MM      MM        0
DAYS >= TRACE       2                                  3
DAYS >= 1.0         0               0.0     0.0        0
GREATEST
 SNOW DEPTH         T   11/17                          0  MM
 24 HR TOTAL        T   11/16 TO 11/16                 T

DEGREE_DAYS
HEATING TOTAL     405               282     123      357
 SINCE 7/1        418               354      64      401
COOLING TOTAL       5                29     -24       18
 SINCE 1/1       2951              2752     199     2930
.................................................................

WIND (MPH)
AVERAGE WIND SPEED              12.2
HIGHEST WIND SPEED/DIRECTION    36/200    DATE  11/10
HIGHEST GUST SPEED/DIRECTION    43/190    DATE  11/10

SKY COVER
POSSIBLE SUNSHINE (PERCENT)   MM
AVERAGE SKY COVER           0.50
NUMBER OF DAYS FAIR           17
NUMBER OF DAYS PC              6
NUMBER OF DAYS CLOUDY          7

AVERAGE RH (PERCENT)     62

WEATHER CONDITIONS. NUMBER OF DAYS WITH
THUNDERSTORM              1     MIXED PRECIP               0
HEAVY RAIN                2     RAIN                       3
LIGHT RAIN                7     FREEZING RAIN              0
LT FREEZING RAIN          0     HAIL                       0
HEAVY SNOW                0     SNOW                       0
LIGHT SNOW                1     SLEET                      1
FOG                       7     FOG W/VIS <= 1/4 MILE      0
HAZE                      4

-  INDICATES NEGATIVE NUMBERS.
R  INDICATES RECORD WAS SET OR TIED.
MM INDICATES DATA IS MISSING.
T  INDICATES TRACE AMOUNT.

$$
