000
CXUS54 KAMA 011257
CLMDHT


CLIMATE REPORT
NATIONAL WEATHER SERVICE AMARILLO TX
756 AM CDT TUE SEP 1 2015

...................................

...THE DALHART CLIMATE SUMMARY FOR THE MONTH OF AUGUST 2015...

CLIMATE NORMAL PERIOD 1981 TO 2010
CLIMATE RECORD PERIOD 1948 TO 2015

WEATHER         OBSERVED          NORMAL  DEPART  LAST YEAR`S
                 VALUE   DATE(S)  VALUE   FROM    VALUE  DATE(S)
                                          NORMAL
................................................................
TEMPERATURE (F)
RECORD
 HIGH             106   08/11/2012
                        08/20/2007
 LOW               43   08/29/1988
HIGHEST           103   08/06                        101  08/31
LOWEST             52   08/30                         58  08/19
                        08/20                             08/09
AVG. MAXIMUM     91.2              89.2     2.0     93.6
AVG. MINIMUM     63.3              61.3     2.0     63.0
MEAN             77.2              75.3     1.9     78.3
DAYS MAX >= 90     22              15.6     6.4       23
DAYS MAX <= 32      0               0.0     0.0        0
DAYS MIN <= 32      0               0.0     0.0        0
DAYS MIN <= 0       0               0.0     0.0        0

PRECIPITATION (INCHES)
TOTALS           1.72              2.85   -1.13     0.88
DAILY AVG.       0.06              0.09   -0.03     0.03
DAYS >= .01         6               8.3    -2.3        5
DAYS >= .10         3               5.1    -2.1        3
DAYS >= .50         1               1.7    -0.7        1
DAYS >= 1.00        0               0.8    -0.8        0
GREATEST
 24 HR. TOTAL    1.30   07/31 TO 08/01

SNOWFALL (INCHES)
TOTALS            0.0               0.0     0.0      0.0
SINCE 7/1         0.0               0.0     0.0      0.0
DAYS >= TRACE       0               0.0     0.0
DAYS >= 1.0         0               0.0     0.0        0
GREATEST
 SNOW DEPTH         0   MM
 24 HR TOTAL      0.0   08/31 TO 08/31

DEGREE_DAYS
HEATING TOTAL       0                 2      -2        0
 SINCE 7/1          0                 3      -3        0
COOLING TOTAL     388               319      69      422
 SINCE 1/1       1209               996     213     1215
.................................................................

WIND (MPH)
AVERAGE WIND SPEED              10.1
HIGHEST WIND SPEED/DIRECTION    36/350    DATE  08/09
HIGHEST GUST SPEED/DIRECTION    46/350    DATE  08/09

SKY COVER
POSSIBLE SUNSHINE (PERCENT)   MM
NUMBER OF DAYS FAIR           27
NUMBER OF DAYS PC              4
NUMBER OF DAYS CLOUDY          0

AVERAGE RH (PERCENT)     59

WEATHER CONDITIONS. NUMBER OF DAYS WITH
THUNDERSTORM              0     MIXED PRECIP               0
HEAVY RAIN                3     RAIN                       5
LIGHT RAIN               11     FREEZING RAIN              0
LT FREEZING RAIN          0     HEAVY SNOW                 0
SNOW                      0     LIGHT SNOW                 0
SLEET                     0     FOG                       15
FOG W/VIS <= 1/4 MILE     1     HAZE                      10

-  INDICATES NEGATIVE NUMBERS.
R  INDICATES RECORD WAS SET OR TIED.
MM INDICATES DATA IS MISSING.
T  INDICATES TRACE AMOUNT.

$$
