000
CXUS53 KEAX 011316
CLMDMO

CLIMATE REPORT
NATIONAL WEATHER SERVICE KANSAS CITY/PLEASANT HILL MO
1254 AM CST SUN JAN 1 2017

...................................

...THE SEDALIA CLIMATE SUMMARY FOR THE MONTH OF DECEMBER 2016...

CLIMATE NORMAL PERIOD 1981 TO 2010
CLIMATE RECORD PERIOD 9999 TO 9999

WEATHER         OBSERVED          NORMAL  DEPART  LAST YEAR`S
                 VALUE   DATE(S)  VALUE   FROM    VALUE  DATE(S)
                                          NORMAL
................................................................
TEMPERATURE (F)
HIGHEST            69   12/25        65       4       70  12/12
LOWEST             -4R  12/19         3      -7       24  12/30
                        12/18                             12/18
AVG. MAXIMUM     41.8              43.4    -1.6     51.7
AVG. MINIMUM     24.0              26.2    -2.2     34.5
MEAN             32.9              34.8    -1.9     43.1
DAYS MAX >= 90      0               0.0     0.0        0
DAYS MAX <= 32      6               6.7    -0.7        1
DAYS MIN <= 32     25              25.2    -0.2       13
DAYS MIN <= 0       2               1.5     0.5        0

PRECIPITATION (INCHES)
TOTALS           0.78              2.32   -1.54     5.20
DAILY AVG.       0.03              0.07   -0.04     0.17
DAYS >= .01         5               7.0    -2.0        9
DAYS >= .10         2               4.2    -2.2        6
DAYS >= .50         0               1.5    -1.5        4
DAYS >= 1.00        0               0.4    -0.4        2
GREATEST
 24 HR. TOTAL    0.37   12/25 TO 12/25
                        12/25 TO 12/26

DEGREE_DAYS
HEATING TOTAL     985               936      49      671
 SINCE 7/1       1492              1781    -289     1316
COOLING TOTAL       0                 0       0        0
 SINCE 1/1       1775              1490     285     1552
.................................................................

WIND (MPH)
AVERAGE WIND SPEED              9.3
HIGHEST WIND SPEED/DIRECTION    31/230    DATE  12/30
HIGHEST GUST SPEED/DIRECTION    42/250    DATE  12/25

SKY COVER
POSSIBLE SUNSHINE (PERCENT)   MM
AVERAGE SKY COVER           0.40
NUMBER OF DAYS FAIR           16
NUMBER OF DAYS PC              7
NUMBER OF DAYS CLOUDY          8

AVERAGE RH (PERCENT)     64

WEATHER CONDITIONS. NUMBER OF DAYS WITH
THUNDERSTORM              0     MIXED PRECIP               0
HEAVY RAIN                1     RAIN                       0
LIGHT RAIN                4     FREEZING RAIN              0
LT FREEZING RAIN          1     HAIL                       0
HEAVY SNOW                0     SNOW                       1
LIGHT SNOW                4     SLEET                      0
FOG                      10     FOG W/VIS <= 1/4 MILE      2
HAZE                      5

-  INDICATES NEGATIVE NUMBERS.
R  INDICATES RECORD WAS SET OR TIED.
MM INDICATES DATA IS MISSING.
T  INDICATES TRACE AMOUNT.

$$
