000
CXUS53 KEAX 010854
CLMDMO

CLIMATE REPORT
NATIONAL WEATHER SERVICE KANSAS CITY/PLEASANT HILL MO
351 AM CDT MON JUN 1 2015

...................................

...THE SEDALIA CLIMATE SUMMARY FOR THE MONTH OF MAY 2015...

CLIMATE NORMAL PERIOD 1981 TO 2010
CLIMATE RECORD PERIOD 9999 TO 9999

WEATHER         OBSERVED          NORMAL  DEPART  LAST YEAR`S
                 VALUE   DATE(S)  VALUE   FROM    VALUE  DATE(S)
                                          NORMAL
................................................................
TEMPERATURE (F)
HIGHEST            83   05/27        87      -4       90  05/06
                        05/25
                        05/05
LOWEST             41   05/01        39       2       37  05/16
AVG. MAXIMUM     75.0              75.8    -0.8     78.2
AVG. MINIMUM     57.4              55.6     1.8     56.7
MEAN             66.2              65.7     0.5     67.4
DAYS MAX >= 90      0               0.3    -0.3        1
DAYS MAX <= 32      0               0.0     0.0        0
DAYS MIN <= 32      0               0.3    -0.3        0
DAYS MIN <= 0       0               0.0     0.0        0

PRECIPITATION (INCHES)
TOTALS           6.40              4.69    1.71     2.66
DAILY AVG.       0.21              0.15    0.06     0.09
DAYS >= .01        18              11.8     6.2       10
DAYS >= .10        13               7.4     5.6        5
DAYS >= .50         5               3.6     1.4        3
DAYS >= 1.00        1               1.6    -0.6        0
GREATEST
 24 HR. TOTAL    1.42   05/16 TO 05/17

DEGREE_DAYS
HEATING TOTAL      65                83     -18      101
 SINCE 7/1       4640              4565      75     5301
COOLING TOTAL     110               105       5      181
 SINCE 1/1        127               139     -12      195
.................................................................

WIND (MPH)
AVERAGE WIND SPEED              9.2
HIGHEST WIND SPEED/DIRECTION    35/120    DATE  05/17
HIGHEST GUST SPEED/DIRECTION    52/210    DATE  05/08

SKY COVER
POSSIBLE SUNSHINE (PERCENT)   MM
AVERAGE SKY COVER           0.40
NUMBER OF DAYS FAIR           15
NUMBER OF DAYS PC             11
NUMBER OF DAYS CLOUDY          5

AVERAGE RH (PERCENT)     70

WEATHER CONDITIONS. NUMBER OF DAYS WITH
THUNDERSTORM              0     MIXED PRECIP               0
HEAVY RAIN                8     RAIN                       9
LIGHT RAIN               19     FREEZING RAIN              0
LT FREEZING RAIN          0     HAIL                       0
HEAVY SNOW                0     SNOW                       0
LIGHT SNOW                0     SLEET                      0
FOG                      17     FOG W/VIS <= 1/4 MILE      1
HAZE                      4

-  INDICATES NEGATIVE NUMBERS.
R  INDICATES RECORD WAS SET OR TIED.
MM INDICATES DATA IS MISSING.
T  INDICATES TRACE AMOUNT.

$$
