000
CXUS54 KEWX 221437
CLMDRT

CLIMATE REPORT
NATIONAL WEATHER SERVICE AUSTIN/SAN ANTONIO, TX
934 AM CDT SAT AUG 22 2015

...................................

...THE DEL RIO CLIMATE SUMMARY FOR THE MONTH OF JULY 2015...

CLIMATE NORMAL PERIOD 1981 TO 2010
CLIMATE RECORD PERIOD 1906 TO 2015

WEATHER         OBSERVED          NORMAL  DEPART  LAST YEAR`S
                 VALUE   DATE(S)  VALUE   FROM    VALUE  DATE(S)
                                          NORMAL
................................................................
TEMPERATURE (F)
HIGHEST           102   07/31                        104  07/30
                        07/30
                        07/27
LOWEST             70   07/02                         71  07/11
AVG. MAXIMUM     96.8              96.6     0.2     97.5
AVG. MINIMUM     75.6              75.2     0.4     76.8
MEAN             86.2              85.9     0.3     87.1
DAYS MAX >= 90     30                                 30
DAYS MAX <= 32      0                                  0
DAYS MIN <= 32      0                                  0
DAYS MIN <= 0       0                                  0

PRECIPITATION (INCHES)
TOTALS           0.04              1.78   -1.74     0.35
DAILY AVG.       0.00              0.06   -0.06     0.01
DAYS >= .01         1                                  3
DAYS >= .10         0                                  2
DAYS >= .50         0                                  0
DAYS >= 1.00        0                                  0
GREATEST
 24 HR. TOTAL    0.04   07/07 TO 07/07
                        07/06 TO 07/07
                        07/07 TO 07/07

SNOWFALL (INCHES)
TOTALS            0.0               0.0     0.0      0.0
SINCE 7/1         0.0               0.0     0.0      0.0

DEGREE_DAYS
HEATING TOTAL       0                 0       0        0
 SINCE 7/1          0                 0       0        0
COOLING TOTAL     665               648      17      695
 SINCE 1/1       1846              1978    -132     2173
.................................................................

WIND (MPH)
AVERAGE WIND SPEED              11.1
HIGHEST WIND SPEED/DIRECTION    23/140    DATE  07/10
HIGHEST GUST SPEED/DIRECTION    32/150    DATE  07/09

SKY COVER
POSSIBLE SUNSHINE (PERCENT)   MM
AVERAGE SKY COVER           0.20
NUMBER OF DAYS FAIR           26
NUMBER OF DAYS PC              5
NUMBER OF DAYS CLOUDY          0

AVERAGE RH (PERCENT)     59

WEATHER CONDITIONS. NUMBER OF DAYS WITH
THUNDERSTORM              0     MIXED PRECIP               0
HEAVY RAIN                0     RAIN                       0
LIGHT RAIN                2     FREEZING RAIN              0
LT FREEZING RAIN          0     HAIL                       0
HEAVY SNOW                0     SNOW                       0
LIGHT SNOW                0     SLEET                      0
FOG                       0     FOG W/VIS <= 1/4 MILE      0
HAZE                      4

-  INDICATES NEGATIVE NUMBERS.
R  INDICATES RECORD WAS SET OR TIED.
MM INDICATES DATA IS MISSING.
T  INDICATES TRACE AMOUNT.

&&

MONTHLY CLIMATE SUMMARY
JULY WAS THE 38TH WARMEST ON RECORD AND THIS TIES WITH JULY
IN 1928 AND 1918.

JULY WAS THE 8TH DRIEST ON RECORD AND THIS TIES WITH JULY IN 1970.

SEA LEVEL PRESSURE DATA FOR JULY
HIGHEST SEA LEVEL PRESSURE WAS 30.08 ON THE 11TH
LOWEST SEA LEVEL PRESSURE WAS 29.70 ON THE 21ST

PRELIMINARY LOCAL CLIMATOLOGICAL DATA (WS FORM: F-6)

                                          STATION:   DEL RIO
                                          MONTH:     JULY
                                          YEAR:      2015
                                          LATITUDE:   29 22 N
                                          LONGITUDE: 100 55 W

  TEMPERATURE IN F:       :PCPN:    SNOW:  WIND      :SUNSHINE: SKY     :PK WND
================================================================================
1   2   3   4   5  6A  6B    7    8   9   10  11  12  13   14  15   16   17  18
                                     12Z  AVG MX 2MIN
DY MAX MIN AVG DEP HDD CDD  WTR  SNW DPTH SPD SPD DIR MIN PSBL S-S WX    SPD DR
================================================================================

 1  90  74  82  -3   0  17 0.00  0.0    0 11.4 21 120   M    M   7        28 120
 2  90  70  80  -5   0  15 0.00  0.0    0 12.3 22 140   M    M   3        29 130
 3  92  73  83  -2   0  18 0.00  0.0    0 12.1 22 150   M    M   4        26 120
 4  93  75  84  -1   0  19    T  0.0    0 11.4 21 120   M    M   5 8      27 110
 5  92  74  83  -3   0  18 0.00  0.0    0 12.9 22 130   M    M   1        29 130
 6  95  77  86   0   0  21 0.00  0.0    0 12.8 21 150   M    M   3        27 150
 7  86  77  82  -4   0  17 0.04  0.0    0  9.5 16 110   M    M   4 8      23 140
 8  91  76  84  -2   0  19    T  0.0    0  8.9 17 110   M    M   6        23 130
 9  94  76  85  -1   0  20 0.00  0.0    0 13.4 22 150   M    M   4        32 150
10  95  74  85  -1   0  20 0.00  0.0    0 13.6 23 140   M    M   0        31 150
11  95  73  84  -2   0  19 0.00  0.0    0 11.4 21 140   M    M   3        27 130
12  97  74  86   0   0  21 0.00  0.0    0 10.0 17 140   M    M   0        25 110
13  98  75  87   1   0  22 0.00  0.0    0  9.3 17 120   M    M   0        23 120
14  98  74  86   0   0  21 0.00  0.0    0 10.7 20 120   M    M   0        26 120
15  97  74  86   0   0  21 0.00  0.0    0 11.1 21 130   M    M   1        25 130
16  95  74  85  -1   0  20 0.00  0.0    0 11.2 20 150   M    M   2 8      25 140
17  98  76  87   1   0  22 0.00  0.0    0 11.2 20 140   M    M   2        27 140
18 100  77  89   3   0  24 0.00  0.0    0 12.9 21 140   M    M   2        31 150
19  99  77  88   2   0  23 0.00  0.0    0 11.6 18 110   M    M   2        25 110
20  99  77  88   2   0  23 0.00  0.0    0 11.5 21 150   M    M   0        27 150
21 100  77  89   3   0  24 0.00  0.0    0 11.2 18 150   M    M   0        26 140
22  99  77  88   2   0  23 0.00  0.0    0 11.0 17 110   M    M   2        23 100
23 101  77  89   3   0  24 0.00  0.0    0 12.3 20 160   M    M   1        27 160
24  98  77  88   2   0  23 0.00  0.0    0 11.0 18 150   M    M   2        24 150
25 100  77  89   3   0  24 0.00  0.0    0 10.5 17 150   M    M   0        23 100
26 102  79  91   5   0  26 0.00  0.0    0 10.4 18 150   M    M   0        23  80
27 102  78  90   4   0  25 0.00  0.0    0 12.0 18 160   M    M   0        25 160
28 100  77  89   3   0  24 0.00  0.0    0 11.3 20 110   M    M   2        26 120
29 101  77  89   3   0  24 0.00  0.0    0 10.6 18 130   M    M   0        25 130
30 102  75  89   3   0  24 0.00  0.0    0  8.5 15 150   M    M   0        20 130
31 102  76  89   2   0  24 0.00  0.0    0  7.0 21  80   M    M   1 8      27  80
================================================================================
SM 3001 2344         0 665  0.04     0.0 345.0          M       57
================================================================================
AV 96.8 75.6                              11.1 FASTST   M    M   2    MAX(MPH)
                                 MISC ---->  # 23 140               # 32  150
================================================================================
NOTES:
# LAST OF SEVERAL OCCURRENCES

COLUMN 17 PEAK WIND IN M.P.H.

SYMBOLS USED IN COLUMN 16
1 = FOG OR MIST
2 = FOG REDUCING VISIBILITY
3 = THUNDER
4 = ICE PELLETS
5 = HAIL
6 = FREEZING RAIN OR DRIZZLE
7 = DUSTSTORM OR SANDSTORM:
8 = SMOKE OR HAZE
9 = BLOWING SNOW
X = TORNADO

$$
