000
CXUS55 KTWC 011521
CLMDUG

CLIMATE REPORT
NATIONAL WEATHER SERVICE TUCSON AZ
819 AM MST FRI AUG 1 2014

...................................

...THE DOUGLAS AZ CLIMATE SUMMARY FOR THE MONTH OF JULY 2014...

CLIMATE NORMAL PERIOD 1981 TO 2010
CLIMATE RECORD PERIOD 1948 TO 2014

WEATHER         OBSERVED          NORMAL  DEPART  LAST YEAR`S
                 VALUE   DATE(S)  VALUE   FROM    VALUE  DATE(S)
                                          NORMAL
................................................................
TEMPERATURE (F)
RECORD
 HIGH             109   07/03/1989
 LOW               53   07/01/2004
HIGHEST           101   07/01       102      -1      101  07/07
LOWEST             62   07/08        59       3       64  07/17
                                                          07/03
AVG. MAXIMUM     93.4              94.3    -0.9     91.2
AVG. MINIMUM     66.4              65.7     0.7     67.0
MEAN             79.9              80.0    -0.1     79.1
DAYS MAX >= 90     25              24.3     0.7       21
DAYS MAX <= 32      0               0.0     0.0        0
DAYS MIN <= 32      0               0.0     0.0        0
DAYS MIN <= 0       0               0.0     0.0        0

PRECIPITATION (INCHES)
RECORD
 MAXIMUM        10.12   2013
 MINIMUM         0.98   2009
TOTALS           4.79              2.95    1.84    10.12
DAILY AVG.       0.16              0.10    0.06     0.33
DAYS >= .01        18              13.6     4.4       20
DAYS >= .10        11               6.9     4.1       14
DAYS >= .50         2               1.7     0.3        9
DAYS >= 1.00        1               0.5     0.5        4
GREATEST
 24 HR. TOTAL    1.73   07/27 TO 07/28           07/08 TO 07/09
                                                          07/31 TO 07/31
                                                          07/31 TO 07/31

DEGREE_DAYS
COOLING TOTAL     455               465     -10      445
 SINCE 1/1       1121              1061      60     1154
..................................................

WIND (MPH)
AVERAGE WIND SPEED              7.1
HIGHEST WIND SPEED/DIRECTION    44/050    DATE  07/27
HIGHEST GUST SPEED/DIRECTION    56/140    DATE  07/12

AVERAGE RH (PERCENT)     53

WEATHER CONDITIONS. NUMBER OF DAYS WITH
THUNDERSTORM              0     MIXED PRECIP               0
HEAVY RAIN                9     RAIN                       9
LIGHT RAIN               17     FREEZING RAIN              0
LT FREEZING RAIN          0     HAIL                       0
HEAVY SNOW                0     SNOW                       0
LIGHT SNOW                0     SLEET                      0
FOG                       5     FOG W/VIS <= 1/4 MILE      1
HAZE                      4

-  INDICATES NEGATIVE NUMBERS.
R  INDICATES RECORD WAS SET OR TIED.
MM INDICATES DATA IS MISSING.
T  INDICATES TRACE AMOUNT.

$$
