000
CXUS53 KDVN 011000
CLMDVN


CLIMATE REPORT
NATIONAL WEATHER SERVICE QUAD CITIES IA IL
500 AM CDT SAT APR 1 2017

...................................

...THE DAVENPORT IA CLIMATE SUMMARY FOR THE MONTH OF MARCH 2017...

CLIMATE NORMAL PERIOD 1981 TO 2010
CLIMATE RECORD PERIOD 9999 TO 9999

WEATHER         OBSERVED          NORMAL  DEPART
                 VALUE   DATE(S)  VALUE   FROM
                                          NORMAL
................................................
TEMPERATURE (F)
HIGHEST            78   03/24        56      22
LOWEST              5   03/15        23     -18
AVG. MAXIMUM     48.1              48.2    -0.1
AVG. MINIMUM     29.6              28.1     1.5
MEAN             38.9              38.2     0.7
DAYS MAX >= 90      0
DAYS MAX <= 32      3
DAYS MIN <= 32     18
DAYS MIN <= 0       0

PRECIPITATION (INCHES)
TOTALS           2.71              2.52    0.19
DAILY AVG.       0.09              0.08    0.01
DAYS >= .01        12
DAYS >= .10         7
DAYS >= .50         1
DAYS >= 1.00        0
GREATEST
 24 HR. TOTAL    1.08   03/29 TO 03/30

SNOWFALL (INCHES)
TOTALS            6.1
SINCE 7/1        25.2
SNOWDEPTH AVG.      T
DAYS >= TRACE       6
DAYS >= 1.0         2
GREATEST
 SNOW DEPTH         5   03/13
 24 HR TOTAL      5.4   03/12 TO 03/13

DEGREE_DAYS
HEATING TOTAL     803               833     -30
 SINCE 7/1       4859              5858    -999
COOLING TOTAL       0                 0       0
 SINCE 1/1          0                 0       0
.................................................

WIND (MPH)
AVERAGE WIND SPEED              12.9
HIGHEST WIND SPEED/DIRECTION    38/270    DATE  03/08
HIGHEST GUST SPEED/DIRECTION    46/280    DATE  03/08

SKY COVER
POSSIBLE SUNSHINE (PERCENT)   MM
AVERAGE SKY COVER           0.50
NUMBER OF DAYS FAIR           12
NUMBER OF DAYS PC             10
NUMBER OF DAYS CLOUDY          9

AVERAGE RH (PERCENT)     67

WEATHER CONDITIONS. NUMBER OF DAYS WITH
THUNDERSTORM              7     HAIL                       1
SLEET                     0     FOG                       13
FOG W/VIS <= 1/4 MILE     2     HAZE                       2

-  INDICATES NEGATIVE NUMBERS.
R  INDICATES RECORD WAS SET OR TIED.
MM INDICATES DATA IS MISSING.
T  INDICATES TRACE AMOUNT.

$$


NOTE: SUPPLEMENTAL CLIMATE DATA WAS USED FROM A NEARBY
CLIMATOLOGICALLY REPRESENTATIVE STATION.
