000
CXUS52 KAKQ 210017
CLMECG


CLIMATE REPORT
NATIONAL WEATHER SERVICE WAKEFIELD, VA
815 PM EDT TUE JUN 20 2017

...................................

...THE ELIZABETH CITY NC CLIMATE SUMMARY FOR THE MONTH OF MAY 2017...

CLIMATE NORMAL PERIOD 1981 TO 2010
CLIMATE RECORD PERIOD 1934 TO 2017

WEATHER         OBSERVED          NORMAL  DEPART  LAST YEAR`S
                 VALUE   DATE(S)  VALUE   FROM    VALUE  DATE(S)
                                          NORMAL
................................................................
TEMPERATURE (F)
RECORD
 HIGH             101   05/23/1941
 LOW               32   05/10/1997
HIGHEST            91   05/17        80      11       87  05/26
LOWEST             45   05/09        54      -9       46  05/16
AVG. MAXIMUM     78.1              76.8     1.3     75.0
AVG. MINIMUM     59.9              56.7     3.2     58.2
MEAN             69.0              66.8     2.2     66.6
DAYS MAX >= 90      1               0.7     0.3        0
DAYS MAX <= 32      0               0.0     0.0        0
DAYS MIN <= 32      0               0.0     0.0        0
DAYS MIN <= 0       0               0.0     0.0        0

PRECIPITATION (INCHES)
RECORD
 MAXIMUM           MM   MM
 MINIMUM           MM   MM
TOTALS           6.05              3.61    2.44     4.36
DAILY AVG.       0.20              0.12    0.08     0.14
DAYS >= .01        15              11.5     3.5       18
DAYS >= .10        11               6.5     4.5        9
DAYS >= .50         4               2.8     1.2        3
DAYS >= 1.00        2               1.1     0.9        0
GREATEST
 24 HR. TOTAL    1.70   05/05 TO 05/05

DEGREE_DAYS
HEATING TOTAL      34                68     -34       58
 SINCE 7/1       2687              3229    -542     2481
COOLING TOTAL     164               122      42      115
 SINCE 1/1        298               164     134      170
.................................................................

WIND (MPH)
AVERAGE WIND SPEED              10.3
HIGHEST WIND SPEED/DIRECTION    39/200    DATE  05/05
HIGHEST GUST SPEED/DIRECTION    53/200    DATE  05/05

SKY COVER
POSSIBLE SUNSHINE (PERCENT)   MM
AVERAGE SKY COVER           0.40

AVERAGE RH (PERCENT)     75

WEATHER CONDITIONS. NUMBER OF DAYS WITH
THUNDERSTORM              9     MIXED PRECIP               0
HEAVY RAIN                9     RAIN                      10
LIGHT RAIN               15     FREEZING RAIN              0
LT FREEZING RAIN          0     HAIL                       0
HEAVY SNOW                0     SNOW                       0
LIGHT SNOW                0     SLEET                      0
FOG                      14     FOG W/VIS <= 1/4 MILE      2
HAZE                      2

-  INDICATES NEGATIVE NUMBERS.
R  INDICATES RECORD WAS SET OR TIED.
MM INDICATES DATA IS MISSING.
T  INDICATES TRACE AMOUNT.

$$
