000
CXUS56 KPQR 011650
CLMEUG


CLIMATE REPORT
NATIONAL WEATHER SERVICE PORTLAND OREGON
950 AM PDT FRI AUG 1 2014

...................................

...THE EUGENE OR CLIMATE SUMMARY FOR THE MONTH OF JULY 2014...

CLIMATE NORMAL PERIOD 1981 TO 2010
CLIMATE RECORD PERIOD 1892 TO 2014

WEATHER         OBSERVED          NORMAL  DEPART  LAST YEAR`S
                 VALUE   DATE(S)  VALUE   FROM    VALUE  DATE(S)
                                          NORMAL
................................................................
TEMPERATURE (F)
HIGHEST            97                                 96  07/24
                                                          07/23
                                                          07/02
LOWEST             47                                 43  07/28
AVG. MAXIMUM     87.5              82.3     5.2     87.2
AVG. MINIMUM     54.1              51.4     2.7     51.4
MEAN             70.8              66.8     4.0     69.3
DAYS MAX >= 90     16               5.2    10.8       11
DAYS MAX <= 32      0               0.0     0.0        0
DAYS MIN <= 32      0               0.0     0.0        0
DAYS MIN <= 0       0               0.0     0.0        0

PRECIPITATION (INCHES)
RECORD
 MAXIMUM         3.38   1916
 MINIMUM         0.00   2013
                        2003
                        1967
TOTALS           0.37              0.54   -0.17     0.00
DAYS >= .01         4               3.1     0.9        0
DAYS >= .10         2               1.2     0.8        0
DAYS >= .50         0               0.3    -0.3        0
DAYS >= 1.00        0               0.0     0.0        0
GREATEST
 24 HR. TOTAL    0.21   07/22 TO 07/23

DEGREE_DAYS
HEATING TOTAL       6                36     -30        6
 SINCE 7/1          6                36     -30        6
COOLING TOTAL     193                93     100      146
 SINCE 1/1        202               117      85      199
.................................................................

WIND (MPH)
AVERAGE WIND SPEED              7.1
RESULTANT WIND SPEED/DIRECTION   3/358
HIGHEST WIND SPEED/DIRECTION    22/030    DATE  07/08
HIGHEST GUST SPEED/DIRECTION    28/030    DATE  07/30

SKY COVER
POSSIBLE SUNSHINE (PERCENT)   MM
AVERAGE SKY COVER           0.30
NUMBER OF DAYS FAIR           18
NUMBER OF DAYS PC             13
NUMBER OF DAYS CLOUDY          0

AVERAGE RH (PERCENT)     60

WEATHER CONDITIONS. NUMBER OF DAYS WITH
THUNDERSTORM              0     MIXED PRECIP               0
HEAVY RAIN                0     RAIN                       1
LIGHT RAIN                4     FREEZING RAIN              0
LT FREEZING RAIN          0     HAIL                       0
HEAVY SNOW                0     SNOW                       0
LIGHT SNOW                0     SLEET                      0
FOG                       7     FOG W/VIS <= 1/4 MILE      0
HAZE                      5

-  INDICATES NEGATIVE NUMBERS.
R  INDICATES RECORD WAS SET OR TIED.
MM INDICATES DATA IS MISSING.
T  INDICATES TRACE AMOUNT.

$$
