000
CXUS52 KMHX 030227
CLMEWN


CLIMATE REPORT
NATIONAL WEATHER SERVICE NEWPORT/MOREHEAD CITY NC
926 PM EST THU FEB 2 2017

...................................

...THE NEW BERN NC CLIMATE SUMMARY FOR THE MONTH OF JANUARY 2017...

CLIMATE NORMAL PERIOD 1981 TO 2010
CLIMATE RECORD PERIOD 1948 TO 2017

WEATHER         OBSERVED          NORMAL  DEPART  LAST YEAR`S
                 VALUE   DATE(S)  VALUE   FROM    VALUE  DATE(S)
                                          NORMAL
................................................................
TEMPERATURE (F)
RECORD
 HIGH              86   01/19/2016
 LOW                1   01/21/1985
HIGHEST            76   01/13                         73  01/31
LOWEST             14   01/09                         20  01/19
AVG. MAXIMUM     59.3              54.5     4.8     53.8
AVG. MINIMUM     38.5              33.9     4.6     32.6
MEAN             48.9              44.2     4.7     43.4
DAYS MAX >= 90      0               0.0     0.0        0
DAYS MAX <= 32      1               0.6     0.4        0
DAYS MIN <= 32      8              13.8    -5.8       18
DAYS MIN <= 0       0               0.0     0.0        0

PRECIPITATION (INCHES)
RECORD
 MAXIMUM         8.08   1966
 MINIMUM         0.77   1951
TOTALS           4.25              4.02    0.23     3.71
DAILY AVG.       0.14              0.13    0.01     0.12
DAYS >= .01        14              10.2     3.8        8
DAYS >= .10         7               6.9     0.1        5
DAYS >= .50         3               2.8     0.2        2
DAYS >= 1.00        2               1.0     1.0        1
GREATEST
 24 HR. TOTAL    1.54   01/01 TO 01/02

SNOWFALL (INCHES)
RECORDS
 TOTAL             MM   5
 24 HR TOTAL       MM
 SNOW DEPTH        MM   MM
TOTALS              T               0.2    -0.2        T
 LIQUID EQUIV      MM              0.00      MM       MM
SINCE 7/1           T               1.1    -1.1        T
 LIQUID 7/1        MM              0.10      MM       MM
SNOWDEPTH AVG.      0                MM      MM        0
DAYS >= TRACE       1               0.1     0.9        1
DAYS >= 1.0         0               0.1    -0.1        0
GREATEST
 SNOW DEPTH         0   MM                             0  MM
 24 HR TOTAL        T   01/07 TO 01/07
 STORM TOTAL       MM                                 MM
 (MM/DD(HH))

DEGREE_DAYS
HEATING TOTAL     490               646    -156      618
 SINCE 7/1       1423              1640    -217     1105
.................................................................

WIND (MPH)
AVERAGE WIND SPEED              6.6
RESULTANT WIND SPEED/DIRECTION   2/283
HIGHEST WIND SPEED/DIRECTION    29/210    DATE  01/31
HIGHEST GUST SPEED/DIRECTION    37/210    DATE  01/31

SKY COVER
POSSIBLE SUNSHINE (PERCENT)   MM
AVERAGE SKY COVER           0.40
NUMBER OF DAYS FAIR           13
NUMBER OF DAYS PC             11
NUMBER OF DAYS CLOUDY          7

AVERAGE RH (PERCENT)     71

WEATHER CONDITIONS. NUMBER OF DAYS WITH
THUNDERSTORM              3     MIXED PRECIP               0
HEAVY RAIN                4     RAIN                       5
LIGHT RAIN               15     FREEZING RAIN              0
LT FREEZING RAIN          1     HAIL                       0
HEAVY SNOW                0     SNOW                       0
LIGHT SNOW                1     SLEET                      0
FOG                      18     FOG W/VIS <= 1/4 MILE      6
HAZE                      2

-  INDICATES NEGATIVE NUMBERS.
R  INDICATES RECORD WAS SET OR TIED.
MM INDICATES DATA IS MISSING.
T  INDICATES TRACE AMOUNT.

$$
