000
CXUS56 KHNX 011415
CLMFAT


CLIMATE REPORT
NATIONAL WEATHER SERVICE SAN JOAQUIN VALLEY - HANFORD CA
715 AM PDT FRI MAY 1 2015

...................................

...THE FRESNO CA CLIMATE SUMMARY FOR THE MONTH OF APRIL 2015...

CLIMATE NORMAL PERIOD 1981 TO 2010
CLIMATE RECORD PERIOD 1887 TO 2015

WEATHER         OBSERVED          NORMAL  DEPART  LAST YEAR`S
                 VALUE   DATE(S)  VALUE   FROM    VALUE  DATE(S)
                                          NORMAL
................................................................
TEMPERATURE (F)
RECORD
 HIGH             101   04/24/1910
                        04/25/1898
 LOW               32   04/07/1982
                        04/01/1975
                        04/09/1953
HIGHEST            93   04/30        MM      MM       93  04/30
LOWEST             43   04/08        MM      MM       43  04/01
AVG. MAXIMUM     77.6              74.6     3.0     80.0
AVG. MINIMUM     51.0              49.4     1.6     53.6
MEAN             64.3              62.0     2.3     66.8
DAYS MAX >= 90      3               1.8     1.2        6
DAYS MIN <= 32      0               0.0     0.0        0

PRECIPITATION (INCHES)
RECORD
 MAXIMUM         4.41   1967
TOTALS           1.25              0.95    0.30     0.74
DAYS >= .01         2               4.5    -2.5        3
DAYS >= .10         2               2.3    -0.3        2
DAYS >= .50         2               0.5     1.5        1
DAYS >= 1.00        0               0.1    -0.1        0
GREATEST
 24 HR. TOTAL    0.69   04/25 TO 04/25

SNOWFALL (INCHES)
RECORDS
 TOTAL           0.00   MM
TOTALS            0.0               0.0

DEGREE_DAYS
HEATING TOTAL      85               136     -51       68
 SINCE 7/1       1494              2313    -819     1501
COOLING TOTAL      70                46      24      132
 SINCE 1/1        128                51      77      144
.................................................................

WIND (MPH)
AVERAGE WIND SPEED              7.0
HIGHEST WIND SPEED/DIRECTION    29/310    DATE  04/14
HIGHEST GUST SPEED/DIRECTION    38/310    DATE  04/14

AVERAGE RH (PERCENT)     48

WEATHER CONDITIONS. NUMBER OF DAYS WITH
THUNDERSTORM              0     RAIN                       2
HAIL                      0     FOG                        2
FOG W/VIS <= 1/4 MILE     0     HAZE                       2

-  INDICATES NEGATIVE NUMBERS.
R  INDICATES RECORD WAS SET OR TIED.
MM INDICATES DATA IS MISSING.
T  INDICATES TRACE AMOUNT.

$$

SANGER/OCHS

WEATHER.GOV/HANFORD
