000
CXUS52 KRAH 011356
CLMFAY


CLIMATE REPORT
NATIONAL WEATHER SERVICE RALEIGH NC
953 AM EDT SUN OCT 1 2017

...................................

...THE FAYETTEVILLE REGL AIRPORT NC CLIMATE SUMMARY FOR THE MONTH OF SEPTEMBER 2017...

CLIMATE NORMAL PERIOD 1981 TO 2010
CLIMATE RECORD PERIOD 1910 TO 2017

WEATHER         OBSERVED          NORMAL  DEPART  LAST YEAR`S
                 VALUE   DATE(S)  VALUE   FROM    VALUE
                                          NORMAL
.............................................................
TEMPERATURE (F)
RECORD
 HIGH             106   09/18/1931
 LOW               28   09/20/1941
HIGHEST            95   09/28                         97
LOWEST             54   09/10                         61
AVG. MAXIMUM     85.8              83.6     2.2     87.4
AVG. MINIMUM     65.1              63.7     1.4     69.2
MEAN             75.5              73.6     1.9     78.3
DAYS MAX >= 90      6                                 12
DAYS MAX <= 32      0                                  0
DAYS MIN <= 32      0                                  0
DAYS MIN <= 0       0                                  0

PRECIPITATION (INCHES)
RECORD
 MAXIMUM        13.39   1999
TOTALS           3.73              4.40   -0.67    11.12
DAYS >= .01         5
DAYS >= .10         4
DAYS >= .50         1
DAYS >= 1.00        1
GREATEST
 24 HR. TOTAL    2.79   09/01 TO 09/01

DEGREE_DAYS
HEATING TOTAL       2                 9      -7        0
 SINCE 7/1          2                 9      -7        0
COOLING TOTAL     324               268      56      406
 SINCE 1/1       2303              1908     395     2400
..............................................................

WIND (MPH)
AVERAGE WIND SPEED              6.8
HIGHEST WIND SPEED/DIRECTION    29/260    DATE  09/05
HIGHEST GUST SPEED/DIRECTION    37/260    DATE  09/05

SKY COVER
POSSIBLE SUNSHINE (PERCENT)   MM
AVERAGE SKY COVER           0.20
NUMBER OF DAYS FAIR           21
NUMBER OF DAYS PC              8
NUMBER OF DAYS CLOUDY          1

AVERAGE RH (PERCENT)     74

WEATHER CONDITIONS. NUMBER OF DAYS WITH
THUNDERSTORM              5     MIXED PRECIP               0
HEAVY RAIN                1     RAIN                       3
LIGHT RAIN                6     FREEZING RAIN              0
LT FREEZING RAIN          0     HAIL                       0
HEAVY SNOW                0     SNOW                       0
LIGHT SNOW                0     SLEET                      0
FOG                       7     FOG W/VIS <= 1/4 MILE      0
HAZE                      0

-  INDICATES NEGATIVE NUMBERS.
R  INDICATES RECORD WAS SET OR TIED.
MM INDICATES DATA IS MISSING.
T  INDICATES TRACE AMOUNT.

&&

RECORDS

THE HIGH TEMPERATURE AT FAYETTEVILLE REGIONAL AIRPORT ON SEPTEMBER
27TH, 2017 WAS 94 DEGREES. THIS TIED THE RECORD HIGH TEMPERATURE,
LAST SET IN 1986.

THE LOW TEMPERATURE AT FAYETTEVILLE REGIONAL AIRPORT ON SEPTEMBER
27TH, 2017 WAS 73 DEGREES. THIS TIED THE RECORD HIGH MINIMUM
TEMPERATURE, LAST SET IN 2011.

THE HIGH TEMPERATURE AT THE FAYETTEVILLE REGIONAL AIRPORT ON
SEPTEMBER 28TH, 2017 WAS 95 DEGREES. THIS TIED THE RECORD HIGH
TEMPERATURE, LAST SET IN 1933.


$$
