000
CXUS53 KLMK 011144
CLMFFT


CLIMATE REPORT
NATIONAL WEATHER SERVICE LOUISVILLE KY
742 AM EDT FRI AUG 1 2014

...................................

...THE FRANKFORT KY CLIMATE SUMMARY FOR THE MONTH OF JULY 2014...

CLIMATE NORMAL PERIOD 1981 TO 2010
CLIMATE RECORD PERIOD 1895 TO 2014

WEATHER         OBSERVED          NORMAL  DEPART  LAST YEAR`S
                 VALUE   DATE(S)  VALUE   FROM    VALUE  DATE(S)
                                          NORMAL
................................................................
TEMPERATURE (F)
RECORD
 HIGH             111   07/15/1936
 LOW               48   07/01/1937
                        07/02/1937
                        07/23/1947
HIGHEST            94   07/13        MM      MM       94  07/17
LOWEST             50   07/29        MM      MM       52  07/29
AVG. MAXIMUM     82.9              86.9    -4.0     82.8
AVG. MINIMUM     60.8              65.7    -4.9     65.0
MEAN             71.9              76.3    -4.4     73.9
DAYS MAX >= 90      4               8.8    -4.8        5
DAYS MAX <= 32      0               0.0     0.0        0
DAYS MIN <= 32      0               0.0     0.0        0
DAYS MIN <= 0       0               0.0     0.0        0

PRECIPITATION (INCHES)
RECORD
 MAXIMUM         9.80   1928
 MINIMUM         0.18   1930
TOTALS           3.03              4.39   -1.36     7.72
DAILY AVG.       0.10              0.14   -0.04     0.25
DAYS >= .01         9                MM      MM       15
DAYS >= .10         7                MM      MM       10
DAYS >= .50         2                MM      MM        6
DAYS >= 1.00        1                MM      MM        2
GREATEST
 24 HR. TOTAL    1.54   07/26 TO 07/27

SNOWFALL (INCHES)
RECORDS
 TOTAL             MM   MM
TOTALS             MM                MM      MM       MM
SINCE 7/1          MM                MM      MM       MM
SNOWDEPTH AVG.     MM                MM      MM       MM
DAYS >= 1.0         0                MM      MM        0
GREATEST
 SNOW DEPTH        MM                                 MM  MM
 24 HR TOTAL       MM

DEGREE_DAYS
HEATING TOTAL       3                 0       3        1
 SINCE 7/1          3                 0       3        1
COOLING TOTAL     225               350    -125      284
 SINCE 1/1        612               685     -73      644
.................................................................

WIND (MPH)
AVERAGE WIND SPEED              5.1
HIGHEST WIND SPEED/DIRECTION    30/240    DATE  07/01
HIGHEST GUST SPEED/DIRECTION    45/230    DATE  07/01

SKY COVER
POSSIBLE SUNSHINE (PERCENT)   MM
AVERAGE SKY COVER           0.30
NUMBER OF DAYS FAIR           19
NUMBER OF DAYS PC             11
NUMBER OF DAYS CLOUDY          1

AVERAGE RH (PERCENT)     71

WEATHER CONDITIONS. NUMBER OF DAYS WITH
THUNDERSTORM              7     MIXED PRECIP               0
HEAVY RAIN                3     RAIN                       5
LIGHT RAIN               11     FREEZING RAIN              0
LT FREEZING RAIN          0     HAIL                       0
HEAVY SNOW                0     SNOW                       0
LIGHT SNOW                0     SLEET                      0
FOG                      14     FOG W/VIS <= 1/4 MILE      3
HAZE                      2

-  INDICATES NEGATIVE NUMBERS.
R  INDICATES RECORD WAS SET OR TIED.
MM INDICATES DATA IS MISSING.
T  INDICATES TRACE AMOUNT.

$$
