000
CXUS53 KLMK 011115 RRB
CLMFFT

CLIMATE REPORT
NATIONAL WEATHER SERVICE LOUISVILLE KY
611 AM EST MON FEB 1 2016

...................................

...THE FRANKFORT KY CLIMATE SUMMARY FOR THE MONTH OF JANUARY 2016...

CLIMATE NORMAL PERIOD 1981 TO 2010
CLIMATE RECORD PERIOD 1895 TO 2016

WEATHER         OBSERVED          NORMAL  DEPART  LAST YEAR`S
                 VALUE   DATE(S)  VALUE   FROM    VALUE  DATE(S)
                                          NORMAL
................................................................
TEMPERATURE (F)
RECORD
 HIGH              80   01/24/1943
 LOW              -27   01/19/1994
                        01/20/1994
HIGHEST            67   01/31        MM      MM       62  01/03
LOWEST              3   01/24        MM      MM       -1  01/08
AVG. MAXIMUM     40.9              41.7    -0.8     40.0
AVG. MINIMUM     22.1              23.4    -1.3     21.3
MEAN             31.5              32.5    -1.0     30.7
DAYS MAX >= 90      0               0.0     0.0        0
DAYS MAX <= 32      8               6.8     1.2        8
DAYS MIN <= 32     27              23.6     3.4       27
DAYS MIN <= 0       0               1.0    -1.0        1

PRECIPITATION (INCHES)
RECORD
 MAXIMUM        16.77   1937
 MINIMUM         0.37   1981
TOTALS           1.45              3.26   -1.81     1.46
DAILY AVG.       0.05              0.11   -0.06     0.05
DAYS >= .01         9                MM      MM        9
DAYS >= .10         5                MM      MM        5
DAYS >= .50         0                MM      MM        0
DAYS >= 1.00        0                MM      MM        0
GREATEST
 24 HR. TOTAL    0.39   01/09 TO 01/10

SNOWFALL (INCHES)
RECORDS
 TOTAL             MM   MM
TOTALS             MM                MM      MM       MM
SINCE 7/1          MM                MM      MM       MM
SNOWDEPTH AVG.     MM                MM      MM       MM
DAYS >= 1.0         0                MM      MM        0
GREATEST
 SNOW DEPTH        MM                                 MM  MM
 24 HR TOTAL       MM

DEGREE_DAYS
HEATING TOTAL    1030              1006      24     1057
 SINCE 7/1       2294              2838    -544     3003
COOLING TOTAL       0                 0       0        0
 SINCE 1/1          0                 0       0        0
.................................................................

WIND (MPH)
AVERAGE WIND SPEED              7.8
HIGHEST WIND SPEED/DIRECTION    30/210    DATE  01/31
HIGHEST GUST SPEED/DIRECTION    41/220    DATE  01/31

SKY COVER
POSSIBLE SUNSHINE (PERCENT)   MM
AVERAGE SKY COVER           0.50
NUMBER OF DAYS FAIR           13
NUMBER OF DAYS PC              9
NUMBER OF DAYS CLOUDY          9

AVERAGE RH (PERCENT)     66

WEATHER CONDITIONS. NUMBER OF DAYS WITH
THUNDERSTORM              0     MIXED PRECIP               0
HEAVY RAIN                1     RAIN                       2
LIGHT RAIN                6     FREEZING RAIN              0
LT FREEZING RAIN          0     HAIL                       0
HEAVY SNOW                0     SNOW                       3
LIGHT SNOW                8     SLEET                      0
FOG                      11     FOG W/VIS <= 1/4 MILE      3
HAZE                      8

-  INDICATES NEGATIVE NUMBERS.
R  INDICATES RECORD WAS SET OR TIED.
MM INDICATES DATA IS MISSING.
T  INDICATES TRACE AMOUNT.

$$
