000
CXUS53 KFGF 011020
CLMFGF

BISCLMFGF 000
TTAA00 KFGF 010957


CLIMATE REPORT
NATIONAL WEATHER SERVICE EASTERN NORTH DAKOTA/GRAND FORKS
419 AM CST WED MAR 1 2017

...................................

...THE GRAND FORKS UNIV. (NWS) CLIMATE SUMMARY FOR THE MONTH OF FEBRUARY 2017...

CLIMATE NORMAL PERIOD 1981 TO 2010
CLIMATE RECORD PERIOD 1890 TO 2017

WEATHER         OBSERVED          NORMAL  DEPART  LAST YEAR`S
                 VALUE   DATE(S)  VALUE   FROM    VALUE
                                          NORMAL
.............................................................
TEMPERATURE (F)
RECORD
 HIGH              67   02/22/2000
 LOW              -42   02/16/1936
HIGHEST            48   02/17        23      25
LOWEST            -12   02/08         5     -17
AVG. MAXIMUM     28.0              22.4     5.6
AVG. MINIMUM     11.8               4.6     7.2
MEAN             19.9              13.5     6.4
DAYS MAX >= 90      0               0.0     0.0
DAYS MAX <= 32     15              20.5    -5.5
DAYS MIN <= 32     27              27.5    -0.5
DAYS MIN <= 0       6              11.4    -5.4

PRECIPITATION (INCHES)
RECORD
 MAXIMUM         2.19   1930
 MINIMUM         0.01   1935
TOTALS           0.50              0.59   -0.09
DAILY AVG.       0.02              0.02    0.00
DAYS >= .01         7               6.2     0.8
DAYS >= .10         2               2.1    -0.1
DAYS >= .50         0               0.1    -0.1
DAYS >= 1.00        0               0.0     0.0
GREATEST
 24 HR. TOTAL    0.18   02/20 TO 02/20              0.22
 STORM TOTAL       MM                                 MM
 (MM/DD(HH))            MM

SNOWFALL (INCHES)
RECORDS
 TOTAL           19.6   1943
                        1922
TOTALS            5.2               6.9    -1.7
 LIQUID EQUIV    0.52              0.70   -0.18
SINCE 7/1        42.9              35.3     7.6
 LIQUID 7/1      4.29
DAYS >= TRACE       9               5.9     3.1
DAYS >= 1.0         3               2.3     0.7
GREATEST
 SNOW DEPTH        10   02/08

DEGREE_DAYS
HEATING TOTAL    1258              1442    -184
 SINCE 7/1       5948              6960   -1012
COOLING TOTAL       0                 0       0
 SINCE 1/1          0                 0       0
..............................................................

SKY COVER
POSSIBLE SUNSHINE (PERCENT)   MM
AVERAGE SKY COVER             MM
NUMBER OF DAYS FAIR            0
NUMBER OF DAYS PC              0
NUMBER OF DAYS CLOUDY          0


WEATHER CONDITIONS. NUMBER OF DAYS WITH
THUNDERSTORM              0     MIXED PRECIP               0
HEAVY RAIN                0     RAIN                       0
LIGHT RAIN                0     FREEZING RAIN              0
LT FREEZING RAIN          0     HAIL                       0
HEAVY SNOW                1     SNOW                       2
LIGHT SNOW                6     SLEET                      0
FOG                       1     FOG W/VIS <= 1/4 MILE      1
HAZE                      3

-  INDICATES NEGATIVE NUMBERS.
R  INDICATES RECORD WAS SET OR TIED.
MM INDICATES DATA IS MISSING.
T  INDICATES TRACE AMOUNT.

&&

FEBRUARY 2017 AT NWS GRAND FORKS WAS THE 16TH WARMEST ON RECORD
DATING BACK TO 1893. THE AVERAGE TEMPERATURE WAS 19.9 DEGREES WHICH
IS 6.4F DEGREES ABOVE THE NORMAL 13.5F. MOST OF THE WARMTH OCCURRED
DURING AN EXTREMELY WARM PERIOD DURING THE MIDDLE OF THE MONTH WHICH
CAUSED A DAILY RECORD HIGH AT NWS GRAND FORKS ON THE 19TH WITH 46F
DEGREES.

WITH RESPECT TO PRECIPITATION THE 0.50 INCHES OF FEB 2017 WAS JUST
0.09 INCHES BELOW THE NORMAL 0.59 INCHES. AS FOR SNOWFALL, THE 5.2
INCHES MEASURED WAS 1.7 INCHES BELOW THE NORMAL 6.9 INCHES.

REMEMBER...THIS DATA IS PROVISIONAL AND SUBJECT TO CHANGE. THE FINAL
AND OFFICIAL RECORDS WILL BE AVAILABLE FROM THE FROM THE NATIONAL
CENTERS FOR ENVIRONMENTAL INFORMATION (FORMERLY THE NATIONAL CLIMATE
DATA CENTER).



$$
