000
CXUS53 KFGF 011036
CLMFGF

BISCLMFGF 000
TTAA00 KFGF 010955


CLIMATE REPORT
NATIONAL WEATHER SERVICE EASTERN NORTH DAKOTA/GRAND FORKS
344 AM CST SUN JAN 1 2017

...................................

...THE GRAND FORKS UNIV. (NWS) CLIMATE SUMMARY FOR THE MONTH OF DECEMBER 2016...

CLIMATE NORMAL PERIOD 1981 TO 2010
CLIMATE RECORD PERIOD 1890 TO 2016

WEATHER         OBSERVED          NORMAL  DEPART  LAST YEAR`S
                 VALUE   DATE(S)  VALUE   FROM    VALUE
                                          NORMAL
.............................................................
TEMPERATURE (F)
RECORD
 HIGH              65   12/06/1939
 LOW              -37   12/28/1933
HIGHEST            35   12/20        20      15
LOWEST            -21   12/18         4     -25
AVG. MAXIMUM     20.5              20.1     0.4
AVG. MINIMUM      6.1               4.3     1.8
MEAN             13.3              12.2     1.1
DAYS MAX >= 90      0               0.0     0.0
DAYS MAX <= 32     26              25.1     0.9
DAYS MIN <= 32     31              30.9     0.1
DAYS MIN <= 0      11              11.7    -0.7

PRECIPITATION (INCHES)
RECORD
 MAXIMUM         2.29   1918
 MINIMUM            T   1994
TOTALS           1.84              0.65    1.19
DAILY AVG.       0.06              0.02    0.04
DAYS >= .01        12               6.6     5.4
DAYS >= .10         7               2.1     4.9
DAYS >= .50         0               0.1    -0.1
DAYS >= 1.00        0               0.0     0.0
GREATEST
 24 HR. TOTAL    0.43   12/06 TO 12/06              0.34
 STORM TOTAL       MM                                 MM
 (MM/DD(HH))            MM

SNOWFALL (INCHES)
RECORDS
 TOTAL           46.4   1996
TOTALS           25.6              10.9    14.7
 LIQUID EQUIV    2.56              1.10    1.46
SINCE 7/1        26.5              18.0     8.5
 LIQUID 7/1      2.65
DAYS >= TRACE      22               7.8    14.2
DAYS >= 1.0         8               3.2     4.8
GREATEST
 SNOW DEPTH        13   12/07

DEGREE_DAYS
HEATING TOTAL    1593              1637     -44
 SINCE 7/1       3047              3731    -684
COOLING TOTAL       0                 0       0
 SINCE 1/1        461               463      -2
..............................................................

SKY COVER
POSSIBLE SUNSHINE (PERCENT)   MM
AVERAGE SKY COVER             MM
NUMBER OF DAYS FAIR            0
NUMBER OF DAYS PC              0
NUMBER OF DAYS CLOUDY          0


WEATHER CONDITIONS. NUMBER OF DAYS WITH
THUNDERSTORM              0     MIXED PRECIP               0
HEAVY RAIN                0     RAIN                       0
LIGHT RAIN                0     FREEZING RAIN              0
LT FREEZING RAIN          0     HAIL                       0
HEAVY SNOW                0     SNOW                       1
LIGHT SNOW                9     SLEET                      0
FOG                       1     FOG W/VIS <= 1/4 MILE      0
HAZE                      0

-  INDICATES NEGATIVE NUMBERS.
R  INDICATES RECORD WAS SET OR TIED.
MM INDICATES DATA IS MISSING.
T  INDICATES TRACE AMOUNT.

REMARKS...

GRAND FORKS WAS A WET AND SNOWY AREA DURING THE MONTH OF DECEMBER
2016. THE 25.6 INCHES OF ACCUMULATING SNOW WAS 5TH HIGHEST ON THE
LIST OF SNOWIEST DECEMBERS. THIS IS 15 INCHES ABOVE AVERAGE. IN
TERMS OF LIQUID EQUIVALENT, 1.84 INCHES RECEIVED TURNED OUT BE THE
3RD HIGHEST ON RECORD FOR DECEMBER. TEMPERATURES WERE VERY CLOSE TO
DECEMBER AVERAGES.

THERE WERE TWO DAILY SNOWFALL RECORDS SET DURING THE MONTH. DECEMBER
5 AND 6 EACH RECORDED 8.8 INCHES OF DAILY SNOWFALL, RECORDS FOR
BOTH OF THOSE DAYS.

REMEMBER...THIS DATA IS PROVISIONAL AND SUBJECT TO CHANGE. THE FINAL
AND OFFICIAL RECORDS WILL BE AVAILABLE FROM THE FROM THE NATIONAL
CENTERS FOR ENVIRONMENTAL INFORMATION (FORMERLY THE NATIONAL CLIMATE
DATA CENTER).

$$
