000
CXUS52 KMFL 011346
CLMFLL


CLIMATE REPORT
NATIONAL WEATHER SERVICE MIAMI, FL
946 AM EDT WED JUL 1 2015

...................................

...THE FORT LAUDERDALE CLIMATE SUMMARY FOR THE MONTH OF JUNE 2015...

CLIMATE NORMAL PERIOD 1981 TO 2010
CLIMATE RECORD PERIOD 1839 TO 2015

WEATHER         OBSERVED          NORMAL  DEPART  LAST YEAR`S
                 VALUE   DATE(S)  VALUE   FROM    VALUE
                                          NORMAL
.............................................................
TEMPERATURE (F)
RECORD
 HIGH             100   06/22/2009
 LOW               57   06/04/1933
HIGHEST            95   06/30                         95
LOWEST             71   06/02                         71
AVG. MAXIMUM     88.7              88.8    -0.1     88.6
AVG. MINIMUM     78.1              77.4     0.7     75.2
MEAN             83.4              83.1     0.3     81.9
DAYS MAX >= 90     13                                 14
DAYS MAX <= 32      0                                  0
DAYS MIN <= 32      0                                  0
DAYS MIN <= 0       0                                  0

PRECIPITATION (INCHES)
RECORD
 MAXIMUM        24.37   1992
 MINIMUM         0.70   1952
TOTALS           1.09             10.16   -9.07     8.64
DAILY AVG.       0.04              0.34   -0.30     0.29
DAYS >= .01        10                                 17
DAYS >= .10         4                                 13
DAYS >= .50         0                                  5
DAYS >= 1.00        0                                  4
GREATEST
 24 HR. TOTAL    0.49   06/10 TO 06/11              2.84

DEGREE_DAYS
HEATING TOTAL       0                 0       0        0
 SINCE 7/1         97               112     -15       81
COOLING TOTAL     562               543      19      516
 SINCE 1/1       2098              1961     137     2051
..............................................................

WIND (MPH)
AVERAGE WIND SPEED              8.9
HIGHEST WIND SPEED/DIRECTION    25/210    DATE  06/10
HIGHEST GUST SPEED/DIRECTION    38/210    DATE  06/10

SKY COVER
POSSIBLE SUNSHINE (PERCENT)   MM
AVERAGE SKY COVER           0.60
NUMBER OF DAYS FAIR            4
NUMBER OF DAYS PC             22
NUMBER OF DAYS CLOUDY          4

AVERAGE RH (PERCENT)     74

WEATHER CONDITIONS. NUMBER OF DAYS WITH
THUNDERSTORM              8     MIXED PRECIP               0
HEAVY RAIN                1     RAIN                       4
LIGHT RAIN               11     FREEZING RAIN              0
LT FREEZING RAIN          0     HAIL                       0
HEAVY SNOW                0     SNOW                       0
LIGHT SNOW                0     SLEET                      0
FOG                       6     FOG W/VIS <= 1/4 MILE      0
HAZE                      4

-  INDICATES NEGATIVE NUMBERS.
R  INDICATES RECORD WAS SET OR TIED.
MM INDICATES DATA IS MISSING.
T  INDICATES TRACE AMOUNT.

...............................................................

................DATA FOR HOLLYWOOD.....JUNE 2015................
.....NORMALS USED FOR COMPARISON ARE FORT LAUDERDALE (FLL).....


...TEMPERATURE DATA...

AVERAGE FOR THE MONTH .... 82.1 OR 1.0 DEGREES BELOW NORMAL.
AVERAGE MAXIMUM .......... 87.3 OR 1.5 DEGREES BELOW NORMAL.
AVERAGE MINIMUM .......... 76.9 OR 0.5 DEGREES BELOW NORMAL.

HIGHEST TEMPERATURE FOR THE MONTH: 92 DEGREES ON THE 26TH.
LOWEST  TEMPERATURE FOR THE MONTH: 70 DEGREES ON THE 11TH.


...PRECIPITATION...

TOTAL FOR THE MONTH 1.52 INCHES OR 8.64 INCHES BELOW NORMAL.
TOTAL FOR THE YEAR 26.48 INCHES OR 1.17 INCHES BELOW NORMAL.
GREATEST 24-HOUR PERIOD RAINFALL 0.60 INCHES ON THE 11TH.

NUMBER OF DAYS HAVING 0.01 INCHES OR MORE ... 5.
NUMBER OF DAYS HAVING 0.10 INCHES OR MORE ... 3.
NUMBER OF DAYS HAVING 0.50 INCHES OR MORE ... 2.
NUMBER OF DAYS HAVING 1.00 INCHES OR MORE ... 0.

$$
