000
CXUS53 KDTX 081522 AAA
CLMFNT

CLIMATE REPORT
NATIONAL WEATHER SERVICE DETROIT/PONTIAC MI
840 AM EDT MON JUN 8 2015

...................................

...THE FLINT MI CLIMATE SUMMARY FOR THE MONTH OF MAY 2015...

CLIMATE NORMAL PERIOD 1981 TO 2010
CLIMATE RECORD PERIOD 1921 TO 2015

WEATHER         OBSERVED          NORMAL  DEPART
                 VALUE   DATE(S)  VALUE   FROM
                                          NORMAL
................................................
TEMPERATURE (F)
RECORD
 HIGH              93   05/28/2012
                        05/31/1988
                        54/01/2206
 LOW               22   05/10/1966
HIGHEST            86   05/08        MM      MM
                        05/07
LOWEST             36   05/23        MM      MM
                        05/14
AVG. MAXIMUM     74.5              68.5     6.0
AVG. MINIMUM     51.3              45.3     6.0
MEAN             62.9              56.9     6.0
DAYS MAX >= 90      0               0.1    -0.1
DAYS MAX <= 32      0               0.0     0.0
DAYS MIN <= 32      0               1.5    -1.5
DAYS MIN <= 0       0               0.0     0.0

PRECIPITATION (INCHES)
RECORD
 MAXIMUM         8.19   2004
 MINIMUM         0.34   1988
TOTALS           3.40              3.08    0.32
DAILY AVG.       0.11              0.10    0.01
DAYS >= .01        14              11.1     2.9
DAYS >= .10         9               6.5     2.5
DAYS >= .50         2               2.0     0.0
DAYS >= 1.00        0               0.5    -0.5
GREATEST
 24 HR. TOTAL    1.10   05/30 TO 05/31
 STORM TOTAL       MM
 (MM/DD(HH))            MM

SNOWFALL (INCHES)
RECORDS
 TOTAL           12.0   1923
                        0
                        0
TOTALS            0.0                 T     0.0
 LIQUID EQUIV    0.00                MM      MM
SINCE 7/1        45.3              47.4    -2.1
 LIQUID 7/1      4.53
DAYS >= TRACE       0               0.0     0.0
DAYS >= 1.0         0               0.0     0.0
GREATEST
 SNOW DEPTH         0   MM
 24 HR TOTAL      0.0   05/31 TO 05/31
 STORM TOTAL       MM
 (MM/DD(HH))            MM

DEGREE_DAYS
HEATING TOTAL     131               280    -149
 SINCE 7/1       6920              6887      33
COOLING TOTAL      75                28      47
 SINCE 1/1         75                32      43

FREEZE DATES
RECORD
 EARLIEST     MM
 LATEST       MM
EARLIEST                        MM
LATEST                          MM
.................................................

WIND (MPH)
AVERAGE WIND SPEED              8.6
HIGHEST WIND SPEED/DIRECTION    30/280    DATE  05/29
HIGHEST GUST SPEED/DIRECTION    41/270    DATE  05/25

SKY COVER
POSSIBLE SUNSHINE (PERCENT)   MM
AVERAGE SKY COVER           0.50
NUMBER OF DAYS FAIR           12
NUMBER OF DAYS PC             12
NUMBER OF DAYS CLOUDY          7

AVERAGE RH (PERCENT)     64

WEATHER CONDITIONS. NUMBER OF DAYS WITH
THUNDERSTORM              2     MIXED PRECIP               0
HEAVY RAIN                5     RAIN                       7
LIGHT RAIN               17     FREEZING RAIN              0
LT FREEZING RAIN          0     HAIL                       0
HEAVY SNOW                0     SNOW                       0
LIGHT SNOW                0     SLEET                      0
FOG                      12     FOG W/VIS <= 1/4 MILE      6
HAZE                      7

-  INDICATES NEGATIVE NUMBERS.
R  INDICATES RECORD WAS SET OR TIED.
MM INDICATES DATA IS MISSING.
T  INDICATES TRACE AMOUNT.

$$
================================================================
       SOUTHEAST MICHIGAN CLIMATE SUMMARY FOR MAY 2015


MAY 2015 MONTHLY STATISTICS AND RANKINGS
-----------------------------------------------------------------

PRECIPITATION
                ACTUAL    NORMAL     DEPARTURE     RANKING
DETROIT AREA    5.53"      3.38"      +2.15"     12TH WETTEST
FLINT AREA      3.40"      3.08"      +0.32"     38TH WETTEST
SAGINAW         3.34"      3.38"      -0.04"     40TH WETTEST

WATER YEAR SINCE JANUARY 1

                ACTUAL    NORMAL*    DEPARTURE     RANKING
DETROIT AREA    11.74"    12.54"      -0.80"     58TH DRIEST
FLINT AREA       8.12"    10.99"      -2.87"     12TH DRIEST
SAGINAW          8.64"    11.65"      -3.01"     18TH DRIEST

      *NORMAL TO DATE (AS OF MAY 31, 2015)

AVERAGE TEMPERATURE
                ACTUAL    NORMAL     DEPARTURE     RANKING
DETROIT AREA     64.5      59.7        +4.8       7TH WARMEST
FLINT AREA       62.9      56.9        +6.0       6TH WARMEST
SAGINAW          61.6      57.3        +4.3      10TH WARMEST

AVERAGE HIGH TEMPERATURE
                ACTUAL    NORMAL     DEPARTURE     RANKING
DETROIT AREA     75.1      69.9        +5.2       9TH WARMEST
FLINT AREA       74.5      68.5        +6.0      12TH WARMEST
SAGINAW          72.9      68.0        +4.9       8TH WARMEST

AVERAGE LOW TEMPERATURE
                ACTUAL    NORMAL     DEPARTURE     RANKING
DETROIT AREA     54.0      49.4        +4.6       9TH WARMEST
FLINT AREA       51.3      45.3        +6.0       6TH WARMEST
SAGINAW          50.3      46.6        +3.7      10TH WARMEST


DETROIT AREA HAS A CLIMATE RECORD DATING TO NOVEMBER 1874
FLINT AREA HAS A CLIMATE RECORD DATING TO JANUARY 1921
SAGINAW HAS A CLIMATE RECORD DATING TO 1912
