000
CXUS53 KIWX 011504
CLMFWA

INDCLMFWA 000
TTAA00 KIWX 011410


CLIMATE REPORT
NATIONAL WEATHER SERVICE NORTHERN INDIANA
1009 AM EDT TUE AUG 1 2017

...................................

...THE FORT WAYNE CLIMATE SUMMARY FOR THE MONTH OF JULY 2017...

CLIMATE NORMAL PERIOD 1981 TO 2010
CLIMATE RECORD PERIOD 1897 TO 2017

WEATHER         OBSERVED          NORMAL  DEPART  LAST YEAR`S
                 VALUE   DATE(S)  VALUE   FROM    VALUE  DATE(S)
                                          NORMAL
................................................................
TEMPERATURE (F)
RECORD
 HIGH             106   07/14/1936
                        07/22/1934
 LOW               38   07/02/1904
HIGHEST            90   07/18        MM      MM       92  07/23
                                                          07/12
LOWEST             52   07/09        MM      MM       51  07/02
AVG. MAXIMUM     83.2              84.4    -1.2     85.2
AVG. MINIMUM     63.8              62.7     1.1     64.1
MEAN             73.5              73.6    -0.1
DAYS MAX >= 90      1               5.4    -4.4        5
DAYS MAX <= 32      0               0.0     0.0        0
DAYS MIN <= 32      0               0.0     0.0        0
DAYS MIN <= 0       0               0.0     0.0        0

PRECIPITATION (INCHES)
RECORD
 MAXIMUM        11.00   1986
 MINIMUM         0.41   1974
TOTALS           4.36              4.24    0.12     1.12
DAILY AVG.       0.14              0.14    0.00     0.04
DAYS >= .01         9               9.8    -0.8        9
DAYS >= .10         5               6.8    -1.8        3
DAYS >= .50         3               2.7     0.3        0
DAYS >= 1.00        2               1.3     0.7        0
GREATEST
 24 HR. TOTAL    3.01   06/30 TO 07/01
                        07/01 TO 07/02
                        07/02 TO 07/03

SNOWFALL (INCHES)
RECORDS
 TOTAL              T   2014
TOTALS            0.0               0.0     0.0      0.0
SINCE 7/1         0.0               0.0     0.0      0.0
SNOWDEPTH AVG.      0                MM      MM        0
DAYS >= 1.0         0               0.0     0.0        0
GREATEST
 SNOW DEPTH         0   MM                             0
 24 HR TOTAL      0.0   07/31 TO 07/31

DEGREE_DAYS
HEATING TOTAL       0                 3      -3        3
 SINCE 7/1          0                 3      -3        3
COOLING TOTAL     273               267       6      310
 SINCE 1/1        552               506      46      590
.................................................................

WIND (MPH)
AVERAGE WIND SPEED              6.8
HIGHEST WIND SPEED/DIRECTION    32/290    DATE  07/03
HIGHEST GUST SPEED/DIRECTION    42/220    DATE  07/10

SKY COVER
POSSIBLE SUNSHINE (PERCENT)   MM
AVERAGE SKY COVER           0.60
NUMBER OF DAYS FAIR            8
NUMBER OF DAYS PC             16
NUMBER OF DAYS CLOUDY          7

AVERAGE RH (PERCENT)     72

WEATHER CONDITIONS. NUMBER OF DAYS WITH
THUNDERSTORM              0     MIXED PRECIP               0
HEAVY RAIN                3     RAIN                       5
LIGHT RAIN                9     FREEZING RAIN              0
LT FREEZING RAIN          0     HAIL                       1
HEAVY SNOW                0     SNOW                       0
LIGHT SNOW                0     SLEET                      0
FOG                      13     FOG W/VIS <= 1/4 MILE      0
HAZE                      1

-  INDICATES NEGATIVE NUMBERS.
R  INDICATES RECORD WAS SET OR TIED.
MM INDICATES DATA IS MISSING.
T  INDICATES TRACE AMOUNT.

&&

...NEAR NORMAL TEMPERATURES AND SLIGHTLY ABOVE NORMAL PRECIPITATION
THIS MONTH...

TEMPERATURES AVERAGED CLOSE TO NORMAL IN JULY AND PRECIPITATION WAS
SPREAD RATHER EVENLY THROUGHOUT THE MONTH LEADING TO A SLIGHTLY
BELOW NORMAL JULY. THERE WERE A COUPLE PERIODS OF WARM TEMPERATURES
AND VERY HUMID CONDITIONS, BUT THE HIGH TEMPERATURE ONLY REACHED 90
DEGREES ONCE DURING THE MONTH ON JULY 18TH.

THE AVERAGE MONTHLY TEMPERATURE WAS 73.5 DEGREES, 0.1 DEGREES BELOW
NORMAL. THIS RANKED AS THE 52ND COOLEST JULY ON RECORD.

THERE WAS 4.36 INCHES OF PRECIPITATION, 0.12 ABOVE NORMAL. THIS
RANKED AS THE 31ST WETTEST JULY ON RECORD. MEASURABLE PRECIPITATION
FELL ON 9 DAYS AND 0.50 INCH OR MORE FELL ON 3 DIFFERENT DAYS. 1.89
INCHES OF RAIN FELL ON THE 10TH, BARELY BREAKING THE PREVIOUS RECORD
OF 1.87 INCHES IN 1992.

$$
