000
CXUS53 KIWX 012214
CLMFWA

CLIMATE REPORT
NATIONAL WEATHER SERVICE NORTHERN INDIANA
503 PM EST FRI DEC 1 2017

...................................

...THE FORT WAYNE CLIMATE SUMMARY FOR THE MONTH OF NOVEMBER 2017...

CLIMATE NORMAL PERIOD 1981 TO 2010
CLIMATE RECORD PERIOD 1897 TO 2017

WEATHER         OBSERVED          NORMAL  DEPART  LAST YEAR`S
                 VALUE   DATE(S)  VALUE   FROM    VALUE  DATE(S)
                                          NORMAL
................................................................
TEMPERATURE (F)
RECORD
 HIGH              79   11/01/2016
                        11/01/1950
 LOW                    11/30/1958
                        11/25/1950
                        11/24/1950
HIGHEST            68   11/05        MM      MM       79  11/01
LOWEST             21   11/11        MM      MM       22  11/22
AVG. MAXIMUM     50.2              49.9     0.3     55.7
AVG. MINIMUM     33.7              32.9     0.8     36.2
MEAN             42.0              41.4     0.6
DAYS MAX >= 90      0               0.0     0.0        0
DAYS MAX <= 32      1               1.4    -0.4        0
DAYS MIN <= 32     14              14.4    -0.4        8
DAYS MIN <= 0       0               0.0     0.0        0

PRECIPITATION (INCHES)
RECORD
 MAXIMUM         8.01   1992
 MINIMUM         0.23   1917
TOTALS           5.49              3.09    2.40     2.16
DAILY AVG.       0.18              0.10    0.08     0.07
DAYS >= .01        10              11.2    -1.2        7
DAYS >= .10         7               6.8     0.2        4
DAYS >= .50         2               1.7     0.3        3
DAYS >= 1.00        2               0.5     1.5        0
GREATEST
 24 HR. TOTAL    2.96   11/18 TO 11/18

SNOWFALL (INCHES)
RECORDS
 TOTAL           14.1   1950
TOTALS              T               1.8    -1.8      0.4
SINCE 7/1           T               2.1    -2.1      0.4
SNOWDEPTH AVG.      0                MM      MM        0
DAYS >= 1.0         0               0.5    -0.5        0
GREATEST
 SNOW DEPTH         0   MM                             0
 24 HR TOTAL        T   11/12 TO 11/12

DEGREE_DAYS
HEATING TOTAL     681               708     -27      569
 SINCE 7/1       1053              1217    -164      845
COOLING TOTAL       0                 0       0        4
 SINCE 1/1        836               809      27     1104
.................................................................

WIND (MPH)
AVERAGE WIND SPEED              9.6
HIGHEST WIND SPEED/DIRECTION    30/230    DATE  11/28
HIGHEST GUST SPEED/DIRECTION    39/270    DATE  11/16

SKY COVER
POSSIBLE SUNSHINE (PERCENT)   MM
AVERAGE SKY COVER           0.70
NUMBER OF DAYS FAIR            3
NUMBER OF DAYS PC             11
NUMBER OF DAYS CLOUDY         16

AVERAGE RH (PERCENT)     71

WEATHER CONDITIONS. NUMBER OF DAYS WITH
THUNDERSTORM              0     MIXED PRECIP               0
HEAVY RAIN                3     RAIN                       6
LIGHT RAIN               14     FREEZING RAIN              0
LT FREEZING RAIN          0     HAIL                       0
HEAVY SNOW                0     SNOW                       0
LIGHT SNOW                2     SLEET                      0
FOG                      13     FOG W/VIS <= 1/4 MILE      1
HAZE                      1

-  INDICATES NEGATIVE NUMBERS.
R  INDICATES RECORD WAS SET OR TIED.
MM INDICATES DATA IS MISSING.
T  INDICATES TRACE AMOUNT.

&&

...NOVEMBER VERY WET WITH NEAR NORMAL TEMPERATURES...

WHILE THE LAST WEEK OF NOVEMBER EXPERIENCED NEAR NORMAL TO ABOVE
NORMAL TEMPERATURES AND BELOW NORMAL PRECIPITATION...THE SECOND AND
THIRD WEEKS OF THE MONTH WERE COOL AND GENERALLY WET. THIS WAS A
REVERSAL FROM A WARM AND DRY OCTOBER. DESPITE BEING VERY WET, ONLY A
TRACE OF SNOWFALL WAS RECORDED DURING THE ENTIRE MONTH.

THE AVERAGE MONTHLY TEMPERATURE WAS 42.0 DEGREES, 0.6 DEGREES ABOVE
NORMAL. THIS RANKED AS THE 37TH WARMEST NOVEMBER ON RECORD AT FORT
WAYNE. THE WARMEST TEMPERATURE WAS 68 ON THE 5TH. THE COLDEST
TEMPERATURE OF 21 OCCURRED ON THE 11TH.

TOTAL PRECIPITATION FOR THE MONTH WAS 5.49 INCHES WHICH WAS 2.40
INCHES ABOVE NORMAL. THIS RANKED AS THE 4TH WETTEST NOVEMBER ON
RECORD. MORE THAN HALF OF THE TOTAL MONTHLY PRECIPITATION FELL ON
JUST ONE DAY, THE 18TH WITH 2.96 INCHES BEING MEASURED. THIS BROKE
THE DAILY RAINFALL RECORD FOR THE 18TH AND ALSO SET A NEW SINGLE DAY
MONTHLY RAINFALL RECORD FOR NOVEMBER AT FORT WAYNE. THE PREVIOUS
SINGLE DAY NOVEMBER RAINFALL RECORD WAS 2.53 INCHES SET ON NOVEMBER
29TH, 2011. ALL OF THE MONTHLY PRECIPITATION FELL ON JUST 10 DAYS
THIS MONTH.

THERE WAS ONLY A TRACE OF SNOWFALL RECORDED IN NOVEMBER. SINCE A
TRACE IS CONSIDERED NON-MEASURABLE, THIS TIED WITH 22 OTHER YEARS IN
WHICH NO MEASURABLE SNOWFALL OCCURRED IN NOVEMBER.

$$
