000
CXUS54 KTSA 011230
CLMFYV

CLIMATE REPORT
NATIONAL WEATHER SERVICE TULSA OK
630 AM CST THU JAN 1 2015

...................................

...THE FAYETTEVILLE ARKANSAS CLIMATE SUMMARY FOR THE MONTH OF DECEMBER 2014...

CLIMATE NORMAL PERIOD 1981 TO 2010
CLIMATE RECORD PERIOD 1905 TO 2014

WEATHER         OBSERVED          NORMAL  DEPART  LAST YEAR`S
                 VALUE   DATE(S)  VALUE   FROM    VALUE  DATE(S)
                                          NORMAL
................................................................
TEMPERATURE (F)
RECORD
 HIGH              78   12/31/1951
 LOW              -14   12/23/1963
HIGHEST            62   12/14        48     -14       68  12/03
LOWEST             20   12/29        25      -5        8  12/12
                                                          12/07
AVG. MAXIMUM     47.2              48.0    -0.8     45.5
AVG. MINIMUM     33.7              26.9     6.8     23.4
MEAN             40.5              37.5     3.0     34.4
DAYS MAX >= 90      0               0.0     0.0        0
DAYS MAX <= 32      1               2.6    -1.6        5
DAYS MIN <= 32     13              22.0    -9.0       23
DAYS MIN <= 0       0               0.5    -0.5        0

PRECIPITATION (INCHES)
RECORD
 MAXIMUM         8.54   1982
 MINIMUM         0.26   1955
TOTALS           2.64              3.24   -0.60     4.10
DAILY AVG.       0.09              0.10   -0.01     0.13
DAYS >= .01        10               8.4     1.6        8
DAYS >= .10         4               5.3    -1.3        6
DAYS >= .50         3               2.3     0.7        3
DAYS >= 1.00        0               1.0    -1.0        1
GREATEST
 24 HR. TOTAL    0.79   12/14 TO 12/15           12/20 TO 12/21
                                                          12/21 TO 12/21
                                                          12/21 TO 12/21

SNOWFALL (INCHES)
RECORDS
 TOTAL              T   2010
 24 HR TOTAL        T   12/25/2010 TO 12/25/2010
TOTALS              TR              1.5    -1.5      7.0
SINCE 7/1           T               1.7    -1.7      7.0
SNOWDEPTH AVG.      0                MM      MM        1
DAYS >= TRACE       3               0.9     2.1        7
DAYS >= 1.0         0               0.6    -0.6        1
GREATEST
 SNOW DEPTH         0   MM                             6  12/07
 24 HR TOTAL        TR  12/27 TO 12/27           12/21 TO 12/21
                                                          12/21 TO 12/21
                                                          12/21 TO 12/21

DEGREE_DAYS
HEATING TOTAL     755               854     -99      938
 SINCE 7/1       1680              1683      -3     1827
COOLING TOTAL       0                 0       0        0
 SINCE 1/1       1237              1308     -71     1390
..................................................

WIND (MPH)
AVERAGE WIND SPEED              5.5
HIGHEST WIND SPEED/DIRECTION    29/180    DATE  12/25
HIGHEST GUST SPEED/DIRECTION    37/200    DATE  12/25

SKY COVER
POSSIBLE SUNSHINE (PERCENT)   MM
AVERAGE SKY COVER           0.70
NUMBER OF DAYS FAIR            5
NUMBER OF DAYS PC              8
NUMBER OF DAYS CLOUDY         18

AVERAGE RH (PERCENT)     84

WEATHER CONDITIONS. NUMBER OF DAYS WITH
THUNDERSTORM              0     MIXED PRECIP               0
HEAVY RAIN                3     RAIN                       4
LIGHT RAIN               13     FREEZING RAIN              0
LT FREEZING RAIN          0     HAIL                       0
HEAVY SNOW                0     SNOW                       0
LIGHT SNOW                0     SLEET                      0
FOG                      24     FOG W/VIS <= 1/4 MILE      4
HAZE                      1

-  INDICATES NEGATIVE NUMBERS.
R  INDICATES RECORD WAS SET OR TIED.
MM INDICATES DATA IS MISSING.
T  INDICATES TRACE AMOUNT.

&&
-------------------------------------------------------------------
 YEARLY PRECIPITATION (INCHES):
 TOTAL.....................39.08
 DEPARTURE FROM NORMAL.....-9.43
$$
