000
CXUS53 KUNR 011602
CLMGCC


CLIMATE REPORT
NATIONAL WEATHER SERVICE RAPID CITY SD
1001 AM MDT FRI AUG 1 2014

...................................

...THE GILLETTE AIRPORT WY CLIMATE SUMMARY FOR THE MONTH OF JULY 2014...

CLIMATE NORMAL PERIOD 1981 TO 2010
CLIMATE RECORD PERIOD 9999 TO 9999

WEATHER         OBSERVED          NORMAL  DEPART  LAST YEAR`S
                 VALUE   DATE(S)  VALUE   FROM    VALUE  DATE(S)
                                          NORMAL
................................................................
TEMPERATURE (F)
HIGHEST           101   07/24                         99  07/11
LOWEST             44R  07/27                         51  07/26
AVG. MAXIMUM     86.1              86.6    -0.5     86.2
AVG. MINIMUM     54.1              56.0    -1.9     57.4
MEAN             70.1              71.3    -1.2     71.8
DAYS MAX >= 90      9                                  7
DAYS MAX <= 32      0                                  0
DAYS MIN <= 32      0                                  0
DAYS MIN <= 0       0                                  0

PRECIPITATION (INCHES)
TOTALS           0.38              1.66   -1.28     2.89
DAILY AVG.       0.01              0.05   -0.04     0.09
DAYS >= .01         5                                  8
DAYS >= .10         1                                  6
DAYS >= .50         0                                  3
DAYS >= 1.00        0                                  1
GREATEST
 24 HR. TOTAL    0.22   07/29 TO 07/29              1.34

DEGREE_DAYS
HEATING TOTAL      13                19      -6        0
 SINCE 7/1         13                19      -6        0
COOLING TOTAL     179               214     -35      218
 SINCE 1/1        202               282     -80      272
.................................................................

WIND (MPH)
AVERAGE WIND SPEED              8.1
HIGHEST WIND SPEED/DIRECTION    33/170    DATE  07/03
HIGHEST GUST SPEED/DIRECTION    78/330    DATE  07/07

AVERAGE RH (PERCENT)     53

WEATHER CONDITIONS. NUMBER OF DAYS WITH
THUNDERSTORM              0     MIXED PRECIP               0
HEAVY RAIN                2     RAIN                       1
LIGHT RAIN               11     FREEZING RAIN              0
LT FREEZING RAIN          0     HAIL                       0
HEAVY SNOW                0     SNOW                       0
LIGHT SNOW                0     SLEET                      0
FOG                       3     FOG W/VIS <= 1/4 MILE      0
HAZE                      8

-  INDICATES NEGATIVE NUMBERS.
R  INDICATES RECORD WAS SET OR TIED.
MM INDICATES DATA IS MISSING.
T  INDICATES TRACE AMOUNT.

$$
