000
CXUS51 KALY 010943
CLMGFL


CLIMATE REPORT
NATIONAL WEATHER SERVICE ALBANY NY
440 AM EST SUN FEB 1 2015

...................................

...THE GLENS FALLS NY CLIMATE SUMMARY FOR THE MONTH OF JANUARY 2015...

CLIMATE NORMAL PERIOD 1981 TO 2010
CLIMATE RECORD PERIOD 1949 TO 2015

WEATHER         OBSERVED          NORMAL  DEPART  LAST YEAR`S
                 VALUE   DATE(S)  VALUE   FROM    VALUE  DATE(S)
                                          NORMAL
................................................................
TEMPERATURE (F)
HIGHEST            44   01/04                         52  01/11
LOWEST            -19   01/14                        -25  01/04
                                                          01/03
AVG. MAXIMUM     26.4              28.5    -2.1     26.3
AVG. MINIMUM      3.9               7.4    -3.5      5.6
MEAN             15.1              18.0    -2.9     16.0
DAYS MAX >= 90      0               0.0     0.0        0
DAYS MAX <= 32     24              18.7     5.3       20
DAYS MIN <= 32     31              30.3     0.7       30
DAYS MIN <= 0      12               9.4     2.6       12

PRECIPITATION (INCHES)
RECORD
 MAXIMUM         7.49   1999
 MINIMUM         0.35   1970
TOTALS           1.49              2.86   -1.37     1.93
DAILY AVG.       0.05              0.09   -0.04     0.06
DAYS >= .01         8              11.6    -3.6       11
DAYS >= .10         3               5.8    -2.8        3
DAYS >= .50         2               1.7     0.3        2
DAYS >= 1.00        0               0.6    -0.6        0
GREATEST
 24 HR. TOTAL    0.74   01/03 TO 01/04

DEGREE_DAYS
HEATING TOTAL    1539              1458      81     1510
 SINCE 7/1       4071              4396    -325     4449
COOLING TOTAL       0                 0       0        0
 SINCE 1/1          0                 0       0        0

FREEZE DATES
RECORD
 EARLIEST     08/29/1982
 LATEST       06/01/2009
EARLIEST                        09/29
LATEST                          05/13
.................................................................

WIND (MPH)
AVERAGE WIND SPEED              6.0
HIGHEST WIND SPEED/DIRECTION    29/300    DATE  01/05
HIGHEST GUST SPEED/DIRECTION    38/270    DATE  01/07

SKY COVER
AVERAGE SKY COVER           0.50

AVERAGE RH (PERCENT)     65

WEATHER CONDITIONS. NUMBER OF DAYS WITH
THUNDERSTORM              0     MIXED PRECIP               0
HEAVY RAIN                0     RAIN                       1
LIGHT RAIN                2     FREEZING RAIN              2
LT FREEZING RAIN          2     HAIL                       0
HEAVY SNOW                0     SNOW                       5
LIGHT SNOW               13     SLEET                      0
FOG                      16     FOG W/VIS <= 1/4 MILE      3
HAZE                     16

-  INDICATES NEGATIVE NUMBERS.
R  INDICATES RECORD WAS SET OR TIED.
MM INDICATES DATA IS MISSING.
T  INDICATES TRACE AMOUNT.

$$
