000
CXUS55 KGGW 021952
CLMGGW

GGWCLMWRK 000
TTAA00 KGGW 021941


CLIMATE REPORT
NATIONAL WEATHER SERVICE GLASGOW MT
1239 PM MST MON FEB 2 2015

...................................

...THE GLASGOW CLIMATE SUMMARY FOR THE MONTH OF JANUARY 2015...

CLIMATE NORMAL PERIOD 1981 TO 2010
CLIMATE RECORD PERIOD 1893 TO 2015

WEATHER         OBSERVED          NORMAL  DEPART  LAST YEAR`S
                 VALUE   DATE(S)  VALUE   FROM    VALUE  DATE(S)
                                          NORMAL
................................................................
TEMPERATURE (F)
RECORD
 HIGH              62   01/17/1919
 LOW              -56   01/12/1916
HIGHEST            51   01/27                         50  01/25
                        01/26
LOWEST            -19   01/04                        -26  01/06
AVG. MAXIMUM     29.3              23.4     5.9     28.9
AVG. MINIMUM      9.7               4.2     5.5      7.5
MEAN             19.5              13.8     5.7     18.2
DAYS MAX >= 90      0                                  0
DAYS MAX <= 32     13                                 15
DAYS MIN <= 32     31                                 31
DAYS MIN <= 0      11                                 11

PRECIPITATION (INCHES)
RECORD
 MAXIMUM         2.52   1916
 MINIMUM            T   1973
TOTALS           0.80              0.37    0.43     0.13
DAILY AVG.       0.03              0.01    0.02     0.00
DAYS >= .01        11                                  4
DAYS >= .10         5                                  0
DAYS >= .50         0                                  0
DAYS >= 1.00        0                                  0
GREATEST
 24 HR. TOTAL    0.17   01/31 TO 01/31

SNOWFALL (INCHES)
RECORDS
 TOTAL           41.6   2011
 SNOW DEPTH        25   01/30/2004
TOTALS           20.5               8.0    12.5      1.1
 LIQUID EQUIV    2.05              0.80    1.25     0.11
SINCE 7/1        32.1              22.6     9.5     19.9
 LIQUID 7/1      3.21              2.30    0.91     1.99
SNOWDEPTH AVG.      2                                  2
DAYS >= TRACE      11                                 13
DAYS >= 1.0         5                                  0
GREATEST
 SNOW DEPTH         6   01/08                          6  01/03
                        01/07                             01/02
                                                          01/01
 24 HR TOTAL      6.7   01/05

DEGREE_DAYS
HEATING TOTAL    1406              1587    -181     1442
 SINCE 7/1       4806              5089    -283     5132
COOLING TOTAL       0                 0       0        0
 SINCE 1/1          0                 0       0        0
.................................................................

WIND (MPH)
AVERAGE WIND SPEED              9.7
RESULTANT WIND SPEED/DIRECTION   3/311
HIGHEST WIND SPEED/DIRECTION    48/330    DATE  01/08
HIGHEST GUST SPEED/DIRECTION    55/340    DATE  01/08

SKY COVER
POSSIBLE SUNSHINE (PERCENT)   MM
AVERAGE SKY COVER           0.30
NUMBER OF DAYS FAIR           17
NUMBER OF DAYS PC              9
NUMBER OF DAYS CLOUDY          5

AVERAGE RH (PERCENT)     74

WEATHER CONDITIONS. NUMBER OF DAYS WITH
THUNDERSTORM              0     MIXED PRECIP               0
HEAVY RAIN                0     RAIN                       0
LIGHT RAIN                2     FREEZING RAIN              1
LT FREEZING RAIN          0     HAIL                       0
HEAVY SNOW                2     SNOW                       3
LIGHT SNOW               11     SLEET                      0
FOG                      11     FOG W/VIS <= 1/4 MILE      3
HAZE                      7

-  INDICATES NEGATIVE NUMBERS.
R  INDICATES RECORD WAS SET OR TIED.
MM INDICATES DATA IS MISSING.
T  INDICATES TRACE AMOUNT.

&&

THE MONTH OF JANUARY WAS BOTH WARMER AND WETTER THAN NORMAL. THE
AVERAGE TEMPERATURE WAS 19.5 DEGREES...5.7 DEGREES ABOVE NORMAL. THE
AVERAGE HIGH FOR THE MONTH WAS 29.3 DEGREES...WITH AN AVERAGE LOW OF
9.7 DEGREES.

THE HIGH TEMPERATURE REACHED 40 DEGREES OR WARMER ON ELEVEN
DAYS...THE WARMEST BEING ON THE 26TH AND 27TH WHEN THE HIGH REACHED 51
DEGREES. ONLY ELEVEN DAYS HAD LOW TEMPERATURES OF ZERO OR COLDER. THE
COLDEST DAY WAS THE 4TH...WITH A LOW OF 19 BELOW. THREE RECORDS WERE
SET DURING THE MONTH. ON THE 4TH THE LOW OF 19 DEGREES BELOW ZERO
SURPASSED A RECORD MINIMUM FOR THAT DATE. ON THE 26TH AND 27TH
RECORD MAXIMUMS WERE SET WHEN THE HIGHS REACHED 51 DEGREES.

0.80 INCH OF MOISTURE FELL IN GLASGOW DURING JANUARY...WHICH WAS
0.43 INCH ABOVE NORMAL. THE MONTH WAS THE 20TH WETTEST JANUARY ON
RECORD. MEASURABLE PRECIPITATION FELL ON ELEVEN DAYS DURING THE
MONTH. THE MOST FELL ON THE 31ST WITH A MEASUREMENT OF 0.17 INCH.

20.5 INCHES OF SNOW FELL DURING THE MONTH...MAKING IT THE 6TH
HIGHEST TOTAL SNOWFALL IN JANUARY ON RECORD. A DAILY SNOWFALL RECORD
WAS SET ON THE 5TH WHEN 6.7 INCHES WAS RECORDED. AVERAGE SNOWFALL
FOR THE MONTH OF JANUARY IS 8.0 INCHES.

THE WIND GUSTED TO 30 MPH OR GREATER ON NINE DAYS. THE PEAK GUST FOR
THE MONTH WAS 55 MPH ON THE 8TH.

LOOKING AHEAD TO FEBRUARY...NORMAL HIGHS FOR THE MONTH BEGIN IN THE
MID 20S AND END IN THE LOWER 30S. NORMAL LOWS FOR THE MONTH START
OUT AROUND 6 DEGREES...WINDING UP THE MONTH IN THE MID TEENS.
AVERAGE MOISTURE OF THE MONTH IS 0.26 INCH...WHILE THE AVERAGE
SNOWFALL IS 4.4 INCHES.
