000
CXUS54 KJAN 011152
CLMGLH


CLIMATE REPORT
NATIONAL WEATHER SERVICE JACKSON MS
650 AM CDT SAT JUL 1 2017

...................................

...THE GREENVILLE CLIMATE SUMMARY FOR THE MONTH OF JUNE 2017...

CLIMATE NORMAL PERIOD 1981 TO 2010
CLIMATE RECORD PERIOD 1903 TO 2017

WEATHER         OBSERVED          NORMAL  DEPART  LAST YEAR`S
                 VALUE   DATE(S)  VALUE   FROM    VALUE  DATE(S)
                                          NORMAL
................................................................
TEMPERATURE (F)
RECORD
 HIGH             105   06/20/1936
 LOW               49   06/03/1956
HIGHEST            93   06/16        MM      MM       98  06/26
LOWEST             56   06/09        MM      MM       62  06/07
AVG. MAXIMUM     86.3              89.1    -2.8     91.5
AVG. MINIMUM     67.7              68.9    -1.2     71.4
MEAN             77.0              79.0    -2.0     81.5
DAYS MAX >= 90      5              13.8    -8.8       23
DAYS MAX <= 32      0               0.0     0.0        0
DAYS MIN <= 32      0               0.0     0.0        0
DAYS MIN <= 0       0               0.0     0.0        0

PRECIPITATION (INCHES)
RECORD
 MAXIMUM         9.63   1957
 MINIMUM            T   1952
TOTALS           4.48              4.04    0.44     1.25
DAILY AVG.       0.15              0.13    0.02     0.04
DAYS >= .01        12                MM      MM        5
DAYS >= .10         7                MM      MM        4
DAYS >= .50         3                MM      MM        0
DAYS >= 1.00        1                MM      MM        0
GREATEST
 24 HR. TOTAL    1.73   06/16 TO 06/16              0.50

SNOWFALL (INCHES)
TOTALS            0.0

DEGREE_DAYS
HEATING TOTAL       0                 0       0        0
 SINCE 7/1       1830              2774    -944     1925
COOLING TOTAL     366               420     -54      500
 SINCE 1/1        763               742      21      842
.................................................................

WIND (MPH)
AVERAGE WIND SPEED              7.3
HIGHEST WIND SPEED/DIRECTION    38/060    DATE  06/16
HIGHEST GUST SPEED/DIRECTION    47/060    DATE  06/16

SKY COVER
POSSIBLE SUNSHINE (PERCENT)   MM
AVERAGE SKY COVER           0.30
NUMBER OF DAYS FAIR           17
NUMBER OF DAYS PC             13
NUMBER OF DAYS CLOUDY          0

AVERAGE RH (PERCENT)     75

WEATHER CONDITIONS. NUMBER OF DAYS WITH
THUNDERSTORM             12     MIXED PRECIP               0
HEAVY RAIN               10     RAIN                      11
LIGHT RAIN               17     FREEZING RAIN              0
LT FREEZING RAIN          0     HAIL                       0
HEAVY SNOW                0     SNOW                       0
LIGHT SNOW                0     SLEET                      0
FOG                      14     FOG W/VIS <= 1/4 MILE      1
HAZE                      4

-  INDICATES NEGATIVE NUMBERS.
R  INDICATES RECORD WAS SET OR TIED.
MM INDICATES DATA IS MISSING.
T  INDICATES TRACE AMOUNT.

$$
