000
CXUS54 KJAN 011007
CLMGLH


CLIMATE REPORT
NATIONAL WEATHER SERVICE JACKSON MS
503 AM CDT SAT OCT 1 2016

...................................

...THE GREENVILLE CLIMATE SUMMARY FOR THE MONTH OF SEPTEMBER 2016...

CLIMATE NORMAL PERIOD 1981 TO 2010
CLIMATE RECORD PERIOD 1920 TO 2016

WEATHER         OBSERVED          NORMAL  DEPART  LAST YEAR`S
                 VALUE   DATE(S)  VALUE   FROM    VALUE  DATE(S)
                                          NORMAL
................................................................
TEMPERATURE (F)
RECORD
 HIGH             107   09/08/1925
                        09/06/1925
 LOW               37   09/29/1942
HIGHEST            98   09/15        MM      MM      100  09/05
LOWEST             53   09/28        MM      MM       50  09/14
                                                          09/13
AVG. MAXIMUM     91.9              86.7     5.2     91.0
AVG. MINIMUM     67.9              63.0     4.9     64.4
MEAN             79.9              74.9     5.0     77.7
DAYS MAX >= 90     23               9.9    13.1       19
DAYS MAX <= 32      0               0.0     0.0        0
DAYS MIN <= 32      0               0.0     0.0        0
DAYS MIN <= 0       0               0.0     0.0        0

PRECIPITATION (INCHES)
RECORD
 MAXIMUM        15.19   1958
 MINIMUM         0.00   1931
TOTALS           0.68              3.08   -2.40     0.50
DAILY AVG.       0.02              0.10   -0.08     0.02
DAYS >= .01         3                MM      MM        3
DAYS >= .10         2                MM      MM        1
DAYS >= .50         0                MM      MM        0
DAYS >= 1.00        0                MM      MM        0
GREATEST
 24 HR. TOTAL    0.48   09/24 TO 09/25              0.46

SNOWFALL (INCHES)
TOTALS            0.0

DEGREE_DAYS
HEATING TOTAL       0                 6      -6        0
 SINCE 7/1          0                 6      -6        0
COOLING TOTAL     454               301     153      389
 SINCE 1/1       2466              2080     386     2353
.................................................................

WIND (MPH)
AVERAGE WIND SPEED              5.8
HIGHEST WIND SPEED/DIRECTION    25/170    DATE  09/16
HIGHEST GUST SPEED/DIRECTION    34/160    DATE  09/16

SKY COVER
POSSIBLE SUNSHINE (PERCENT)   MM
AVERAGE SKY COVER           0.20
NUMBER OF DAYS FAIR           26
NUMBER OF DAYS PC              4
NUMBER OF DAYS CLOUDY          0

AVERAGE RH (PERCENT)     64

WEATHER CONDITIONS. NUMBER OF DAYS WITH
THUNDERSTORM              3     MIXED PRECIP               0
HEAVY RAIN                1     RAIN                       3
LIGHT RAIN               10     FREEZING RAIN              0
LT FREEZING RAIN          0     HAIL                       0
HEAVY SNOW                0     SNOW                       0
LIGHT SNOW                0     SLEET                      0
FOG                      10     FOG W/VIS <= 1/4 MILE      1
HAZE                     12

-  INDICATES NEGATIVE NUMBERS.
R  INDICATES RECORD WAS SET OR TIED.
MM INDICATES DATA IS MISSING.
T  INDICATES TRACE AMOUNT.

$$
