000
CXUS52 KJAX 011317
CLMGNV

CLIMATE REPORT
NATIONAL WEATHER SERVICE JACKSONVILLE FL
904 AM EDT FRI SEP 1 2017

...................................

...THE GAINESVILLE CLIMATE SUMMARY FOR THE MONTH OF AUGUST 2017...

CLIMATE NORMAL PERIOD 1981 TO 2010
CLIMATE RECORD PERIOD 1890 TO 2017

WEATHER         OBSERVED          NORMAL  DEPART  LAST YEAR`S
                 VALUE   DATE(S)  VALUE   FROM    VALUE  DATE(S)
                                          NORMAL
................................................................
TEMPERATURE (F)
RECORD
 HIGH             103   08/15/1915
 LOW               60   08/22/1930
                        08/31/1891
HIGHEST            94   08/23        90       4       97  08/22
                        08/16
                        08/11
LOWEST             67   08/01        71      -4       70  08/02
AVG. MAXIMUM     90.4              90.2     0.2     92.2
AVG. MINIMUM     73.0              71.6     1.4     73.1
MEAN             81.7              80.9     0.8     82.7
DAYS MAX >= 90     22              17.9     4.1       24
DAYS MAX <= 32      0               0.0     0.0        0
DAYS MIN <= 32      0               0.0     0.0        0
DAYS MIN <= 0       0               0.0     0.0        0

PRECIPITATION (INCHES)
RECORD
 MAXIMUM        15.84   1985
 MINIMUM         1.45   1950
TOTALS           5.79              6.39   -0.60     3.30
DAILY AVG.       0.19              0.21   -0.02     0.11
DAYS >= .01        19              16.1     2.9       17
DAYS >= .10         6              10.9    -4.9        7
DAYS >= .50         4               4.1    -0.1        1
DAYS >= 1.00        3               2.0     1.0        1
GREATEST
 24 HR. TOTAL    1.63

SNOWFALL (INCHES)
RECORDS
 TOTAL             MM   MM
TOTALS            0.0               0.0     0.0      0.0
SINCE 7/1         0.0               0.0     0.0      0.0
SNOWDEPTH AVG.      0                MM      MM        0
DAYS >= 1.0         0               0.0     0.0        0
GREATEST
 SNOW DEPTH         0   MM                             0  MM
 24 HR TOTAL      0.0

DEGREE_DAYS
HEATING TOTAL       0                 0       0        0
 SINCE 7/1          0                 0       0        0
COOLING TOTAL     524               493      31      554
 SINCE 1/1       2160              1944     216     2243
.................................................................

WIND (MPH)
AVERAGE WIND SPEED              4.2
HIGHEST WIND SPEED/DIRECTION    25/010    DATE  08/09
HIGHEST GUST SPEED/DIRECTION    30/020    DATE  08/09

SKY COVER
POSSIBLE SUNSHINE (PERCENT)   MM
AVERAGE SKY COVER           0.30
NUMBER OF DAYS FAIR           22
NUMBER OF DAYS PC              7
NUMBER OF DAYS CLOUDY          2

AVERAGE RH (PERCENT)     79

WEATHER CONDITIONS. NUMBER OF DAYS WITH
THUNDERSTORM              0     MIXED PRECIP               0
HEAVY RAIN                7     RAIN                       8
LIGHT RAIN               23     FREEZING RAIN              0
LT FREEZING RAIN          0     HAIL                       0
HEAVY SNOW                0     SNOW                       0
LIGHT SNOW                0     SLEET                      0
FOG                      20     FOG W/VIS <= 1/4 MILE      2
HAZE                      5

-  INDICATES NEGATIVE NUMBERS.
R  INDICATES RECORD WAS SET OR TIED.
MM INDICATES DATA IS MISSING.
T  INDICATES TRACE AMOUNT.

$$
