000
CXUS53 KGID 011417
CLMGRI


CLIMATE REPORT
NATIONAL WEATHER SERVICE HASTINGS NE
910 AM CDT TUE AUG 1 2017

...................................

...THE GRAND ISLAND NE CLIMATE SUMMARY FOR THE MONTH OF JULY 2017...

CLIMATE NORMAL PERIOD 1981 TO 2010
CLIMATE RECORD PERIOD 1895 TO 2017

WEATHER         OBSERVED          NORMAL  DEPART  LAST YEAR`S
                 VALUE   DATE(S)  VALUE   FROM    VALUE  DATE(S)
                                          NORMAL
................................................................
TEMPERATURE (F)
RECORD
 HIGH             117   07/24/1936
 LOW               42   07/30/1971
HIGHEST           102   07/06       101       1       99  07/21
LOWEST             54   07/01        53       1       55  07/01
AVG. MAXIMUM     88.9              87.7     1.2     87.0
AVG. MINIMUM     66.6              64.7     1.9     65.1
MEAN             77.8              76.2     1.6     76.0
DAYS MAX >= 90     16              12.2     3.8       11
DAYS MAX <= 32      0               0.0     0.0        0
DAYS MIN <= 32      0               0.0     0.0        0
DAYS MIN <= 0       0               0.0     0.0        0

PRECIPITATION (INCHES)
RECORD
 MAXIMUM        10.38   1993
 MINIMUM         0.01   1936
TOTALS           3.05              3.40   -0.35     4.10
DAILY AVG.       0.10              0.11   -0.01     0.13
DAYS >= .01         8               8.8    -0.8       10
DAYS >= .10         6               5.2     0.8        5
DAYS >= .50         2               2.1    -0.1        3
DAYS >= 1.00        0               1.0    -1.0        1
GREATEST
 24 HR. TOTAL    1.58   07/12 TO 07/13

SNOWFALL (INCHES)
RECORDS
 TOTAL            0.0   MM
TOTALS            0.0               0.0     0.0      0.0
SINCE 7/1         0.0               0.0     0.0      0.0
SNOWDEPTH AVG.      0                MM      MM        0
DAYS >= 1.0         0               0.0     0.0        0
GREATEST
 SNOW DEPTH         0   MM                             0  MM

DEGREE_DAYS
HEATING TOTAL       0                 2      -2        6
 SINCE 7/1          0                 2      -2        6
COOLING TOTAL     402               349      53      357
 SINCE 1/1        744               627     117      740
.................................................................

WIND (MPH)
AVERAGE WIND SPEED              8.7
HIGHEST WIND SPEED/DIRECTION    44/220    DATE  07/12
HIGHEST GUST SPEED/DIRECTION    52/220    DATE  07/12

SKY COVER
POSSIBLE SUNSHINE (PERCENT)   MM
NUMBER OF DAYS FAIR           25
NUMBER OF DAYS PC              5
NUMBER OF DAYS CLOUDY          1

AVERAGE RH (PERCENT)     72

WEATHER CONDITIONS. NUMBER OF DAYS WITH
THUNDERSTORM             10     MIXED PRECIP               0
HEAVY RAIN                4     RAIN                       4
LIGHT RAIN               10     FREEZING RAIN              0
LT FREEZING RAIN          0     HAIL                       0
HEAVY SNOW                0     SNOW                       0
LIGHT SNOW                0     SLEET                      0
FOG                      14     FOG W/VIS <= 1/4 MILE      1
HAZE                      2

-  INDICATES NEGATIVE NUMBERS.
R  INDICATES RECORD WAS SET OR TIED.
MM INDICATES DATA IS MISSING.
T  INDICATES TRACE AMOUNT.

$$
