000
CXGM50 PGUM 041520
CLMGUM


CLIMATE REPORT
NATIONAL WEATHER SERVICE TIYAN, GUAM
120 AM CHST SUN OCT 5 2014

...................................

...THE GUAM INTERNATIONAL AIRPORT GU CLIMATE SUMMARY FOR THE MONTH OF SEPTEMBER 2014...

CLIMATE NORMAL PERIOD 1981 TO 2010
CLIMATE RECORD PERIOD 1945 TO 2014

WEATHER         OBSERVED          NORMAL  DEPART  LAST YEAR`S
                 VALUE   DATE(S)  VALUE   FROM    VALUE  DATE(S)
                                          NORMAL
................................................................
TEMPERATURE (F)
RECORD
 HIGH              93   09/18/2014
                        09/01/1987
                        09/19/1984
 LOW               70   09/13/1992
                        09/03/1992
                        09/17/1972
HIGHEST            93R  09/18        MM      MM       91  09/25
                                                          09/12
LOWEST             74   09/29        MM      MM       74  09/06
                        09/19                             09/02
                        09/16
AVG. MAXIMUM     87.8              86.7     1.1     87.3
AVG. MINIMUM     77.0              76.2     0.8     76.1
MEAN             82.4              81.4     1.0     81.7
DAYS MAX >= 90      6               0.5     5.5        4
DAYS MAX <= 32      0               0.0     0.0        0
DAYS MIN <= 32      0               0.0     0.0        0
DAYS MIN <= 0       0               0.0     0.0        0

PRECIPITATION (INCHES)
RECORD
 MAXIMUM        32.25   2013
 MINIMUM         8.94   2006
TOTALS          14.72             14.17    0.55    32.25
DAILY AVG.       0.49              0.47    0.02     1.08
DAYS >= .01        26              25.0     1.0       25
DAYS >= .10        20              19.0     1.0       21
DAYS >= .50         9               9.1    -0.1       14
DAYS >= 1.00        6               4.3     1.7        6
GREATEST
 24 HR. TOTAL    2.42   09/14 TO 09/15           09/19 TO 09/20
                                                          09/30 TO 09/30
                                                          09/30 TO 09/30
 STORM TOTAL       MM                                 MM
 (MM/DD(HH))            MM                    09/20(00) TO 09/20(00)
                                                 09/30(00) TO 09/30(00)0
                                                 09/30(00) TO 09/30(00)0

DEGREE_DAYS
COOLING TOTAL     531               493      38      510
 SINCE 1/1       4831              4480     351     5023

FREEZE DATES
RECORD
 EARLIEST     MM
 LATEST       MM
EARLIEST                        MM
LATEST                          MM
.................................................

WIND (MPH)
AVERAGE WIND SPEED              6.3
RESULTANT WIND SPEED/DIRECTION   1/141
HIGHEST WIND SPEED/DIRECTION    26/060    DATE  09/14
HIGHEST GUST SPEED/DIRECTION    37/090    DATE  09/29

SKY COVER
POSSIBLE SUNSHINE (PERCENT)   MM
AVERAGE SKY COVER           0.40
NUMBER OF DAYS FAIR           10
NUMBER OF DAYS PC             14
NUMBER OF DAYS CLOUDY          1

AVERAGE RH (PERCENT)     81

WEATHER CONDITIONS. NUMBER OF DAYS WITH
THUNDERSTORM              0     MIXED PRECIP               1
HEAVY RAIN               12     RAIN                      13
LIGHT RAIN               21     FREEZING RAIN              0
LT FREEZING RAIN          0     HAIL                       0
HEAVY SNOW                0     SNOW                       0
LIGHT SNOW                0     SLEET                      0
FOG                      17     FOG W/VIS <= 1/4 MILE      0
HAZE                      5

-  INDICATES NEGATIVE NUMBERS.
R  INDICATES RECORD WAS SET OR TIED.
MM INDICATES DATA IS MISSING.
T  INDICATES TRACE AMOUNT.

$$
