000
CXUS54 KAMA 011919
CLMGUY


CLIMATE REPORT
NATIONAL WEATHER SERVICE AMARILLO TX
119 PM CST SUN MAR 1 2015

...................................

...THE GUYMON CLIMATE SUMMARY FOR THE MONTH OF FEBRUARY 2015...

CLIMATE NORMAL PERIOD 1981 TO 2010
CLIMATE RECORD PERIOD 1998 TO 2015

WEATHER         OBSERVED          NORMAL  DEPART  LAST YEAR`S
                 VALUE   DATE(S)  VALUE   FROM    VALUE  DATE(S)
                                          NORMAL
................................................................
TEMPERATURE (F)
HIGHEST            85R  02/07                         82  02/15
LOWEST             13   02/27                          2  02/05
                        02/24
AVG. MAXIMUM     53.4              53.4     0.0     49.1
AVG. MINIMUM     23.7              23.8    -0.1     19.7
MEAN             38.6              38.6     0.0     34.4
DAYS MAX >= 90      0               0.0     0.0        0
DAYS MAX <= 32      4               1.7     2.3        7
DAYS MIN <= 32     24              23.6     0.4       24
DAYS MIN <= 0       0               0.1    -0.1        0

PRECIPITATION (INCHES)
TOTALS           0.74              0.47    0.27     0.16
DAILY AVG.       0.03              0.02    0.01     0.01
DAYS >= .01         6                MM      MM        4
DAYS >= .10         4                MM      MM        1
DAYS >= .50         0                MM      MM        0
DAYS >= 1.00        0                MM      MM        0
GREATEST
 24 HR. TOTAL    0.28   02/21 TO 02/22

SNOWFALL (INCHES)
TOTALS            9.5                MM      MM      2.5
SINCE 7/1        21.3                MM      MM     12.7
DAYS >= TRACE       9                MM      MM
DAYS >= 1.0         4                MM      MM        1
GREATEST
 SNOW DEPTH         5   02/28
 24 HR TOTAL      3.0   02/27

DEGREE_DAYS
HEATING TOTAL     733               739      -6      850
 SINCE 7/1       3217              3467    -250     3566
COOLING TOTAL       0                 0       0        0
 SINCE 1/1          0                 0       0        0
.................................................................

WIND (MPH)
AVERAGE WIND SPEED              10.0
HIGHEST WIND SPEED/DIRECTION    39/010    DATE  02/04
HIGHEST GUST SPEED/DIRECTION    47/010    DATE  02/04

SKY COVER
POSSIBLE SUNSHINE (PERCENT)   MM
NUMBER OF DAYS FAIR           16
NUMBER OF DAYS PC              7
NUMBER OF DAYS CLOUDY          5

AVERAGE RH (PERCENT)     59

WEATHER CONDITIONS. NUMBER OF DAYS WITH
THUNDERSTORM              0     MIXED PRECIP               0
HEAVY RAIN                0     RAIN                       2
LIGHT RAIN                4     FREEZING RAIN              0
LT FREEZING RAIN          0     HEAVY SNOW                 0
SNOW                      0     LIGHT SNOW                 9
SLEET                     0     FOG                        6
FOG W/VIS <= 1/4 MILE     1     HAZE                       2

-  INDICATES NEGATIVE NUMBERS.
R  INDICATES RECORD WAS SET OR TIED.
MM INDICATES DATA IS MISSING.
T  INDICATES TRACE AMOUNT.

$$
