000
CXUS54 KAMA 051200
CLMGUY


CLIMATE REPORT
NATIONAL WEATHER SERVICE AMARILLO TX
600 AM CST FRI JAN 5 2018

...................................

...THE GUYMON CLIMATE SUMMARY FOR THE MONTH OF JANUARY 2017...

CLIMATE NORMAL PERIOD 1981 TO 2010
CLIMATE RECORD PERIOD 1998 TO 2018

WEATHER         OBSERVED          NORMAL  DEPART  LAST YEAR`S
                 VALUE   DATE(S)  VALUE   FROM    VALUE  DATE(S)
                                          NORMAL
................................................................
TEMPERATURE (F)
HIGHEST            77   01/11                         75  01/29
LOWEST             -7R  01/07                         14  01/11
                                                          01/01
AVG. MAXIMUM     49.3              49.6    -0.3     51.4
AVG. MINIMUM     22.5              21.6     0.9     21.4
MEAN             35.9              35.6     0.3     36.4
DAYS MAX >= 90      0               0.0     0.0        0
DAYS MAX <= 32      6               3.7     2.3        1
DAYS MIN <= 32     29              28.0     1.0       31
DAYS MIN <= 0       2               0.2     1.8        0

PRECIPITATION (INCHES)
TOTALS           2.01              0.40    1.61     0.14
DAILY AVG.       0.06              0.01    0.05     0.00
DAYS >= .01         7                MM      MM        3
DAYS >= .10         6                MM      MM        1
DAYS >= .50         1                MM      MM        0
DAYS >= 1.00        1                MM      MM        0
GREATEST
 24 HR. TOTAL    1.23   01/15 TO 01/15

SNOWFALL (INCHES)
TOTALS            0.0                MM      MM       MM
SINCE 7/1         0.8                MM      MM      0.0
DAYS >= TRACE       0                MM      MM
DAYS >= 1.0         0                MM      MM        0
GREATEST
 SNOW DEPTH         5   01/06
 24 HR TOTAL      0.0   01/31 TO 01/31

DEGREE_DAYS
HEATING TOTAL     893               911     -18      880
 SINCE 7/1       2383              2728    -345     2401
COOLING TOTAL       0                 0       0        0
 SINCE 1/1          0                 0       0        0
.................................................................

WIND (MPH)
AVERAGE WIND SPEED              9.8
HIGHEST WIND SPEED/DIRECTION    36/240    DATE  01/20
HIGHEST GUST SPEED/DIRECTION    46/280    DATE  01/11

SKY COVER
POSSIBLE SUNSHINE (PERCENT)   MM
NUMBER OF DAYS FAIR           21
NUMBER OF DAYS PC              6
NUMBER OF DAYS CLOUDY          4

AVERAGE RH (PERCENT)     61

WEATHER CONDITIONS. NUMBER OF DAYS WITH
THUNDERSTORM              0     MIXED PRECIP               0
HEAVY RAIN                0     RAIN                       2
LIGHT RAIN                4     FREEZING RAIN              0
LT FREEZING RAIN          1     HEAVY SNOW                 0
SNOW                      1     LIGHT SNOW                 4
SLEET                     0     FOG                       10
FOG W/VIS <= 1/4 MILE     2     HAZE                       2

-  INDICATES NEGATIVE NUMBERS.
R  INDICATES RECORD WAS SET OR TIED.
MM INDICATES DATA IS MISSING.
T  INDICATES TRACE AMOUNT.

$$
