000
CXUS54 KJAN 011844
CLMGWO


CLIMATE REPORT
NATIONAL WEATHER SERVICE JACKSON MS
141 PM CDT WED NOV 1 2017

...................................

...THE GREENWOOD CLIMATE SUMMARY FOR THE MONTH OF OCTOBER 2017...

CLIMATE NORMAL PERIOD 1981 TO 2010
CLIMATE RECORD PERIOD 1948 TO 2017

WEATHER         OBSERVED          NORMAL  DEPART  LAST YEAR`S
                 VALUE   DATE(S)  VALUE   FROM    VALUE  DATE(S)
                                          NORMAL
................................................................
TEMPERATURE (F)
RECORD
 HIGH              97   10/05/1954
                        10/03/1954
 LOW               27   10/21/2011
                        10/10/2000
                        10/30/1952
HIGHEST            93   10/10        MM      MM       91  10/07
                                                          10/06
                                                          10/05
LOWEST             28   10/29        MM      MM       38  10/22
AVG. MAXIMUM     79.6              76.9     2.7     84.4
AVG. MINIMUM     52.3              51.6     0.7     53.9
MEAN             65.9              64.3     1.6     69.2
DAYS MAX >= 90      5               0.6     4.4        6
DAYS MAX <= 32      0               0.0     0.0        0
DAYS MIN <= 32      2               0.9     1.1        0
DAYS MIN <= 0       0               0.0     0.0        0

PRECIPITATION (INCHES)
RECORD
 MAXIMUM        12.66   1984
 MINIMUM         0.00   1952
TOTALS           0.82              3.87   -3.05     0.82
DAILY AVG.       0.03              0.12   -0.09     0.03
DAYS >= .01         5               7.9    -2.9        2
DAYS >= .10         2               5.3    -3.3        1
DAYS >= .50         1               2.8    -1.8        1
DAYS >= 1.00        0               1.1    -1.1        0
GREATEST
 24 HR. TOTAL    0.57   10/27 TO 10/27              0.74

SNOWFALL (INCHES)
TOTALS            0.0

DEGREE_DAYS
HEATING TOTAL     120               119       1       28
 SINCE 7/1        122               131      -9       28
COOLING TOTAL     157                95      62      161
 SINCE 1/1       2298              2142     156     2535
.................................................................

WIND (MPH)
AVERAGE WIND SPEED              5.9
HIGHEST WIND SPEED/DIRECTION    23/160    DATE  10/22
HIGHEST GUST SPEED/DIRECTION    32/140    DATE  10/21

SKY COVER
POSSIBLE SUNSHINE (PERCENT)   MM
AVERAGE SKY COVER           0.20
NUMBER OF DAYS FAIR           23
NUMBER OF DAYS PC              8
NUMBER OF DAYS CLOUDY          0

AVERAGE RH (PERCENT)     69

WEATHER CONDITIONS. NUMBER OF DAYS WITH
THUNDERSTORM              0     MIXED PRECIP               0
HEAVY RAIN                2     RAIN                       2
LIGHT RAIN                7     FREEZING RAIN              0
LT FREEZING RAIN          0     HAIL                       0
HEAVY SNOW                0     SNOW                       0
LIGHT SNOW                0     SLEET                      0
FOG                      12     FOG W/VIS <= 1/4 MILE      1
HAZE                      6

-  INDICATES NEGATIVE NUMBERS.
R  INDICATES RECORD WAS SET OR TIED.
MM INDICATES DATA IS MISSING.
T  INDICATES TRACE AMOUNT.

$$
