000
CXUS54 KJAN 011916
CLMGWO


CLIMATE REPORT
NATIONAL WEATHER SERVICE JACKSON MS
213 PM CDT SUN MAY 1 2016

...................................

...THE GREENWOOD CLIMATE SUMMARY FOR THE MONTH OF APRIL 2016...

CLIMATE NORMAL PERIOD 1981 TO 2010
CLIMATE RECORD PERIOD 1948 TO 2016

WEATHER         OBSERVED          NORMAL  DEPART  LAST YEAR`S
                 VALUE   DATE(S)  VALUE   FROM    VALUE  DATE(S)
                                          NORMAL
................................................................
TEMPERATURE (F)
RECORD
 HIGH              94   04/21/1987
 LOW               28   04/11/1989
                        04/04/1987
HIGHEST            88   04/28        MM      MM       87  04/08
LOWEST             39   04/09        MM      MM       41  04/05
AVG. MAXIMUM     75.9              75.2     0.7     76.3
AVG. MINIMUM     55.1              51.6     3.5     55.9
MEAN             65.5              63.4     2.1     66.1
DAYS MAX >= 90      0               0.2    -0.2        0
DAYS MAX <= 32      0               0.0     0.0        0
DAYS MIN <= 32      0               0.4    -0.4        0
DAYS MIN <= 0       0               0.0     0.0        0

PRECIPITATION (INCHES)
RECORD
 MAXIMUM        14.68   1991
 MINIMUM         0.83   1976
TOTALS           4.35              5.13   -0.78     6.40
DAILY AVG.       0.14              0.17   -0.03     0.21
DAYS >= .01        10               7.8     2.2       15
DAYS >= .10         8               5.5     2.5       14
DAYS >= .50         1               2.6    -1.6        4
DAYS >= 1.00        1               1.8    -0.8        1
GREATEST
 24 HR. TOTAL    3.31   03/31 TO 04/01              2.08

SNOWFALL (INCHES)
TOTALS            0.0

DEGREE_DAYS
HEATING TOTAL      62               124     -62       61
 SINCE 7/1       1913              2671    -758     2855
COOLING TOTAL      84                76       8      102
 SINCE 1/1        131               102      29      111
.................................................................

WIND (MPH)
AVERAGE WIND SPEED              6.8
HIGHEST WIND SPEED/DIRECTION    32/200    DATE  04/06
HIGHEST GUST SPEED/DIRECTION    40/190    DATE  04/06

SKY COVER
POSSIBLE SUNSHINE (PERCENT)   MM
AVERAGE SKY COVER           0.30
NUMBER OF DAYS FAIR           19
NUMBER OF DAYS PC              6
NUMBER OF DAYS CLOUDY          5

AVERAGE RH (PERCENT)     66

WEATHER CONDITIONS. NUMBER OF DAYS WITH
THUNDERSTORM              5     MIXED PRECIP               0
HEAVY RAIN                6     RAIN                       7
LIGHT RAIN               15     FREEZING RAIN              0
LT FREEZING RAIN          0     HAIL                       0
HEAVY SNOW                0     SNOW                       0
LIGHT SNOW                0     SLEET                      0
FOG                      14     FOG W/VIS <= 1/4 MILE      2
HAZE                      2

-  INDICATES NEGATIVE NUMBERS.
R  INDICATES RECORD WAS SET OR TIED.
MM INDICATES DATA IS MISSING.
T  INDICATES TRACE AMOUNT.

$$
