000
CXUS56 KHNX 020550
CLMHJO


CLIMATE REPORT
NATIONAL WEATHER SERVICE SAN JOAQUIN VALLEY, CA
1001 PM PDT SAT APR 1 2017

...................................

...THE HANFORD CA AIRPORT CLIMATE SUMMARY FOR THE MONTH OF MARCH 2017...

CLIMATE NORMAL PERIOD 1981 TO 2010
CLIMATE RECORD PERIOD 1998 TO 2017

WEATHER         OBSERVED          NORMAL  DEPART  LAST YEAR`S
                 VALUE   DATE(S)  VALUE   FROM    VALUE  DATE(S)
                                          NORMAL
................................................................
TEMPERATURE (F)
RECORD
 HIGH              94   03/27/2015
 LOW               27   03/10/2009
HIGHEST            86   03/15        MM      MM       79  03/27
                                                          03/19
                                                          03/18
LOWEST             32   03/06        MM      MM       37  03/29
                        03/01
AVG. MAXIMUM     70.6              68.1     2.5     70.1
AVG. MINIMUM     43.6              42.8     0.8     45.2
MEAN             57.1              55.4     1.7     57.6
DAYS MAX >= 90      0               0.0     0.0        0
DAYS MIN <= 32      2               0.5     1.5        0

PRECIPITATION (INCHES)
RECORD
 MAXIMUM         2.90   2011
TOTALS           0.52              1.63   -1.11     2.00
DAYS >= .01         6                MM      MM        6
DAYS >= .10         3                MM      MM        6
DAYS >= .50         0                MM      MM        2
DAYS >= 1.00        0                MM      MM        0
GREATEST
 24 HR. TOTAL    0.20   03/25 TO 03/25

SNOWFALL (INCHES)
RECORDS
 TOTAL             MM   MM
TOTALS            0.0                MM

DEGREE_DAYS
HEATING TOTAL     246               300     -54      221
 SINCE 7/1       1973              2455    -482     2111
COOLING TOTAL       8                 4       4        1
 SINCE 1/1          8                 4       4        1
.................................................................

WIND (MPH)
AVERAGE WIND SPEED              4.6
HIGHEST WIND SPEED/DIRECTION    36/320    DATE  03/30
HIGHEST GUST SPEED/DIRECTION    47/320    DATE  03/30

AVERAGE RH (PERCENT)     72

WEATHER CONDITIONS. NUMBER OF DAYS WITH
THUNDERSTORM              0     RAIN                       1
HAIL                      0     FOG                       27
FOG W/VIS <= 1/4 MILE     7     HAZE                      12

-  INDICATES NEGATIVE NUMBERS.
R  INDICATES RECORD WAS SET OR TIED.
MM INDICATES DATA IS MISSING.
T  INDICATES TRACE AMOUNT.

$$
