000
CXUS53 KGLD 040356
CLMHLC

CLIMATE REPORT
NATIONAL WEATHER SERVICE GOODLAND
212 PM MDT WED SEP 3 2014

...................................

...THE HILL CITY CLIMATE SUMMARY FOR THE MONTH OF AUGUST 2014...

CLIMATE NORMAL PERIOD 1981 TO 2010
CLIMATE RECORD PERIOD 1896 TO 2014

WEATHER         OBSERVED          NORMAL  DEPART  LAST YEAR`S
                 VALUE   DATE(S)  VALUE   FROM    VALUE  DATE(S)
                                          NORMAL
................................................................
TEMPERATURE (F)
RECORD
 HIGH             115   08/06/1934
 LOW               39   08/24/1928
HIGHEST           100   08/20       103      -3      105  08/30
                        08/17
                        08/05
LOWEST             55   08/02        51       4       58  08/10
AVG. MAXIMUM     93.0              90.0     3.0     88.8
AVG. MINIMUM     64.5              63.3     1.2     66.1
MEAN             78.7              76.6     2.1     77.4
DAYS MAX >= 90     23              16.6     6.4       14
DAYS MAX <= 32      0               0.0     0.0        0
DAYS MIN <= 32      0               0.0     0.0        0
DAYS MIN <= 0       0               0.0     0.0        0

PRECIPITATION (INCHES)
RECORD
 MAXIMUM         7.72   1968
 MINIMUM         0.21   2004
TOTALS           6.15              2.91    3.24     0.76
DAILY AVG.       0.20              0.09    0.11     0.02
DAYS >= .01        15                MM      MM        9
DAYS >= .10         7                MM      MM        1
DAYS >= .50         3                MM      MM        0
DAYS >= 1.00        1                MM      MM        0
GREATEST
 24 HR. TOTAL    3.75   08/27 TO 08/28              0.45


.................................................................



-  INDICATES NEGATIVE NUMBERS.
R  INDICATES RECORD WAS SET OR TIED.
MM INDICATES DATA IS MISSING.
T  INDICATES TRACE AMOUNT.

$$
