507
CXHW50 PHFO 080151
CLMHNL


CLIMATE REPORT
NATIONAL WEATHER SERVICE HONOLULU HI
351 PM HST THU JUL 7 2016

...................................

...THE HONOLULU HI CLIMATE SUMMARY FOR THE MONTH OF JUNE 2016...

CLIMATE NORMAL PERIOD 1981 TO 2010
CLIMATE RECORD PERIOD 1946 TO 2016

WEATHER         OBSERVED          NORMAL  DEPART  LAST YEAR`S
                 VALUE   DATE(S)  VALUE   FROM    VALUE  DATE(S)
                                          NORMAL
................................................................
TEMPERATURE (F)
RECORD
 HIGH              92   06/11/1996
                        06/28/1995
                        06/04/1992
 LOW               65   06/02/1982
                        06/07/1979
                        06/16/1971
HIGHEST            89   06/30        87       2       MM  MM
                        06/29
LOWEST             69   06/04        72      -3       MM  MM
AVG. MAXIMUM     85.2              87.0    -1.8       MM
AVG. MINIMUM     73.1              73.4    -0.3       MM
MEAN             79.1              80.2    -1.1       MM
DAYS MAX >= 90      0               1.0    -1.0       MM
DAYS MAX <= 32      0               0.0     0.0       MM
DAYS MIN <= 32      0               0.0     0.0       MM
DAYS MIN <= 0       0               0.0     0.0       MM

PRECIPITATION (INCHES)
RECORD
 MAXIMUM         2.46   1971
 MINIMUM            T   1959
TOTALS           0.19              0.26   -0.07       MM
DAILY AVG.       0.01              0.01    0.00       MM
DAYS >= .01        10               5.7     4.3       MM
DAYS >= .10         0               0.5    -0.5       MM
DAYS >= .50         0               0.0     0.0       MM
DAYS >= 1.00        0               0.0     0.0       MM
GREATEST
 24 HR. TOTAL    0.07   06/24 TO 06/25                MM

SNOWFALL (INCHES)
RECORDS
 TOTAL             MM   0
TOTALS            0.0               0.0     0.0       MM
SINCE 7/1         0.0               0.0     0.0       MM
SNOWDEPTH AVG.      0                MM      MM       MM
DAYS >= 1.0         0               0.0     0.0       MM
GREATEST
 SNOW DEPTH         0   MM                            MM  MM
 24 HR TOTAL      0.0   06/30 TO 06/30                MM

DEGREE_DAYS
HEATING TOTAL       0                 0       0       MM
 SINCE 7/1          0                 0       0       MM
COOLING TOTAL     430               456     -26       MM
 SINCE 1/1       2144              1958     186       MM
.................................................................

WIND (MPH)
AVERAGE WIND SPEED              11.6
HIGHEST WIND SPEED/DIRECTION    28/070    DATE  06/30
HIGHEST GUST SPEED/DIRECTION    35/060    DATE  06/15

SKY COVER
POSSIBLE SUNSHINE (PERCENT)   MM
AVERAGE SKY COVER           0.50
NUMBER OF DAYS FAIR            1
NUMBER OF DAYS PC             29
NUMBER OF DAYS CLOUDY          0

AVERAGE RH (PERCENT)     66

WEATHER CONDITIONS. NUMBER OF DAYS WITH
THUNDERSTORM              0     MIXED PRECIP               0
HEAVY RAIN                0     RAIN                       4
LIGHT RAIN               15     FREEZING RAIN              0
LT FREEZING RAIN          0     HAIL                       0
HEAVY SNOW                0     SNOW                       0
LIGHT SNOW                0     SLEET                      0
FOG                       9     FOG W/VIS <= 1/4 MILE      0
HAZE                      2

-  INDICATES NEGATIVE NUMBERS.
R  INDICATES RECORD WAS SET OR TIED.
MM INDICATES DATA IS MISSING.
T  INDICATES TRACE AMOUNT.

$$
