113
CXUS56 KSEW 011031
CLMHQM


CLIMATE REPORT
NATIONAL WEATHER SERVICE SEATTLE WA
331 AM PDT TUE AUG 1 2017

...................................

...THE HOQUIAM WA AIRPORT CLIMATE SUMMARY FOR THE MONTH OF JULY 2017...

CLIMATE NORMAL PERIOD 1981 TO 2010
CLIMATE RECORD PERIOD 1953 TO 2017

WEATHER         OBSERVED          NORMAL  DEPART  LAST YEAR`S
                 VALUE   DATE(S)  VALUE   FROM    VALUE  DATE(S)
                                          NORMAL
................................................................
TEMPERATURE (F)
RECORD
 HIGH              99   07/10/2007
 LOW               35   07/03/1971
HIGHEST            80   07/31        MM      MM       73  07/24
LOWEST             46   07/05        MM      MM       51  07/24
                                                          07/14
AVG. MAXIMUM     68.0              66.6     1.4     66.4
AVG. MINIMUM     52.5              53.2    -0.7     55.5
MEAN             60.3              59.9     0.4     60.9
DAYS MAX >= 90      0               0.3    -0.3        0
DAYS MAX <= 32      0               0.0     0.0        0
DAYS MIN <= 32      0               0.0     0.0        0
DAYS MIN <= 0       0               0.0     0.0        0

PRECIPITATION (INCHES)
RECORD
 MAXIMUM         4.43   1983
 MINIMUM         0.00   2009
                        1960
TOTALS           0.10              1.14   -1.04     0.37
DAILY AVG.       0.00              0.04   -0.04     0.01
DAYS >= .01         2               6.2    -4.2        8
DAYS >= .10         0               2.4    -2.4        2
DAYS >= .50         0               0.7    -0.7        0
DAYS >= 1.00        0               0.1    -0.1        0
GREATEST
 24 HR. TOTAL    0.08   07/20 TO 07/20

DEGREE_DAYS
HEATING TOTAL     142               164     -22      118
COOLING TOTAL       1                 6      -5        0
 SINCE 1/1         14                 9       5       18
.................................................................

WIND (MPH)
AVERAGE WIND SPEED              8.5
HIGHEST WIND SPEED/DIRECTION    22/260    DATE  07/23
HIGHEST GUST SPEED/DIRECTION    29/270    DATE  07/10

SKY COVER
POSSIBLE SUNSHINE (PERCENT)   MM
AVERAGE SKY COVER           0.40
NUMBER OF DAYS FAIR           16
NUMBER OF DAYS PC             13
NUMBER OF DAYS CLOUDY          2

AVERAGE RH (PERCENT)     80

WEATHER CONDITIONS. NUMBER OF DAYS WITH
THUNDERSTORM              0     MIXED PRECIP               0
HEAVY RAIN                0     RAIN                       1
LIGHT RAIN                2     FREEZING RAIN              0
LT FREEZING RAIN          0     HAIL                       0
HEAVY SNOW                0     SNOW                       0
LIGHT SNOW                0     SLEET                      0
FOG                      29     FOG W/VIS <= 1/4 MILE      2
HAZE                      3

-  INDICATES NEGATIVE NUMBERS.
R  INDICATES RECORD WAS SET OR TIED.
MM INDICATES DATA IS MISSING.
T  INDICATES TRACE AMOUNT.

$$
