000
CXUS56 KSEW 011152
CLMHQM


CLIMATE REPORT
NATIONAL WEATHER SERVICE SEATTLE WA
452 AM PDT SAT AUG 1 2015

...................................

...THE HOQUIAM WA AIRPORT CLIMATE SUMMARY FOR THE MONTH OF JULY 2015...

CLIMATE NORMAL PERIOD 1981 TO 2010
CLIMATE RECORD PERIOD 1953 TO 2015

WEATHER         OBSERVED          NORMAL  DEPART  LAST YEAR`S
                 VALUE   DATE(S)  VALUE   FROM    VALUE  DATE(S)
                                          NORMAL
................................................................
TEMPERATURE (F)
RECORD
 HIGH              99   07/10/2007
 LOW               35   07/03/1971
HIGHEST            87   07/18        MM      MM       89  07/01
LOWEST             50   07/28        MM      MM       47  07/22
                        07/01
AVG. MAXIMUM     71.4              66.6     4.8     68.5
AVG. MINIMUM     56.3              53.2     3.1     54.2
MEAN             63.9              59.9     4.0     61.3
DAYS MAX >= 90      0               0.3    -0.3        0
DAYS MAX <= 32      0               0.0     0.0        0
DAYS MIN <= 32      0               0.0     0.0        0
DAYS MIN <= 0       0               0.0     0.0        0

PRECIPITATION (INCHES)
RECORD
 MAXIMUM         4.43   1983
 MINIMUM         0.00   2009
                        1960
TOTALS           0.38              1.14   -0.76     0.83
DAILY AVG.       0.01              0.04   -0.03     0.03
DAYS >= .01         4               6.2    -2.2        6
DAYS >= .10         2               2.4    -0.4        1
DAYS >= .50         0               0.7    -0.7        1
DAYS >= 1.00        0               0.1    -0.1        0
GREATEST
 24 HR. TOTAL    0.20   07/26 TO 07/26

DEGREE_DAYS
HEATING TOTAL      43               164    -121      115
COOLING TOTAL      16                 6      10        8
 SINCE 1/1         19                 9      10       23
.................................................................

WIND (MPH)
AVERAGE WIND SPEED              8.4
HIGHEST WIND SPEED/DIRECTION    21/250    DATE  07/21
HIGHEST GUST SPEED/DIRECTION    27/270    DATE  07/15

SKY COVER
POSSIBLE SUNSHINE (PERCENT)   MM
AVERAGE SKY COVER           0.40
NUMBER OF DAYS FAIR           13
NUMBER OF DAYS PC             10
NUMBER OF DAYS CLOUDY          8

AVERAGE RH (PERCENT)     76

WEATHER CONDITIONS. NUMBER OF DAYS WITH
THUNDERSTORM              0     MIXED PRECIP               0
HEAVY RAIN                0     RAIN                       1
LIGHT RAIN                5     FREEZING RAIN              0
LT FREEZING RAIN          0     HAIL                       0
HEAVY SNOW                0     SNOW                       0
LIGHT SNOW                0     SLEET                      0
FOG                      29     FOG W/VIS <= 1/4 MILE      2
HAZE                      0

-  INDICATES NEGATIVE NUMBERS.
R  INDICATES RECORD WAS SET OR TIED.
MM INDICATES DATA IS MISSING.
T  INDICATES TRACE AMOUNT.

$$
