000
CXUS56 KSEW 011039
CLMHQM


CLIMATE REPORT
NATIONAL WEATHER SERVICE SEATTLE WA
238 AM PST FRI DEC 1 2017

...................................

...THE HOQUIAM WA AIRPORT CLIMATE SUMMARY FOR THE MONTH OF NOVEMBER 2017...

CLIMATE NORMAL PERIOD 1981 TO 2010
CLIMATE RECORD PERIOD 1953 TO 2017

WEATHER         OBSERVED          NORMAL  DEPART  LAST YEAR`S
                 VALUE   DATE(S)  VALUE   FROM    VALUE  DATE(S)
                                          NORMAL
................................................................
TEMPERATURE (F)
RECORD
 HIGH              70   11/03/1970
                        11/02/1970
 LOW               12   11/15/1995
HIGHEST            60   11/22        MM      MM       63  11/08
LOWEST             31   11/06        MM      MM       38  11/27
AVG. MAXIMUM     51.4              51.1     0.3     55.1
AVG. MINIMUM     41.8              40.4     1.4     46.1
MEAN             46.6              45.8     0.8     50.6
DAYS MAX >= 90      0               0.0     0.0        0
DAYS MAX <= 32      0               0.3    -0.3        0
DAYS MIN <= 32      1               3.0    -2.0        0
DAYS MIN <= 0       0               0.0     0.0        0

PRECIPITATION (INCHES)
RECORD
 MAXIMUM        21.17   2006
 MINIMUM         2.51   1976
TOTALS          16.47             11.17    5.30    15.92
DAILY AVG.       0.55              0.37    0.18     0.53
DAYS >= .01        27              21.6     5.4       28
DAYS >= .10        24              17.2     6.8       27
DAYS >= .50        12               7.5     4.5       12
DAYS >= 1.00        6               3.1     2.9        4
GREATEST
 24 HR. TOTAL    1.88   11/12 TO 11/12

DEGREE_DAYS
HEATING TOTAL     545               577     -32      424
COOLING TOTAL       0                 0       0        0
 SINCE 1/1         77                23      54       50
.................................................................

WIND (MPH)
AVERAGE WIND SPEED              11.4
HIGHEST WIND SPEED/DIRECTION    46/180    DATE  11/13
HIGHEST GUST SPEED/DIRECTION    64/170    DATE  11/13

SKY COVER
POSSIBLE SUNSHINE (PERCENT)   MM
AVERAGE SKY COVER           0.70
NUMBER OF DAYS FAIR            2
NUMBER OF DAYS PC             11
NUMBER OF DAYS CLOUDY         17

AVERAGE RH (PERCENT)     87

WEATHER CONDITIONS. NUMBER OF DAYS WITH
THUNDERSTORM              0     MIXED PRECIP               0
HEAVY RAIN                4     RAIN                      16
LIGHT RAIN               27     FREEZING RAIN              0
LT FREEZING RAIN          0     HAIL                       0
HEAVY SNOW                0     SNOW                       0
LIGHT SNOW                0     SLEET                      0
FOG                      29     FOG W/VIS <= 1/4 MILE      0
HAZE                      0

-  INDICATES NEGATIVE NUMBERS.
R  INDICATES RECORD WAS SET OR TIED.
MM INDICATES DATA IS MISSING.
T  INDICATES TRACE AMOUNT.

$$
