000
CXUS53 KGID 011708
CLMHSI


CLIMATE REPORT
NATIONAL WEATHER SERVICE HASTINGS NE
1205 PM CDT SUN OCT 1 2017

...................................

...THE HASTINGS NE CLIMATE SUMMARY FOR THE MONTH OF SEPTEMBER 2017...

CLIMATE NORMAL PERIOD 1981 TO 2010
CLIMATE RECORD PERIOD 1894 TO 2017

WEATHER         OBSERVED          NORMAL  DEPART  LAST YEAR`S
                 VALUE   DATE(S)  VALUE   FROM    VALUE  DATE(S)
                                          NORMAL
................................................................
TEMPERATURE (F)
RECORD
 HIGH             105   09/04/1945
 LOW               26   09/22/1995
HIGHEST            97   09/22        95       2       93  09/20
LOWEST             44   09/27        37       7       39  09/29
                        09/06
AVG. MAXIMUM     81.2              77.4     3.8     78.6
AVG. MINIMUM     55.9              53.9     2.0     56.1
MEAN             68.6              65.6     3.0     67.3
DAYS MAX >= 90      7               2.7     4.3        2
DAYS MAX <= 32      0               0.0     0.0        0
DAYS MIN <= 32      0               0.0     0.0        0
DAYS MIN <= 0       0               0.0     0.0        0

PRECIPITATION (INCHES)
RECORD
 MAXIMUM        12.61   1973
 MINIMUM         0.23   1948
TOTALS           2.18              2.56   -0.38     1.80
DAILY AVG.       0.07              0.09   -0.02     0.06
DAYS >= .01         7                MM      MM        9
DAYS >= .10         3                MM      MM        6
DAYS >= .50         1                MM      MM        0
DAYS >= 1.00        1                MM      MM        0
GREATEST
 24 HR. TOTAL    1.67   09/24 TO 09/25

SNOWFALL (INCHES)
RECORDS
 TOTAL            6.0   1985
TOTALS            0.0               0.2    -0.2      0.0
SINCE 7/1         0.0               0.2    -0.2      0.0
SNOWDEPTH AVG.      0                MM      MM        0
DAYS >= 1.0         0                MM      MM        0
GREATEST
 SNOW DEPTH         0   MM                             0  MM

DEGREE_DAYS
HEATING TOTAL      52                90     -38       63
 SINCE 7/1         56                96     -40       67
COOLING TOTAL     166               110      56      138
 SINCE 1/1       1123              1063      60     1186
.................................................................

WIND (MPH)
AVERAGE WIND SPEED              8.7
HIGHEST WIND SPEED/DIRECTION    28/190    DATE  09/22
HIGHEST GUST SPEED/DIRECTION    41/210    DATE  09/15

SKY COVER
POSSIBLE SUNSHINE (PERCENT)   MM
AVERAGE SKY COVER           0.20
NUMBER OF DAYS FAIR           22
NUMBER OF DAYS PC              6
NUMBER OF DAYS CLOUDY          2

AVERAGE RH (PERCENT)     62

WEATHER CONDITIONS. NUMBER OF DAYS WITH
THUNDERSTORM              8     MIXED PRECIP               0
HEAVY RAIN                3     RAIN                       3
LIGHT RAIN                8     FREEZING RAIN              0
LT FREEZING RAIN          0     HAIL                       0
HEAVY SNOW                0     SNOW                       0
LIGHT SNOW                0     SLEET                      0
FOG                       8     FOG W/VIS <= 1/4 MILE      1
HAZE                      7

-  INDICATES NEGATIVE NUMBERS.
R  INDICATES RECORD WAS SET OR TIED.
MM INDICATES DATA IS MISSING.
T  INDICATES TRACE AMOUNT.

$$
