000
CXUS53 KGID 011421
CLMHSI


CLIMATE REPORT
NATIONAL WEATHER SERVICE HASTINGS NE
821 AM CST FRI DEC 1 2017

...................................

...THE HASTINGS NE CLIMATE SUMMARY FOR THE MONTH OF NOVEMBER 2017...

CLIMATE NORMAL PERIOD 1981 TO 2010
CLIMATE RECORD PERIOD 1894 TO 2017

WEATHER         OBSERVED          NORMAL  DEPART  LAST YEAR`S
                 VALUE   DATE(S)  VALUE   FROM    VALUE  DATE(S)
                                          NORMAL
................................................................
TEMPERATURE (F)
RECORD
 HIGH              86   11/05/1945
 LOW               -7   11/14/1940
HIGHEST            76   11/24        71       5       78  11/16
                                                          11/04
LOWEST             13   11/21        10       3       20  11/19
AVG. MAXIMUM     53.1              49.4     3.7     57.4
AVG. MINIMUM     28.6              28.1     0.5     34.2
MEAN             40.9              38.7     2.2     45.8
DAYS MAX >= 90      0               0.0     0.0        0
DAYS MAX <= 32      0               3.2    -3.2        0
DAYS MIN <= 32     22              20.5     1.5       14
DAYS MIN <= 0       0               0.0     0.0        0

PRECIPITATION (INCHES)
RECORD
 MAXIMUM         3.96   1996
 MINIMUM         0.00   1954
                        1949
                        1939
TOTALS           0.08              1.29   -1.21     1.46
DAILY AVG.       0.00              0.04   -0.04     0.05
DAYS >= .01         1                MM      MM        7
DAYS >= .10         0                MM      MM        4
DAYS >= .50         0                MM      MM        1
DAYS >= 1.00        0                MM      MM        0
GREATEST
 24 HR. TOTAL    0.08   11/18 TO 11/18

SNOWFALL (INCHES)
RECORDS
 TOTAL           15.5   1928
TOTALS            0.0               2.6    -2.6      0.1
SINCE 7/1         0.2               3.8    -3.6      0.1
SNOWDEPTH AVG.      0                MM      MM        0
DAYS >= 1.0         0                MM      MM        0
GREATEST
 SNOW DEPTH        MM                                  0  MM

DEGREE_DAYS
HEATING TOTAL     714               788     -74      570
 SINCE 7/1       1143              1281    -138      867
COOLING TOTAL       0                 0       0        0
 SINCE 1/1       1129              1077      52     1195
.................................................................

WIND (MPH)
AVERAGE WIND SPEED              9.4
HIGHEST WIND SPEED/DIRECTION    43/330    DATE  11/24
HIGHEST GUST SPEED/DIRECTION    56/310    DATE  11/24

SKY COVER
POSSIBLE SUNSHINE (PERCENT)   MM
AVERAGE SKY COVER           0.30
NUMBER OF DAYS FAIR           21
NUMBER OF DAYS PC              5
NUMBER OF DAYS CLOUDY          4

AVERAGE RH (PERCENT)     61

WEATHER CONDITIONS. NUMBER OF DAYS WITH
THUNDERSTORM              0     MIXED PRECIP               0
HEAVY RAIN                0     RAIN                       1
LIGHT RAIN                2     FREEZING RAIN              0
LT FREEZING RAIN          0     HAIL                       0
HEAVY SNOW                0     SNOW                       0
LIGHT SNOW                0     SLEET                      0
FOG                       8     FOG W/VIS <= 1/4 MILE      4
HAZE                      2

-  INDICATES NEGATIVE NUMBERS.
R  INDICATES RECORD WAS SET OR TIED.
MM INDICATES DATA IS MISSING.
T  INDICATES TRACE AMOUNT.

$$
