000
CXUS54 KHUN 021747
CLMHSV


CLIMATE REPORT
NATIONAL WEATHER SERVICE HUNTSVILLE AL
1247 PM CDT THU JUL 2 2015

...................................

...THE HUNTSVILLE CLIMATE SUMMARY FOR THE MONTH OF JUNE 2015...

CLIMATE NORMAL PERIOD 1981 TO 2010
CLIMATE RECORD PERIOD 1894 TO 2015

WEATHER         OBSERVED          NORMAL  DEPART  LAST YEAR`S
                 VALUE   DATE(S)  VALUE   FROM    VALUE
                                          NORMAL
.............................................................
TEMPERATURE (F)
RECORD
 HIGH             108   06/29/1931
 LOW               42   06/03/1956
HIGHEST            99   06/26        MM      MM       94
LOWEST             62   06/03        MM      MM       62
AVG. MAXIMUM     92.2              88.2     4.0     87.3
AVG. MINIMUM     70.4              67.1     3.3     69.1
MEAN             81.3              77.7     3.6     78.2
DAYS MAX >= 90     23              12.6    10.4       10
DAYS MAX <= 32      0               0.0     0.0        0
DAYS MIN <= 32      0               0.0     0.0        0
DAYS MIN <= 0       0               0.0     0.0        0

PRECIPITATION (INCHES)
RECORD
 MAXIMUM        14.99   1989
 MINIMUM         0.17   1988
TOTALS           2.38              4.29   -1.91     7.13
DAILY AVG.       0.08              0.14   -0.06     0.24
DAYS >= .01        10              10.1    -0.1       14
DAYS >= .10         4               6.5    -2.5       10
DAYS >= .50         2               2.9    -0.9        6
DAYS >= 1.00        0               1.1    -1.1        3
GREATEST
 24 HR. TOTAL    1.18   05/31 TO 06/01              1.38

SNOWFALL (INCHES)
RECORDS
 TOTAL              T   1999
                        1994
 24 HR TOTAL      0.0   MM
TOTALS            0.0               0.0     0.0      0.0
SINCE 7/1         9.8               2.4     7.4      5.2
DAYS >= TRACE       0               0.0     0.0        0
DAYS >= 1.0         0               0.0     0.0        0
GREATEST
 SNOW DEPTH         0   MM                             0
 24 HR TOTAL      0.0   06/30 TO 06/30

DEGREE_DAYS
HEATING TOTAL       0                 1      -1        0
 SINCE 7/1       3030              3002      28     3463
COOLING TOTAL     497               380     117      401
 SINCE 1/1        822               643     179      672

FREEZE DATES
RECORD
 EARLIEST     10/09/2000
 LATEST       05/02/1909
EARLIEST                        11/05
LATEST                          03/30
..............................................................

WIND (MPH)
AVERAGE WIND SPEED              5.6
HIGHEST WIND SPEED/DIRECTION    31/360    DATE  06/23
HIGHEST GUST SPEED/DIRECTION    40/360    DATE  06/23

AVERAGE RH (PERCENT)     65


-  INDICATES NEGATIVE NUMBERS.
R  INDICATES RECORD WAS SET OR TIED.
MM INDICATES DATA IS MISSING.
T  INDICATES TRACE AMOUNT.

$$
