000
CXUS53 KIND 012118
CLMHUF


CLIMATE REPORT
NATIONAL WEATHER SERVICE INDIANAPOLIS IN
418 PM EST MON JAN 1 2018

...................................

...THE TERRE HAUTE IN CLIMATE SUMMARY FOR THE MONTH OF DECEMBER 2017...

CLIMATE NORMAL PERIOD 1981 TO 2010
CLIMATE RECORD PERIOD 9999 TO 9999

WEATHER         OBSERVED          NORMAL  DEPART  LAST YEAR`S
                 VALUE   DATE(S)  VALUE   FROM    VALUE  DATE(S)
                                          NORMAL
................................................................
TEMPERATURE (F)
HIGHEST            64   12/04                         64  12/26
LOWEST             -3   12/27                          1  12/19
AVG. MAXIMUM     39.6              39.5     0.1     37.5
AVG. MINIMUM     22.1              23.8    -1.7     23.0
MEAN             30.9              31.6    -0.7     30.3
DAYS MAX >= 90      0               0.0     0.0        0
DAYS MAX <= 32      8               7.9     0.1        8
DAYS MIN <= 32     26              23.6     2.4       27
DAYS MIN <= 0       2               1.3     0.7        0

PRECIPITATION (INCHES)
TOTALS           0.97              3.05   -2.08     1.64
DAILY AVG.       0.03              0.10   -0.07     0.05
DAYS >= .01         6                MM      MM       10
DAYS >= .10         2                MM      MM        5
DAYS >= .50         1                MM      MM        1
DAYS >= 1.00        0                MM      MM        0
GREATEST
 24 HR. TOTAL    0.68   12/23 TO 12/23

DEGREE_DAYS
HEATING TOTAL    1049              1033      16     1070
 SINCE 7/1       1986              2111    -125     1796
COOLING TOTAL       0                 0       0        0
 SINCE 1/1       1129               993     136     1391
.................................................................

WIND (MPH)
AVERAGE WIND SPEED              8.1
HIGHEST WIND SPEED/DIRECTION    31/200    DATE  12/13
HIGHEST GUST SPEED/DIRECTION    43/280    DATE  12/13

SKY COVER
POSSIBLE SUNSHINE (PERCENT)   MM
AVERAGE SKY COVER           0.50
NUMBER OF DAYS FAIR           10
NUMBER OF DAYS PC             10
NUMBER OF DAYS CLOUDY         10

AVERAGE RH (PERCENT)     66

WEATHER CONDITIONS. NUMBER OF DAYS WITH
THUNDERSTORM              0     MIXED PRECIP               0
HEAVY RAIN                0     RAIN                       2
LIGHT RAIN                7     FREEZING RAIN              0
LT FREEZING RAIN          0     HAIL                       0
HEAVY SNOW                0     SNOW                       3
LIGHT SNOW               12     SLEET                      0
FOG                      12     FOG W/VIS <= 1/4 MILE      0
HAZE                      9

-  INDICATES NEGATIVE NUMBERS.
R  INDICATES RECORD WAS SET OR TIED.
MM INDICATES DATA IS MISSING.
T  INDICATES TRACE AMOUNT.

$$
