000
CXUS51 KCAR 112131
CLMHUL


CLIMATE REPORT
NATIONAL WEATHER SERVICE CARIBOU, ME
430 PM EST THU DEC 11 2014

...................................

...THE HOULTON ME CLIMATE SUMMARY FOR THE SEASON, FROM
9/1/2014 TO 11/30/2014...

CLIMATE NORMAL PERIOD 1981 TO 2010
CLIMATE RECORD PERIOD 1948 TO 2014

WEATHER         OBSERVED          NORMAL  DEPART  LAST YEAR`S
                 VALUE   DATE(S)  VALUE   FROM    VALUE  DATE(S)
                                          NORMAL
................................................................
TEMPERATURE (F)
RECORD
 HIGH              93   09/01/2010
                        09/07/1945
 LOW              -14   11/24/1989
HIGHEST            84   09/28        MM      MM       84  09/11
                        09/05
LOWEST             -3   11/29        MM      MM        4  11/30
AVG. MAXIMUM     54.8              53.9     0.9     54.7
AVG. MINIMUM     34.6              33.5     1.1     34.2
MEAN             44.7              43.7     1.0     44.4
DAYS MAX >= 90      0               0.2    -0.2        0
DAYS MAX <= 32      8               5.2     2.8        5
DAYS MIN <= 32     38              43.7    -5.7       41
DAYS MIN <= 0       1               0.4     0.6        0

PRECIPITATION (INCHES)
RECORD
 MAXIMUM        14.20   2012
 MINIMUM         8.39   2011
TOTALS           9.18                     -1.89
DAILY AVG.       0.10              0.12   -0.02     0.13
DAYS >= .01        31              35.2    -4.2       31
DAYS >= .10        16              21.3    -5.3       21
DAYS >= .50         7               7.8    -0.8        9
DAYS >= 1.00        2               2.3    -0.3        2
GREATEST
 24 HR. TOTAL    2.18   MM                       11/30 TO 11/30
                                                          11/30 TO 11/30
                                                          11/30 TO 11/30

SNOWFALL (INCHES)
RECORDS
 TOTAL             MM   MM
TOTALS             MM               8.1      MM       MM
SINCE 7/1          MM               8.1      MM      0.0
SNOWDEPTH AVG.     MM                MM      MM       MM
DAYS >= 1.0         0               2.1    -2.1        0
GREATEST
 SNOW DEPTH        MM                                 MM  MM
 24 HR TOTAL       MM                                 MM

DEGREE_DAYS
HEATING TOTAL    1812              1952    -140     1868
 SINCE 7/1       1897              2108    -211     2001
COOLING TOTAL      30                13      17       19
 SINCE 1/1        233               191      42      198
.................................................

WIND (MPH)
AVERAGE WIND SPEED              6.6
HIGHEST WIND SPEED/DIRECTION    32/360    DATE  11/03
HIGHEST GUST SPEED/DIRECTION    44/360    DATE  11/03

SKY COVER
POSSIBLE SUNSHINE (PERCENT)   MM
AVERAGE SKY COVER           0.50
NUMBER OF DAYS FAIR           30
NUMBER OF DAYS PC             28
NUMBER OF DAYS CLOUDY         33

AVERAGE RH (PERCENT)     75

WEATHER CONDITIONS. NUMBER OF DAYS WITH
THUNDERSTORM              0     MIXED PRECIP               0
HEAVY RAIN                9     RAIN                      13
LIGHT RAIN               33     FREEZING RAIN              0
LT FREEZING RAIN          2     HAIL                       0
HEAVY SNOW                1     SNOW                       4
LIGHT SNOW               14     SLEET                      0
FOG                      54     FOG W/VIS <= 1/4 MILE      7
HAZE                     10

-  INDICATES NEGATIVE NUMBERS.
R  INDICATES RECORD WAS SET OR TIED.
MM INDICATES DATA IS MISSING.
T  INDICATES TRACE AMOUNT.

$$
