000
CXUS53 KUNR 011602
CLMICR


CLIMATE REPORT
NATIONAL WEATHER SERVICE RAPID CITY SD
1001 AM MDT SAT APR 1 2017

...................................

...THE WINNER REGIONAL AIRPORT SD CLIMATE SUMMARY FOR THE MONTH OF MARCH 2017...

CLIMATE NORMAL PERIOD 1981 TO 2010
CLIMATE RECORD PERIOD 9999 TO 9999

WEATHER         OBSERVED          NORMAL  DEPART  LAST YEAR`S
                 VALUE   DATE(S)  VALUE   FROM    VALUE  DATE(S)
                                          NORMAL
................................................................
TEMPERATURE (F)
HIGHEST            81   03/19                         84  03/11
LOWEST              5   03/13                         11  03/01
AVG. MAXIMUM     53.7              48.1     5.6     57.5
AVG. MINIMUM     28.5              25.4     3.1     30.6
MEAN             41.1              36.7     4.4     44.1
DAYS MAX >= 90      0                                  0
DAYS MAX <= 32      4                                  1
DAYS MIN <= 32     22                                 17
DAYS MIN <= 0       0                                  0

PRECIPITATION (INCHES)
TOTALS           0.32              1.38   -1.06     0.77
DAILY AVG.       0.01              0.04   -0.03     0.02
DAYS >= .01         4                                  8
DAYS >= .10         1                                  3
DAYS >= .50         0                                  0
DAYS >= 1.00        0                                  0
GREATEST
 24 HR. TOTAL    0.23   03/28 TO 03/28              0.25

DEGREE_DAYS
HEATING TOTAL     734               876    -142      641
 SINCE 7/1       4886              5885    -999     4934
COOLING TOTAL       0                 0       0        1
 SINCE 1/1          0                 0       0        1
.................................................................

WIND (MPH)
AVERAGE WIND SPEED              12.2
HIGHEST WIND SPEED/DIRECTION    41/310    DATE  03/07
HIGHEST GUST SPEED/DIRECTION    51/300    DATE  03/07

AVERAGE RH (PERCENT)     62

WEATHER CONDITIONS. NUMBER OF DAYS WITH
THUNDERSTORM              0     MIXED PRECIP               0
HEAVY RAIN                0     RAIN                       0
LIGHT RAIN                5     FREEZING RAIN              0
LT FREEZING RAIN          1     HAIL                       0
HEAVY SNOW                0     SNOW                       0
LIGHT SNOW               10     SLEET                      0
FOG                      14     FOG W/VIS <= 1/4 MILE      4
HAZE                      5

-  INDICATES NEGATIVE NUMBERS.
R  INDICATES RECORD WAS SET OR TIED.
MM INDICATES DATA IS MISSING.
T  INDICATES TRACE AMOUNT.

$$
